{"id":1624,"date":"2021-08-23T09:35:37","date_gmt":"2021-08-23T07:35:37","guid":{"rendered":"https:\/\/www.parthages.be\/eboutique\/?post_type=product&#038;p=1624"},"modified":"2021-08-23T09:37:51","modified_gmt":"2021-08-23T07:37:51","slug":"faut-il-juger-et-punir-les-malades-mentaux-criminels","status":"publish","type":"product","link":"https:\/\/www.parthages.be\/eboutique\/produit\/faut-il-juger-et-punir-les-malades-mentaux-criminels\/","title":{"rendered":"Faut-il juger et punir les malades mentaux criminels?"},"content":{"rendered":"<p>Devant la rar\u00e9faction des non-lieux psychiatriques et l&rsquo;augmentation de la population psychiatrique en milieu carc\u00e9ral, le JFP publiait en 2001 un num\u00e9ro intitul\u00e9 \u00a0\u00bb Faut-il juger et punir les malades mentaux criminels ? \u00ab\u00a0. Depuis, la situation n&rsquo;a fait qu&#8217;empirer. Au d\u00e9labrement continu du dispositif de soins psychiatriques s&rsquo;est ajout\u00e9e l&rsquo;amplification du virage s\u00e9curitaire signant une rupture essentielle dans la tradition du droit qui, de mani\u00e8re intangible, pr\u00f4nait l&rsquo;irresponsabilit\u00e9 p\u00e9nale du fou. A la d\u00e9gradation constante de la doctrine psychiatrique se sont associ\u00e9s les fantasmes hygi\u00e9nistes ambiants. Cette \u00e9volution, qui fait du \u00a0\u00bb fou \u00a0\u00bb non plus un sujet \u00e0 soigner mais un \u00eatre asocial \u00e0 punir et dont il faut se pr\u00e9server des nuisances, correspond sans aucun doute \u00e0 une profonde mutation de nos m\u0153urs. Gonfl\u00e9e par quelques faits divers surexpos\u00e9s m\u00e9diatiquement, la dangerosit\u00e9 semble \u00eatre devenue le seul crit\u00e8re de \u00a0\u00bb soin \u00ab\u00a0. Malgr\u00e9 les statistiques qui montrent qu&rsquo;un mari jaloux est quarante fois plus dangereux qu&rsquo;un schizophr\u00e8ne et que celui-ci est plut\u00f4t la premi\u00e8re victime des violences sociales, tout malade mental se trouve de fait assimil\u00e9 \u00e0 un assassin en puissance. La r\u00e9\u00e9dition sous forme d&rsquo;ouvrage de ce num\u00e9ro du JFP, \u00e9puis\u00e9, s&rsquo;est impos\u00e9e : le d\u00e9bat n&rsquo;a malheureusement rien perdu de son actualit\u00e9 et reste un document de r\u00e9f\u00e9rence, chaque auteur ayant pris soin d&rsquo;enrichir son texte au regard des \u00e9v\u00e9nements r\u00e9cents. (Pr\u00e9sentation de l\u2019\u00e9diteur)<\/p>\n<p>THIERRY J.<\/p>\n<p>Editions Er\u00e8s<\/p>\n<p>2009-174p.<\/p>\n<p>ISBN\u00a0: 978 -2-7492-1094-0<\/p>\n<p>Cote doc\u00a0: 7-10-THI-F<\/p>\n<p><strong><em>Uniquement \u00e0 la location<\/em><\/strong><\/p>\n<span class=\"et_bloom_bottom_trigger\"><\/span>","protected":false},"excerpt":{"rendered":"<p>Devant la rar\u00e9faction des non-lieux psychiatriques et l&rsquo;augmentation de la population psychiatrique en milieu carc\u00e9ral, le JFP publiait en 2001 un num\u00e9ro intitul\u00e9 \u00a0\u00bb Faut-il juger et punir les malades mentaux criminels ? \u00ab\u00a0.<\/p>\n","protected":false},"featured_media":1626,"comment_status":"closed","ping_status":"closed","template":"","meta":{"_et_pb_use_builder":"","_et_pb_old_content":"","_et_gb_content_width":"","spay_email":""},"class_list":["post-1624","product","type-product","status-publish","has-post-thumbnail","hentry","product_cat-livres","product_tag-justice","product_tag-maladie","product_tag-milieu-carceral","product_tag-population","product_tag-psychopathie","product_tag-soins-psychiatriques"],"jetpack_sharing_enabled":true,"jetpack_likes_enabled":true,"_links":{"self":[{"href":"https:\/\/www.parthages.be\/eboutique\/wp-json\/wp\/v2\/product\/1624","targetHints":{"allow":["GET"]}}],"collection":[{"href":"https:\/\/www.parthages.be\/eboutique\/wp-json\/wp\/v2\/product"}],"about":[{"href":"https:\/\/www.parthages.be\/eboutique\/wp-json\/wp\/v2\/types\/product"}],"replies":[{"embeddable":true,"href":"https:\/\/www.parthages.be\/eboutique\/wp-json\/wp\/v2\/comments?post=1624"}],"wp:featuredmedia":[{"embeddable":true,"href":"https:\/\/www.parthages.be\/eboutique\/wp-json\/wp\/v2\/media\/1626"}],"wp:attachment":[{"href":"https:\/\/www.parthages.be\/eboutique\/wp-json\/wp\/v2\/media?parent=1624"}],"curies":[{"name":"wp","href":"https:\/\/api.w.org\/{rel}","templated":true}]}}