{"id":1630,"date":"2021-08-23T09:42:39","date_gmt":"2021-08-23T07:42:39","guid":{"rendered":"https:\/\/www.parthages.be\/eboutique\/?post_type=product&#038;p=1630"},"modified":"2021-08-23T09:42:40","modified_gmt":"2021-08-23T07:42:40","slug":"handicap-accueil-solidarite-et-accompagnement-en-famille","status":"publish","type":"product","link":"https:\/\/www.parthages.be\/eboutique\/produit\/handicap-accueil-solidarite-et-accompagnement-en-famille\/","title":{"rendered":"Handicap : accueil  solidarit\u00e9 et accompagnement en famille"},"content":{"rendered":"<p>La question du handicap interpelle les chercheurs. L&rsquo;ensemble des r\u00e9flexions qui en d\u00e9coulent, expose \u00ab\u00a0la r\u00e9alit\u00e9 des repr\u00e9sentations\u00a0\u00bb et plus particuli\u00e8rement celles relatives \u00e0 la \u00ab\u00a0normalit\u00e9\u00a0\u00bb des humains, \u00e0 l&rsquo;\u00e9preuve de la \u00ab\u00a0r\u00e9alit\u00e9 du r\u00e9el\u00a0\u00bb.<\/p>\n<p>Cette exp\u00e9rience de l&rsquo;humain d\u00e9sarm\u00e9, d\u00e9rout\u00e9, d\u00e9pass\u00e9 par la rencontre avec un r\u00e9el cruel, intransigeant, impersonnel qui est au centre de nos r\u00e9flexions. La personne handicap\u00e9e entra\u00eene la remise en question de nos logiques de fonctionnement dominantes, massivement \u00e9litaires et \u00e9conomisantes. Ce volume est consacr\u00e9 \u00e0 une remise en question proprement \u00e9thique. Il reprend les contributions \u00e0 un colloque organis\u00e9 par l&rsquo;Institut d&rsquo;\u00c9tude de la famille et de la Sexualit\u00e9 de l&rsquo;U.C.L. en mars 2000.<\/p>\n<p>Trois ateliers focalis\u00e9s sur les \u00e2ges de la vie de la personne handicap\u00e9e et les questions sp\u00e9cifiques que chacun pose \u00e0 la fois \u00e0 la famille et \u00e0 la soci\u00e9t\u00e9:<\/p>\n<p>1) de la grossesse \u00e0 la petite enfance: Annonce et accueil,<\/p>\n<p>2) de l&rsquo;enfance \u00e0 l&rsquo;\u00e2ge adulte: Formation,\u00a0 int\u00e9gration, prise en charge<\/p>\n<p>3) de l&rsquo;\u00e2ge adulte \u00e0 la fin de vie: Accompagnement.<\/p>\n<p>(Pr\u00e9sentation de l\u2019\u00e9diteur)<\/p>\n<p>SERVAIS P.- STEICHEN R.<\/p>\n<p>Academia Bruylant<\/p>\n<p>2002-428p.<\/p>\n<p>ISBN\u00a0: 2-87209-660-4<\/p>\n<p>Cote doc\u00a0: 7-10-SER-H<\/p>\n<p><strong><em>Uniquement \u00e0 la location<\/em><\/strong><\/p>\n<span class=\"et_bloom_bottom_trigger\"><\/span>","protected":false},"excerpt":{"rendered":"<p>La question du handicap interpelle les chercheurs. L&rsquo;ensemble des r\u00e9flexions qui en d\u00e9coulent, expose \u00ab\u00a0la r\u00e9alit\u00e9 des repr\u00e9sentations\u00a0\u00bb et plus particuli\u00e8rement celles relatives \u00e0 la \u00ab\u00a0normalit\u00e9\u00a0\u00bb des humains, \u00e0 l&rsquo;\u00e9preuve de la \u00ab\u00a0r\u00e9alit\u00e9 du r\u00e9el\u00a0\u00bb.<\/p>\n","protected":false},"featured_media":1631,"comment_status":"closed","ping_status":"closed","template":"","meta":{"_et_pb_use_builder":"","_et_pb_old_content":"","_et_gb_content_width":"","spay_email":""},"class_list":["post-1630","product","type-product","status-publish","has-post-thumbnail","hentry","product_cat-livres","product_tag-acceptation","product_tag-accompagnement","product_tag-accueil","product_tag-adolescent","product_tag-annonce-du-handicap","product_tag-attitude","product_tag-autisme","product_tag-culpabilite","product_tag-deficience-intellectuelle","product_tag-deficience-physique","product_tag-discrimination","product_tag-enfant","product_tag-ethique","product_tag-famille","product_tag-fratrie","product_tag-informatique","product_tag-integration","product_tag-intervention-therapeutique","product_tag-jeu","product_tag-parent","product_tag-personne-agee","product_tag-personne-handicapee","product_tag-regard","product_tag-sexualite","product_tag-technologie","product_tag-trisomie-21","product_tag-victime"],"jetpack_sharing_enabled":true,"jetpack_likes_enabled":true,"_links":{"self":[{"href":"https:\/\/www.parthages.be\/eboutique\/wp-json\/wp\/v2\/product\/1630","targetHints":{"allow":["GET"]}}],"collection":[{"href":"https:\/\/www.parthages.be\/eboutique\/wp-json\/wp\/v2\/product"}],"about":[{"href":"https:\/\/www.parthages.be\/eboutique\/wp-json\/wp\/v2\/types\/product"}],"replies":[{"embeddable":true,"href":"https:\/\/www.parthages.be\/eboutique\/wp-json\/wp\/v2\/comments?post=1630"}],"wp:featuredmedia":[{"embeddable":true,"href":"https:\/\/www.parthages.be\/eboutique\/wp-json\/wp\/v2\/media\/1631"}],"wp:attachment":[{"href":"https:\/\/www.parthages.be\/eboutique\/wp-json\/wp\/v2\/media?parent=1630"}],"curies":[{"name":"wp","href":"https:\/\/api.w.org\/{rel}","templated":true}]}}

Handicap : accueil  solidarité et accompagnement en famille

<p>La question du handicap interpelle les chercheurs. L&rsquo;ensemble des réflexions qui en découlent, expose « la réalité des représentations » et plus particulièrement celles relatives à la « normalité » des humains, à l&rsquo;épreuve de la « réalité du réel ».</p>
<p>Cette expérience de l&rsquo;humain désarmé, dérouté, dépassé par la rencontre avec un réel cruel, intransigeant, impersonnel qui est au centre de nos réflexions. La personne handicapée entraîne la remise en question de nos logiques de fonctionnement dominantes, massivement élitaires et économisantes. Ce volume est consacré à une remise en question proprement éthique. Il reprend les contributions à un colloque organisé par l&rsquo;Institut d&rsquo;Étude de la famille et de la Sexualité de l&rsquo;U.C.L. en mars 2000.</p>
<p>Trois ateliers focalisés sur les âges de la vie de la personne handicapée et les questions spécifiques que chacun pose à la fois à la famille et à la société:</p>
<p>1) de la grossesse à la petite enfance: Annonce et accueil,</p>
<p>2) de l&rsquo;enfance à l&rsquo;âge adulte: Formation,  intégration, prise en charge</p>
<p>3) de l&rsquo;âge adulte à la fin de vie: Accompagnement.</p>
<p>(Présentation de l’éditeur)</p>
<p>SERVAIS P.- STEICHEN R.</p>
<p>Academia Bruylant</p>
<p>2002-428p.</p>
<p>ISBN : 2-87209-660-4</p>
<p>Cote doc : 7-10-SER-H</p>
<p><strong><em>Uniquement à la location</em></strong></p>
<span class="et_bloom_bottom_trigger"></span>

<p>La question du handicap interpelle les chercheurs. L&rsquo;ensemble des réflexions qui en découlent, expose « la réalité des représentations » et plus particulièrement celles relatives à la « normalité » des humains, à l&rsquo;épreuve de la « réalité du réel ».</p>
