{"id":1641,"date":"2021-08-23T09:48:49","date_gmt":"2021-08-23T07:48:49","guid":{"rendered":"https:\/\/www.parthages.be\/eboutique\/?post_type=product&#038;p=1641"},"modified":"2021-08-23T09:48:50","modified_gmt":"2021-08-23T07:48:50","slug":"les-personnes-handicapees-des-citoyens-une-lecon-dhumanite","status":"publish","type":"product","link":"https:\/\/www.parthages.be\/eboutique\/produit\/les-personnes-handicapees-des-citoyens-une-lecon-dhumanite\/","title":{"rendered":"Les personnes handicap\u00e9es des citoyens! Une le\u00e7on d&rsquo;humanit\u00e9"},"content":{"rendered":"<p>Sous le nom d&rsquo;handicaps, l&rsquo;O.M.S. rassemble les d\u00e9ficiences; les incapacit\u00e9s et les d\u00e9savantages. Pour autant, il est difficile, d\u00e8s que l&rsquo;on parle des personnes handicap\u00e9es, d&rsquo;en d\u00e9terminer le nombre<\/p>\n<p>Et d&rsquo;en construire une imag\u00e9 univoque. Qui plus est, le d\u00e9fi principal que ces derni\u00e8res posent \u00e0 la soci\u00e9t\u00e9, concerne l&rsquo;image m\u00eame de l&rsquo;homme, son humanisation, sa r\u00e9alisation et les repr\u00e9sentations que chacun peut en avoir.<\/p>\n<p>C&rsquo;est ce d\u00e9fi qu&rsquo;a tent\u00e9 de relever un groupe de recherche pluridisciplinaire, adoss\u00e9 \u00e0 la Facult\u00e9 de Th\u00e9ologie de l&rsquo;Universit\u00e9 Catholique de l&rsquo;Ouest, compos\u00e9 de professionnels, de militants, d&rsquo;aum\u00f4niers et d&rsquo;universitaires de diff\u00e9rentes disciplines (psychologie, psychiatrie, sociologie, philosophie, th\u00e9ologie). Ils ont, au nom de leur propre responsabilit\u00e9, os\u00e9 une parole engag\u00e9e sur le handicap, dans la mesure o\u00f9 ils pensent qu&rsquo;il est ph\u00e9nom\u00e8ne public et donc politique. Les personnes handicap\u00e9es sont des citoyens \u00e0 part -enti\u00e8re et nous donnent, dans notre rencontre avec elles, une le\u00e7on d&rsquo;humanit\u00e9. (Pr\u00e9sentation de l\u2019\u00e9diteur)<\/p>\n<p>RENIER L-M.- ROSSIGNOL J.<\/p>\n<p>Editions L&rsquo;Harmattan<\/p>\n<p>2004-173 p.-15.50\u20ac<\/p>\n<p>135gr<\/p>\n<p>ISBN\u00a0: 2-74475-6807-5<\/p>\n<p>Cote doc\u00a0: 7-10-REN-P<\/p>\n<span class=\"et_bloom_bottom_trigger\"><\/span>","protected":false},"excerpt":{"rendered":"<p>Sous le nom d&rsquo;handicaps, l&rsquo;O.M.S. rassemble les d\u00e9ficiences; les incapacit\u00e9s et les d\u00e9savantages. Pour autant, il est difficile, d\u00e8s que l&rsquo;on parle des personnes handicap\u00e9es, d&rsquo;en d\u00e9terminer le nombre<\/p>\n","protected":false},"featured_media":1642,"comment_status":"closed","ping_status":"closed","template":"","meta":{"_et_pb_use_builder":"","_et_pb_old_content":"","_et_gb_content_width":"","spay_email":""},"class_list":["post-1641","product","type-product","status-publish","has-post-thumbnail","hentry","product_cat-livres","product_tag-citoyennete","product_tag-classification","product_tag-declaration-de-madrid","product_tag-deficience","product_tag-handicap","product_tag-incapacite","product_tag-oms","product_tag-personne-handicapee","product_tag-representation","product_tag-representation-sociale","product_tag-temoignage"],"jetpack_sharing_enabled":true,"jetpack_likes_enabled":true,"_links":{"self":[{"href":"https:\/\/www.parthages.be\/eboutique\/wp-json\/wp\/v2\/product\/1641","targetHints":{"allow":["GET"]}}],"collection":[{"href":"https:\/\/www.parthages.be\/eboutique\/wp-json\/wp\/v2\/product"}],"about":[{"href":"https:\/\/www.parthages.be\/eboutique\/wp-json\/wp\/v2\/types\/product"}],"replies":[{"embeddable":true,"href":"https:\/\/www.parthages.be\/eboutique\/wp-json\/wp\/v2\/comments?post=1641"}],"wp:featuredmedia":[{"embeddable":true,"href":"https:\/\/www.parthages.be\/eboutique\/wp-json\/wp\/v2\/media\/1642"}],"wp:attachment":[{"href":"https:\/\/www.parthages.be\/eboutique\/wp-json\/wp\/v2\/media?parent=1641"}],"curies":[{"name":"wp","href":"https:\/\/api.w.org\/{rel}","templated":true}]}}