{"id":1644,"date":"2021-08-23T09:51:22","date_gmt":"2021-08-23T07:51:22","guid":{"rendered":"https:\/\/www.parthages.be\/eboutique\/?post_type=product&#038;p=1644"},"modified":"2021-08-23T09:52:49","modified_gmt":"2021-08-23T07:52:49","slug":"souviens-toi-de-lhomme-lethique-la-vie-la-mort","status":"publish","type":"product","link":"https:\/\/www.parthages.be\/eboutique\/produit\/souviens-toi-de-lhomme-lethique-la-vie-la-mort\/","title":{"rendered":"Souviens-toi de l&rsquo;homme : l&rsquo;\u00e9thique la vie la mort"},"content":{"rendered":"<p>Les progr\u00e8s de la m\u00e9decine et de la biologie modifient notre vie quotidienne et font na\u00eetre des exigences nouvelles qui conduisent \u00e0 se r\u00e9f\u00e9rer \u00e0 des r\u00e8gles d&rsquo;\u00e9thique ax\u00e9es sur le respect de notre personne. Cette \u00e9thique biom\u00e9dicale porte sur la maladie, la naissance et la mort. Alain Pompidou, m\u00e9decin et biologiste a \u00e9t\u00e9 responsable de la lutte contre le sida aupr\u00e8s du ministre de la sant\u00e9 de 1987 \u00e0 1988. (Pr\u00e9sentation de l\u2019\u00e9diteur)<\/p>\n<p>POMPIDOU A.<\/p>\n<p>Payot<\/p>\n<p>1990-250p.<\/p>\n<p>ISBN\u00a0: 2-228-88324-7<\/p>\n<p>Cote doc\u00a0: 7-10-POM-S<\/p>\n<p><strong><em>Uniquement \u00e0 la location<\/em><\/strong><\/p>\n<span class=\"et_bloom_bottom_trigger\"><\/span>","protected":false},"excerpt":{"rendered":"<p>Les progr\u00e8s de la m\u00e9decine et de la biologie modifient notre vie quotidienne et font na\u00eetre des exigences nouvelles qui conduisent \u00e0 se r\u00e9f\u00e9rer \u00e0 des r\u00e8gles d&rsquo;\u00e9thique ax\u00e9es sur le respect de notre personne.<\/p>\n","protected":false},"featured_media":1647,"comment_status":"closed","ping_status":"closed","template":"","meta":{"_et_pb_use_builder":"","_et_pb_old_content":"","_et_gb_content_width":"","spay_email":""},"class_list":["post-1644","product","type-product","status-publish","has-post-thumbnail","hentry","product_cat-livres","product_tag-biologie","product_tag-diagnostic-prenatal","product_tag-ethique-medicale","product_tag-france","product_tag-genetique","product_tag-medicament","product_tag-mort","product_tag-procreation-assistee","product_tag-sida"],"jetpack_sharing_enabled":true,"jetpack_likes_enabled":true,"_links":{"self":[{"href":"https:\/\/www.parthages.be\/eboutique\/wp-json\/wp\/v2\/product\/1644","targetHints":{"allow":["GET"]}}],"collection":[{"href":"https:\/\/www.parthages.be\/eboutique\/wp-json\/wp\/v2\/product"}],"about":[{"href":"https:\/\/www.parthages.be\/eboutique\/wp-json\/wp\/v2\/types\/product"}],"replies":[{"embeddable":true,"href":"https:\/\/www.parthages.be\/eboutique\/wp-json\/wp\/v2\/comments?post=1644"}],"wp:featuredmedia":[{"embeddable":true,"href":"https:\/\/www.parthages.be\/eboutique\/wp-json\/wp\/v2\/media\/1647"}],"wp:attachment":[{"href":"https:\/\/www.parthages.be\/eboutique\/wp-json\/wp\/v2\/media?parent=1644"}],"curies":[{"name":"wp","href":"https:\/\/api.w.org\/{rel}","templated":true}]}}