{"id":1651,"date":"2021-08-23T10:05:19","date_gmt":"2021-08-23T08:05:19","guid":{"rendered":"https:\/\/www.parthages.be\/eboutique\/?post_type=product&#038;p=1651"},"modified":"2021-08-23T10:05:20","modified_gmt":"2021-08-23T08:05:20","slug":"voulez-vous-de-nous-quelle-place-dans-la-societe-pour-les-personnes-en-situation-de-handicap-mental","status":"publish","type":"product","link":"https:\/\/www.parthages.be\/eboutique\/produit\/voulez-vous-de-nous-quelle-place-dans-la-societe-pour-les-personnes-en-situation-de-handicap-mental\/","title":{"rendered":"Voulez-vous de nous ? Quelle place dans la soci\u00e9t\u00e9 pour les personnes en situation de handicap mental ?"},"content":{"rendered":"<p>Dans sa pr\u00e9face, Henri-Jacques Stiker, universitaire sp\u00e9cialiste des questions de handicap et engag\u00e9 dans de nombreux projets d&rsquo;int\u00e9gration, r\u00e9sume ainsi le livre de Julien Perfumo : \u00abIl n&rsquo;est pas le premier ni le seul \u00e0 poser la question qui lui sert de titre (Voulez-vous de nous ?) et \u00e0 essayer de convaincre qu&rsquo;il est possible, souhaitable, b\u00e9n\u00e9fique, pour tous de vivre avec les personnes dites handicap\u00e9es mentales, comme nous vivons avec la multitude de ceux qui nous entourent. Cette proclamation a souvent \u00e9t\u00e9 lanc\u00e9e par les personnes concern\u00e9es elles-m\u00eames, par les parents, voire par les chercheurs. Plus rarement par un professionnel.<\/p>\n<p>Julien Perfumo met cartes sur table en racontant son itin\u00e9raire et son travail dans des institutions sp\u00e9cialis\u00e9es. Le professionnel n&rsquo;a jamais baiss\u00e9 les bras, il est rest\u00e9 convaincu que les structures sp\u00e9cialis\u00e9es sont toujours \u00e0 d\u00e9passer, que les personnes sont premi\u00e8res et qu&rsquo;elles donnent autant qu&rsquo;elles re\u00e7oivent, qu&rsquo;il faut continuer \u00e0 d\u00e9noncer les faux-fuyants, les \u00e9troitesses institutionnelles ou politiques. O\u00f9 l&rsquo;auteur a-t-il puis\u00e9 cette fa\u00e7on d&rsquo;\u00eatre et de parler ? Peut-\u00eatre dans cette conviction : \u00abPlus je prends conscience de mon \u00eatre de faiblesse et l&rsquo;accepte, plus je suis en mesure d&rsquo;accepter mon semblable en difficult\u00e9 ; l&rsquo;inverse est tout aussi vrai\u00bb (Pr\u00e9sentation de l\u2019\u00e9diteur)<\/p>\n<p>PERFUMO J.<\/p>\n<p>Nouvelle Cit\u00e9<\/p>\n<p>2006-315p.<\/p>\n<p>ISBN\u00a0: 2-85313-508-X<\/p>\n<p>Cote doc\u00a0: 7-10-PER-V<\/p>\n<p><strong><em>Uniquement \u00e0 la location<\/em><\/strong><\/p>\n<span class=\"et_bloom_bottom_trigger\"><\/span>","protected":false},"excerpt":{"rendered":"<p>Dans sa pr\u00e9face, Henri-Jacques Stiker, universitaire sp\u00e9cialiste des questions de handicap et engag\u00e9 dans de nombreux projets d&rsquo;int\u00e9gration, r\u00e9sume ainsi le livre de Julien Perfumo<\/p>\n","protected":false},"featured_media":1652,"comment_status":"closed","ping_status":"closed","template":"","meta":{"_et_pb_use_builder":"","_et_pb_old_content":"","_et_gb_content_width":"","spay_email":""},"class_list":["post-1651","product","type-product","status-publish","has-post-thumbnail","hentry","product_cat-livres","product_tag-accompagnement","product_tag-deficience-intellectuelle","product_tag-egalite-des-chances","product_tag-emploi","product_tag-famille","product_tag-integration-professionnelle","product_tag-integration-sociale","product_tag-temoignage","product_tag-vie-affective"],"jetpack_sharing_enabled":true,"jetpack_likes_enabled":true,"_links":{"self":[{"href":"https:\/\/www.parthages.be\/eboutique\/wp-json\/wp\/v2\/product\/1651","targetHints":{"allow":["GET"]}}],"collection":[{"href":"https:\/\/www.parthages.be\/eboutique\/wp-json\/wp\/v2\/product"}],"about":[{"href":"https:\/\/www.parthages.be\/eboutique\/wp-json\/wp\/v2\/types\/product"}],"replies":[{"embeddable":true,"href":"https:\/\/www.parthages.be\/eboutique\/wp-json\/wp\/v2\/comments?post=1651"}],"wp:featuredmedia":[{"embeddable":true,"href":"https:\/\/www.parthages.be\/eboutique\/wp-json\/wp\/v2\/media\/1652"}],"wp:attachment":[{"href":"https:\/\/www.parthages.be\/eboutique\/wp-json\/wp\/v2\/media?parent=1651"}],"curies":[{"name":"wp","href":"https:\/\/api.w.org\/{rel}","templated":true}]}}

Voulez-vous de nous ? Quelle place dans la société pour les personnes en situation de handicap mental ?

<p>Dans sa préface, Henri-Jacques Stiker, universitaire spécialiste des questions de handicap et engagé dans de nombreux projets d&rsquo;intégration, résume ainsi le livre de Julien Perfumo : «Il n&rsquo;est pas le premier ni le seul à poser la question qui lui sert de titre (Voulez-vous de nous ?) et à essayer de convaincre qu&rsquo;il est possible, souhaitable, bénéfique, pour tous de vivre avec les personnes dites handicapées mentales, comme nous vivons avec la multitude de ceux qui nous entourent. Cette proclamation a souvent été lancée par les personnes concernées elles-mêmes, par les parents, voire par les chercheurs. Plus rarement par un professionnel.</p>
<p>Julien Perfumo met cartes sur table en racontant son itinéraire et son travail dans des institutions spécialisées. Le professionnel n&rsquo;a jamais baissé les bras, il est resté convaincu que les structures spécialisées sont toujours à dépasser, que les personnes sont premières et qu&rsquo;elles donnent autant qu&rsquo;elles reçoivent, qu&rsquo;il faut continuer à dénoncer les faux-fuyants, les étroitesses institutionnelles ou politiques. Où l&rsquo;auteur a-t-il puisé cette façon d&rsquo;être et de parler ? Peut-être dans cette conviction : «Plus je prends conscience de mon être de faiblesse et l&rsquo;accepte, plus je suis en mesure d&rsquo;accepter mon semblable en difficulté ; l&rsquo;inverse est tout aussi vrai» (Présentation de l’éditeur)</p>
<p>PERFUMO J.</p>
<p>Nouvelle Cité</p>
<p>2006-315p.</p>
<p>ISBN : 2-85313-508-X</p>
<p>Cote doc : 7-10-PER-V</p>
<p><strong><em>Uniquement à la location</em></strong></p>
<span class="et_bloom_bottom_trigger"></span>

<p>Dans sa préface, Henri-Jacques Stiker, universitaire spécialiste des questions de handicap et engagé dans de nombreux projets d&rsquo;intégration, résume ainsi le livre de Julien Perfumo</p>
