{"id":1653,"date":"2021-08-23T10:11:04","date_gmt":"2021-08-23T08:11:04","guid":{"rendered":"https:\/\/www.parthages.be\/eboutique\/?post_type=product&#038;p=1653"},"modified":"2021-08-23T10:11:04","modified_gmt":"2021-08-23T08:11:04","slug":"lart-dinventer-lexistence-dans-les-pratiques-medico-sociales","status":"publish","type":"product","link":"https:\/\/www.parthages.be\/eboutique\/produit\/lart-dinventer-lexistence-dans-les-pratiques-medico-sociales\/","title":{"rendered":"L&rsquo;art d&rsquo;inventer l&rsquo;existence dans les pratiques m\u00e9dico-sociales"},"content":{"rendered":"<p>L\u00e0 o\u00f9 les sciences trouvent leurs limites, l&rsquo;art nous offre une orientation, une aventure. Le voyage au c\u0153ur des pratiques m\u00e9dico-sociales propos\u00e9 ici montre que l&rsquo;existence humaine rel\u00e8ve d&rsquo;abord d&rsquo;un art de l&rsquo;invention marquant le quotidien de mille mani\u00e8res. D&rsquo;un art ouvert \u00e0 tous : aux professionnels du m\u00e9dico-social certes, mais peut-\u00eatre d&rsquo;abord aux personnes en situation de handicap ou en difficult\u00e9s, \u00e0 leurs parents et \u00e0 leur fratrie&#8230; D&rsquo;un art qui s&rsquo;exerce souvent sans se savoir et qui pourtant a ses conditions et ses raisons.<br \/>\nUne vingtaine d&rsquo;auteurs issus de multiples horizons se sont ainsi risqu\u00e9s \u00e0 \u00e9crire ce que l&rsquo;art d&rsquo;inventer l&rsquo;existence avec les personnes en situation de handicap veut dire pour eux, en mots, en images et en actes. Poursuivant la voie ouverte d&rsquo;une anthropologie du tr\u00e8s proche, ils explorent les dessous voil\u00e9s et les architectures discr\u00e8tes des pratiques m\u00e9dico-sociales.<\/p>\n<p>Apr\u00e8s des \u00e9tudes en sciences politiques et en ethnologie compl\u00e9t\u00e9es par la d\u00e9couverte de la psychanalyse, une formation d&rsquo;\u00e9ducateur sp\u00e9cialis\u00e9 a amen\u00e9\u00a0<strong>St\u00e9phane Pawloff<\/strong>\u00a0\u00e0 situer son action et sa r\u00e9flexion au c\u0153ur des pratiques m\u00e9dico-sociales. Il est maintenant formateur (RP-ARFRIPS Lyon) et analyste de la pratique dans le champ m\u00e9dico-social et de l&rsquo;\u00e9ducation sp\u00e9cialis\u00e9e. (Pr\u00e9sentation de l\u2019\u00e9diteur)<\/p>\n<p><strong>Mots de l\u2019\u00e9diteur\u00a0: <\/strong><u>Cet ouvrage n&rsquo;est plus disponible au format papier<\/u><\/p>\n<p>PAWLOFF S.<\/p>\n<p>Editions Er\u00e8s<\/p>\n<p>2010-264 p.<\/p>\n<p>ISBN\u00a0: 978-2-7492-1176-3<\/p>\n<p>Cote doc\u00a0: 7-10-PAW-A<\/p>\n<p><strong><em>Uniquement \u00e0 la location<\/em><\/strong><\/p>\n<span class=\"et_bloom_bottom_trigger\"><\/span>","protected":false},"excerpt":{"rendered":"<p>L\u00e0 o\u00f9 les sciences trouvent leurs limites, l&rsquo;art nous offre une orientation, une aventure. Le voyage au c\u0153ur des pratiques m\u00e9dico-sociales propos\u00e9 ici montre que l&rsquo;existence humaine rel\u00e8ve d&rsquo;abord d&rsquo;un art de l&rsquo;invention marquant le quotidien de mille mani\u00e8res.<\/p>\n","protected":false},"featured_media":1654,"comment_status":"closed","ping_status":"closed","template":"","meta":{"_et_pb_use_builder":"","_et_pb_old_content":"","_et_gb_content_width":"","spay_email":""},"class_list":["post-1653","product","type-product","status-publish","has-post-thumbnail","hentry","product_cat-livres","product_tag-art-therapie","product_tag-educateur","product_tag-personne-handicapee","product_tag-psychanalyse","product_tag-relation-usager-intervenant","product_tag-travail-social"],"jetpack_sharing_enabled":true,"jetpack_likes_enabled":true,"_links":{"self":[{"href":"https:\/\/www.parthages.be\/eboutique\/wp-json\/wp\/v2\/product\/1653","targetHints":{"allow":["GET"]}}],"collection":[{"href":"https:\/\/www.parthages.be\/eboutique\/wp-json\/wp\/v2\/product"}],"about":[{"href":"https:\/\/www.parthages.be\/eboutique\/wp-json\/wp\/v2\/types\/product"}],"replies":[{"embeddable":true,"href":"https:\/\/www.parthages.be\/eboutique\/wp-json\/wp\/v2\/comments?post=1653"}],"wp:featuredmedia":[{"embeddable":true,"href":"https:\/\/www.parthages.be\/eboutique\/wp-json\/wp\/v2\/media\/1654"}],"wp:attachment":[{"href":"https:\/\/www.parthages.be\/eboutique\/wp-json\/wp\/v2\/media?parent=1653"}],"curies":[{"name":"wp","href":"https:\/\/api.w.org\/{rel}","templated":true}]}}

L&rsquo;art d&rsquo;inventer l&rsquo;existence dans les pratiques médico-sociales

<p>Là où les sciences trouvent leurs limites, l&rsquo;art nous offre une orientation, une aventure. Le voyage au cœur des pratiques médico-sociales proposé ici montre que l&rsquo;existence humaine relève d&rsquo;abord d&rsquo;un art de l&rsquo;invention marquant le quotidien de mille manières. D&rsquo;un art ouvert à tous : aux professionnels du médico-social certes, mais peut-être d&rsquo;abord aux personnes en situation de handicap ou en difficultés, à leurs parents et à leur fratrie&#8230; D&rsquo;un art qui s&rsquo;exerce souvent sans se savoir et qui pourtant a ses conditions et ses raisons.<br />
Une vingtaine d&rsquo;auteurs issus de multiples horizons se sont ainsi risqués à écrire ce que l&rsquo;art d&rsquo;inventer l&rsquo;existence avec les personnes en situation de handicap veut dire pour eux, en mots, en images et en actes. Poursuivant la voie ouverte d&rsquo;une anthropologie du très proche, ils explorent les dessous voilés et les architectures discrètes des pratiques médico-sociales.</p>
<p>Après des études en sciences politiques et en ethnologie complétées par la découverte de la psychanalyse, une formation d&rsquo;éducateur spécialisé a amené <strong>Stéphane Pawloff</strong> à situer son action et sa réflexion au cœur des pratiques médico-sociales. Il est maintenant formateur (RP-ARFRIPS Lyon) et analyste de la pratique dans le champ médico-social et de l&rsquo;éducation spécialisée. (Présentation de l’éditeur)</p>
<p><strong>Mots de l’éditeur : </strong><u>Cet ouvrage n&rsquo;est plus disponible au format papier</u></p>
<p>PAWLOFF S.</p>
<p>Editions Erès</p>
<p>2010-264 p.</p>
<p>ISBN : 978-2-7492-1176-3</p>
<p>Cote doc : 7-10-PAW-A</p>
<p><strong><em>Uniquement à la location</em></strong></p>
<span class="et_bloom_bottom_trigger"></span>

<p>Là où les sciences trouvent leurs limites, l&rsquo;art nous offre une orientation, une aventure. Le voyage au cœur des pratiques médico-sociales proposé ici montre que l&rsquo;existence humaine relève d&rsquo;abord d&rsquo;un art de l&rsquo;invention marquant le quotidien de mille manières.</p>
