{"id":1667,"date":"2021-09-01T12:33:35","date_gmt":"2021-09-01T10:33:35","guid":{"rendered":"https:\/\/www.parthages.be\/eboutique\/?post_type=product&#038;p=1667"},"modified":"2021-09-01T12:33:36","modified_gmt":"2021-09-01T10:33:36","slug":"ethique-et-handicap-mental","status":"publish","type":"product","link":"https:\/\/www.parthages.be\/eboutique\/produit\/ethique-et-handicap-mental\/","title":{"rendered":"Ethique et handicap mental"},"content":{"rendered":"<p>L&rsquo;ouvrage a pour objectif d&rsquo;aborder des questions \u00e9thiques relatives aux pratiques institutionnelles, sociales et politiques, avec des personnes d\u00e9ficientes mentales.<\/p>\n<p>Il est le r\u00e9sultat d&rsquo;un travail de plusieurs ann\u00e9es, entrepris par le D\u00e9partement de Psychologie de la Facult\u00e9 de m\u00e9decine et le Centre d&rsquo;information de Droit et Ethique de la sant\u00e9, des facult\u00e9s universitaires Notre-Dame de la Paix, \u00e0 Namur.<\/p>\n<p>Les responsables du projet ont eu le souci de mener un travail pluridisciplinaire et d&rsquo;aborder des exp\u00e9riences et des politiques d&rsquo;action diversifi\u00e9es. Les comparaisons internationales furent un \u00e9l\u00e9ment central de la dynamique de la d\u00e9marche.<\/p>\n<p>La premi\u00e8re partie est consacr\u00e9e aux changements culturels et les politiques d&rsquo;int\u00e9gration des personnes handicap\u00e9es mentales, la seconde \u00e0 la personne handicap\u00e9e mentale en relation avec les autres et la troisi\u00e8me \u00e0 la personne handicap\u00e9e mentale dans le cadre de l&rsquo;insertion juridique et institutionnelle \u00e0 la recherche de nouvelles pratiques.(Pr\u00e9sentation de l\u2019\u00e9diteur)<\/p>\n<p>DUCHENE J.- MERCIER M.- DELVILLE J.- DELFOSSE M.L.- MATTYS M.- WITDOUCK O.<\/p>\n<p>Presses universitaires de Namur<\/p>\n<p>1997-261p.<\/p>\n<p>ISBN\u00a0: 2-87037-231-0<\/p>\n<p>Cote doc\u00a0: 7-10-MER-E<\/p>\n<p><strong><em>Uniquement \u00e0 la location<\/em><\/strong><\/p>\n<span class=\"et_bloom_bottom_trigger\"><\/span>","protected":false},"excerpt":{"rendered":"<p>L&rsquo;ouvrage a pour objectif d&rsquo;aborder des questions \u00e9thiques relatives aux pratiques institutionnelles, sociales et politiques, avec des personnes d\u00e9ficientes mentales.<\/p>\n","protected":false},"featured_media":1668,"comment_status":"closed","ping_status":"closed","template":"","meta":{"_et_pb_use_builder":"","_et_pb_old_content":"","_et_gb_content_width":"","spay_email":""},"class_list":["post-1667","product","type-product","status-publish","has-post-thumbnail","hentry","product_cat-livres","product_tag-autonomie","product_tag-belgique","product_tag-deficience-intellectuelle","product_tag-droit-a-la-difference","product_tag-ethique","product_tag-handicap","product_tag-integration-sociale","product_tag-personne-handicapee","product_tag-psychologie","product_tag-recherche"],"jetpack_sharing_enabled":true,"jetpack_likes_enabled":true,"_links":{"self":[{"href":"https:\/\/www.parthages.be\/eboutique\/wp-json\/wp\/v2\/product\/1667","targetHints":{"allow":["GET"]}}],"collection":[{"href":"https:\/\/www.parthages.be\/eboutique\/wp-json\/wp\/v2\/product"}],"about":[{"href":"https:\/\/www.parthages.be\/eboutique\/wp-json\/wp\/v2\/types\/product"}],"replies":[{"embeddable":true,"href":"https:\/\/www.parthages.be\/eboutique\/wp-json\/wp\/v2\/comments?post=1667"}],"wp:featuredmedia":[{"embeddable":true,"href":"https:\/\/www.parthages.be\/eboutique\/wp-json\/wp\/v2\/media\/1668"}],"wp:attachment":[{"href":"https:\/\/www.parthages.be\/eboutique\/wp-json\/wp\/v2\/media?parent=1667"}],"curies":[{"name":"wp","href":"https:\/\/api.w.org\/{rel}","templated":true}]}}

<p>L&rsquo;ouvrage a pour objectif d&rsquo;aborder des questions éthiques relatives aux pratiques institutionnelles, sociales et politiques, avec des personnes déficientes mentales.</p>
<p>Il est le résultat d&rsquo;un travail de plusieurs années, entrepris par le Département de Psychologie de la Faculté de médecine et le Centre d&rsquo;information de Droit et Ethique de la santé, des facultés universitaires Notre-Dame de la Paix, à Namur.</p>
<p>Les responsables du projet ont eu le souci de mener un travail pluridisciplinaire et d&rsquo;aborder des expériences et des politiques d&rsquo;action diversifiées. Les comparaisons internationales furent un élément central de la dynamique de la démarche.</p>
<p>La première partie est consacrée aux changements culturels et les politiques d&rsquo;intégration des personnes handicapées mentales, la seconde à la personne handicapée mentale en relation avec les autres et la troisième à la personne handicapée mentale dans le cadre de l&rsquo;insertion juridique et institutionnelle à la recherche de nouvelles pratiques.(Présentation de l’éditeur)</p>
<p>DUCHENE J.- MERCIER M.- DELVILLE J.- DELFOSSE M.L.- MATTYS M.- WITDOUCK O.</p>
<p>Presses universitaires de Namur</p>
<p>1997-261p.</p>
<p>ISBN : 2-87037-231-0</p>
<p>Cote doc : 7-10-MER-E</p>
<p><strong><em>Uniquement à la location</em></strong></p>
<span class="et_bloom_bottom_trigger"></span>

<p>L&rsquo;ouvrage a pour objectif d&rsquo;aborder des questions éthiques relatives aux pratiques institutionnelles, sociales et politiques, avec des personnes déficientes mentales.</p>
