{"id":1670,"date":"2021-09-03T09:34:41","date_gmt":"2021-09-03T07:34:41","guid":{"rendered":"https:\/\/www.parthages.be\/eboutique\/?post_type=product&#038;p=1670"},"modified":"2021-09-03T09:35:31","modified_gmt":"2021-09-03T07:35:31","slug":"programme-daction-mondial-concernant-les-personnes-handicapees","status":"publish","type":"product","link":"https:\/\/www.parthages.be\/eboutique\/produit\/programme-daction-mondial-concernant-les-personnes-handicapees\/","title":{"rendered":"Programme d&rsquo;action mondial concernant les personnes handicap\u00e9es"},"content":{"rendered":"<p>Le programme d&rsquo;action mondial concernant les personnes handicap\u00e9es a \u00e9t\u00e9 adopt\u00e9 par l&rsquo;Assembl\u00e9e g\u00e9n\u00e9rale des Nations Unies \u00e0 sa 37\u00e8me session, par sa r\u00e9solution 37\/52* du 3 d\u00e9cembre 1982. La brochure reprend<\/p>\n<p>* les objectifs;<\/p>\n<p>* l&rsquo;historique et les concepts du programme d&rsquo;action mondial;<\/p>\n<p>* la situation en 1983 des handicap\u00e9s en mati\u00e8re de pr\u00e9vention;<\/p>\n<p>* la r\u00e9adaptation;<\/p>\n<p>* l&rsquo;\u00e9galit\u00e9 des chances pour l&#8217;emploi;<\/p>\n<p>* l&rsquo;enseignement;<\/p>\n<p>* la proposition en vue de la mise en \u0153uvre du programme d&rsquo;action mondial concernant les personnes handicap\u00e9es (mesures \u00e0 prendre au niveau national : participation \u00e0 la prise de d\u00e9cisions);<\/p>\n<p>* information et \u00e9ducation du public;<\/p>\n<p>* mesures \u00e0 prendre au niveau international : droits de l&rsquo;homme, coop\u00e9ration technique et \u00e9conomique&#8230; (Pr\u00e9sentation de l\u2019\u00e9diteur)<\/p>\n<p><strong>Brochure<\/strong><\/p>\n<p>NATIONS UNIES<\/p>\n<p>1983-74p<\/p>\n<p>Cote doc\u00a0:\u00a07-10-NU-P<\/p>\n<p><strong><em>Uniquement \u00e0 la location<\/em><\/strong><\/p>\n<span class=\"et_bloom_bottom_trigger\"><\/span>","protected":false},"excerpt":{"rendered":"<p>Le programme d&rsquo;action mondial concernant les personnes handicap\u00e9es a \u00e9t\u00e9 adopt\u00e9 par l&rsquo;Assembl\u00e9e g\u00e9n\u00e9rale des Nations Unies \u00e0 sa 37\u00e8me session, par sa r\u00e9solution 37\/52* du 3 d\u00e9cembre 1982.<\/p>\n","protected":false},"featured_media":1671,"comment_status":"closed","ping_status":"closed","template":"","meta":{"_et_pb_use_builder":"","_et_pb_old_content":"","_et_gb_content_width":"","spay_email":""},"class_list":["post-1670","product","type-product","status-publish","has-post-thumbnail","hentry","product_cat-livres","product_tag-action","product_tag-egalite-des-chances","product_tag-monde","product_tag-onu","product_tag-participation","product_tag-personne-handicapee","product_tag-programme","product_tag-readaptation","product_tag-usa","product_tag-vie-en-societe"],"jetpack_sharing_enabled":true,"jetpack_likes_enabled":true,"_links":{"self":[{"href":"https:\/\/www.parthages.be\/eboutique\/wp-json\/wp\/v2\/product\/1670","targetHints":{"allow":["GET"]}}],"collection":[{"href":"https:\/\/www.parthages.be\/eboutique\/wp-json\/wp\/v2\/product"}],"about":[{"href":"https:\/\/www.parthages.be\/eboutique\/wp-json\/wp\/v2\/types\/product"}],"replies":[{"embeddable":true,"href":"https:\/\/www.parthages.be\/eboutique\/wp-json\/wp\/v2\/comments?post=1670"}],"wp:featuredmedia":[{"embeddable":true,"href":"https:\/\/www.parthages.be\/eboutique\/wp-json\/wp\/v2\/media\/1671"}],"wp:attachment":[{"href":"https:\/\/www.parthages.be\/eboutique\/wp-json\/wp\/v2\/media?parent=1670"}],"curies":[{"name":"wp","href":"https:\/\/api.w.org\/{rel}","templated":true}]}}

Programme d&rsquo;action mondial concernant les personnes handicapées

<p>Le programme d&rsquo;action mondial concernant les personnes handicapées a été adopté par l&rsquo;Assemblée générale des Nations Unies à sa 37ème session, par sa résolution 37/52* du 3 décembre 1982. La brochure reprend</p>
<p>* les objectifs;</p>
<p>* l&rsquo;historique et les concepts du programme d&rsquo;action mondial;</p>
<p>* la situation en 1983 des handicapés en matière de prévention;</p>
<p>* la réadaptation;</p>
<p>* l&rsquo;égalité des chances pour l&#8217;emploi;</p>
<p>* l&rsquo;enseignement;</p>
<p>* la proposition en vue de la mise en œuvre du programme d&rsquo;action mondial concernant les personnes handicapées (mesures à prendre au niveau national : participation à la prise de décisions);</p>
<p>* information et éducation du public;</p>
<p>* mesures à prendre au niveau international : droits de l&rsquo;homme, coopération technique et économique&#8230; (Présentation de l’éditeur)</p>
<p><strong>Brochure</strong></p>
<p>NATIONS UNIES</p>
<p>1983-74p</p>
<p>Cote doc : 7-10-NU-P</p>
<p><strong><em>Uniquement à la location</em></strong></p>
<span class="et_bloom_bottom_trigger"></span>

<p>Le programme d&rsquo;action mondial concernant les personnes handicapées a été adopté par l&rsquo;Assemblée générale des Nations Unies à sa 37ème session, par sa résolution 37/52* du 3 décembre 1982.</p>
