{"id":1677,"date":"2021-09-03T09:53:06","date_gmt":"2021-09-03T07:53:06","guid":{"rendered":"https:\/\/www.parthages.be\/eboutique\/?post_type=product&#038;p=1677"},"modified":"2021-09-03T09:53:07","modified_gmt":"2021-09-03T07:53:07","slug":"les-politiques-daide-aux-handicapes-vol-iii-modelisation-des-facteurs-devolution-des-depenses-publiques","status":"publish","type":"product","link":"https:\/\/www.parthages.be\/eboutique\/produit\/les-politiques-daide-aux-handicapes-vol-iii-modelisation-des-facteurs-devolution-des-depenses-publiques\/","title":{"rendered":"Les politiques d&rsquo;aide aux handicap\u00e9s &#8211; Vol III Mod\u00e9lisation des facteurs d&rsquo;\u00e9volution des d\u00e9penses publiques"},"content":{"rendered":"<p>CROIX D.<\/p>\n<p>1988<\/p>\n<p><strong><em>Rapport\u00a0 de l\u2019UCL de 179p.<\/em><\/strong><\/p>\n<p>Cote doc\u00a0: 7-10-PIA-P3<\/p>\n<p><strong><em>Uniquement \u00e0 la location<\/em><\/strong><\/p>\n<span class=\"et_bloom_bottom_trigger\"><\/span>","protected":false},"excerpt":{"rendered":"<p>CROIX D. 1988 Rapport\u00a0 de l\u2019UCL de 179p. Cote doc\u00a0: 7-10-PIA-P3 Uniquement \u00e0 la location<\/p>\n","protected":false},"featured_media":1678,"comment_status":"closed","ping_status":"closed","template":"","meta":{"_et_pb_use_builder":"","_et_pb_old_content":"","_et_gb_content_width":"","spay_email":""},"class_list":["post-1677","product","type-product","status-publish","has-post-thumbnail","hentry","product_cat-livres","product_tag-aide","product_tag-belgique","product_tag-budget","product_tag-contrainte","product_tag-depense-publique","product_tag-enseignement-specialise","product_tag-evolution","product_tag-fonds-81","product_tag-politique","product_tag-universite"],"jetpack_sharing_enabled":true,"jetpack_likes_enabled":true,"_links":{"self":[{"href":"https:\/\/www.parthages.be\/eboutique\/wp-json\/wp\/v2\/product\/1677","targetHints":{"allow":["GET"]}}],"collection":[{"href":"https:\/\/www.parthages.be\/eboutique\/wp-json\/wp\/v2\/product"}],"about":[{"href":"https:\/\/www.parthages.be\/eboutique\/wp-json\/wp\/v2\/types\/product"}],"replies":[{"embeddable":true,"href":"https:\/\/www.parthages.be\/eboutique\/wp-json\/wp\/v2\/comments?post=1677"}],"wp:featuredmedia":[{"embeddable":true,"href":"https:\/\/www.parthages.be\/eboutique\/wp-json\/wp\/v2\/media\/1678"}],"wp:attachment":[{"href":"https:\/\/www.parthages.be\/eboutique\/wp-json\/wp\/v2\/media?parent=1677"}],"curies":[{"name":"wp","href":"https:\/\/api.w.org\/{rel}","templated":true}]}}