{"id":1679,"date":"2021-09-03T09:54:19","date_gmt":"2021-09-03T07:54:19","guid":{"rendered":"https:\/\/www.parthages.be\/eboutique\/?post_type=product&#038;p=1679"},"modified":"2021-09-03T09:54:19","modified_gmt":"2021-09-03T07:54:19","slug":"les-politiques-daide-aux-handicapes-vol-iv-vision-comparative-des-regimes-dallocations-pour-handicapes-et-invalides","status":"publish","type":"product","link":"https:\/\/www.parthages.be\/eboutique\/produit\/les-politiques-daide-aux-handicapes-vol-iv-vision-comparative-des-regimes-dallocations-pour-handicapes-et-invalides\/","title":{"rendered":"Les politiques d&rsquo;aide aux handicap\u00e9s &#8211; Vol IV Vision comparative des r\u00e9gimes d&rsquo;allocations pour handicap\u00e9s et invalides"},"content":{"rendered":"<p>DELVAUX B.<\/p>\n<p>1988<\/p>\n<p><strong><em>Rapport\u00a0 de l\u2019UCL de 69p.<\/em><\/strong><\/p>\n<p>Cote doc\u00a0: 7-10-PIA-P4<\/p>\n<p><strong><em>Uniquement \u00e0 la location<\/em><\/strong><\/p>\n<span class=\"et_bloom_bottom_trigger\"><\/span>","protected":false},"excerpt":{"rendered":"<p>DELVAUX B. 1988 Rapport\u00a0 de l\u2019UCL de 69p. Cote doc\u00a0: 7-10-PIA-P4 Uniquement \u00e0 la location<\/p>\n","protected":false},"featured_media":1680,"comment_status":"closed","ping_status":"closed","template":"","meta":{"_et_pb_use_builder":"","_et_pb_old_content":"","_et_gb_content_width":"","spay_email":""},"class_list":["post-1679","product","type-product","status-publish","has-post-thumbnail","hentry","product_cat-livres","product_tag-aide","product_tag-allocation-de-handicap","product_tag-belgique","product_tag-discrimination","product_tag-invalidite","product_tag-politique","product_tag-universite"],"jetpack_sharing_enabled":true,"jetpack_likes_enabled":true,"_links":{"self":[{"href":"https:\/\/www.parthages.be\/eboutique\/wp-json\/wp\/v2\/product\/1679","targetHints":{"allow":["GET"]}}],"collection":[{"href":"https:\/\/www.parthages.be\/eboutique\/wp-json\/wp\/v2\/product"}],"about":[{"href":"https:\/\/www.parthages.be\/eboutique\/wp-json\/wp\/v2\/types\/product"}],"replies":[{"embeddable":true,"href":"https:\/\/www.parthages.be\/eboutique\/wp-json\/wp\/v2\/comments?post=1679"}],"wp:featuredmedia":[{"embeddable":true,"href":"https:\/\/www.parthages.be\/eboutique\/wp-json\/wp\/v2\/media\/1680"}],"wp:attachment":[{"href":"https:\/\/www.parthages.be\/eboutique\/wp-json\/wp\/v2\/media?parent=1679"}],"curies":[{"name":"wp","href":"https:\/\/api.w.org\/{rel}","templated":true}]}}