{"id":1687,"date":"2021-09-03T10:01:14","date_gmt":"2021-09-03T08:01:14","guid":{"rendered":"https:\/\/www.parthages.be\/eboutique\/?post_type=product&#038;p=1687"},"modified":"2021-09-03T10:02:16","modified_gmt":"2021-09-03T08:02:16","slug":"handicap-silence-on-discrimine","status":"publish","type":"product","link":"https:\/\/www.parthages.be\/eboutique\/produit\/handicap-silence-on-discrimine\/","title":{"rendered":"Handicap : silence on discrimine"},"content":{"rendered":"<p>\u00a0\u00bb Je d\u00e9clare sur l&rsquo;honneur n&rsquo;\u00eatre atteint d&rsquo;aucune infirmit\u00e9 apparente ou cach\u00e9e. \u00a0\u00bb Gliss\u00e9e en caract\u00e8res r\u00e9duits, tout en bas d&rsquo;une candidature \u00e0 l&#8217;emploi, cette phrase est un exemple rare de discrimination sans complexe, qui s&rsquo;affiche et laisse des traces ind\u00e9l\u00e9biles. La majorit\u00e9 des discriminations sont d&rsquo;autant plus difficiles \u00e0 combattre qu&rsquo;elles sont discr\u00e8tes, presque souterraines. Sans que les intentions soient proclam\u00e9es, sans d\u00e9sordre apparent, c&rsquo;est toute une soci\u00e9t\u00e9 qui s&rsquo;est organis\u00e9e pour rejeter les personnes en situation de handicap. Travail, \u00e9tudes, loisirs, cr\u00e9dits, assurances, transports. Tous les moments et les domaines de la vie sont concern\u00e9s.<\/p>\n<p>Ce livre est un appel urgent \u00e0 lutter contre des comportements aberrants, souvent dus \u00e0 l&rsquo;ignorance et \u00e0 la peur devant le handicap. Loin de la compilation de complaintes, c&rsquo;est un \u00a0\u00bb livre noir \u00a0\u00bb sous forme de t\u00e9moignages, qui interpelle sur la r\u00e9alit\u00e9 crue du handicap au quotidien et transforme en profondeur notre regard en invitant \u00e0 l&rsquo;action imm\u00e9diate. Un livre pour l&rsquo;\u00e9galit\u00e9 \u00e0 laquelle tous les \u00eatres humains ont droit. Avec du respect et sans honte.<\/p>\n<p>(Pr\u00e9sentation de l\u2019\u00e9diteur)<\/p>\n<p>KERLOC&rsquo;H A.<\/p>\n<p>2005-178p.<\/p>\n<p>ISBN\u00a0: 2-74910-470-X<\/p>\n<p>Cote doc\u00a0: 7-10-KER-H<\/p>\n<p><strong><em>Uniquement \u00e0\u00a0 la location<\/em><\/strong><\/p>\n<span class=\"et_bloom_bottom_trigger\"><\/span>","protected":false},"excerpt":{"rendered":"<p>\u00a0\u00bb Je d\u00e9clare sur l&rsquo;honneur n&rsquo;\u00eatre atteint d&rsquo;aucune infirmit\u00e9 apparente ou cach\u00e9e. \u00a0\u00bb Gliss\u00e9e en caract\u00e8res r\u00e9duits, tout en bas d&rsquo;une candidature \u00e0 l&#8217;emploi, cette phrase est un exemple rare de discrimination sans complexe, qui s&rsquo;affiche et laisse des traces ind\u00e9l\u00e9biles.<\/p>\n","protected":false},"featured_media":1690,"comment_status":"closed","ping_status":"closed","template":"","meta":{"_et_pb_use_builder":"","_et_pb_old_content":"","_et_gb_content_width":"","spay_email":""},"class_list":["post-1687","product","type-product","status-publish","has-post-thumbnail","hentry","product_cat-livres","product_tag-deficience-motrice","product_tag-deficience-physique","product_tag-devenir-handicape","product_tag-discrimination","product_tag-droit","product_tag-emploi","product_tag-france","product_tag-infirmite-motrice-cebrale","product_tag-loisir","product_tag-media","product_tag-temoignage","product_tag-vecu"],"jetpack_sharing_enabled":true,"jetpack_likes_enabled":true,"_links":{"self":[{"href":"https:\/\/www.parthages.be\/eboutique\/wp-json\/wp\/v2\/product\/1687","targetHints":{"allow":["GET"]}}],"collection":[{"href":"https:\/\/www.parthages.be\/eboutique\/wp-json\/wp\/v2\/product"}],"about":[{"href":"https:\/\/www.parthages.be\/eboutique\/wp-json\/wp\/v2\/types\/product"}],"replies":[{"embeddable":true,"href":"https:\/\/www.parthages.be\/eboutique\/wp-json\/wp\/v2\/comments?post=1687"}],"wp:featuredmedia":[{"embeddable":true,"href":"https:\/\/www.parthages.be\/eboutique\/wp-json\/wp\/v2\/media\/1690"}],"wp:attachment":[{"href":"https:\/\/www.parthages.be\/eboutique\/wp-json\/wp\/v2\/media?parent=1687"}],"curies":[{"name":"wp","href":"https:\/\/api.w.org\/{rel}","templated":true}]}}

<p> » Je déclare sur l&rsquo;honneur n&rsquo;être atteint d&rsquo;aucune infirmité apparente ou cachée.  » Glissée en caractères réduits, tout en bas d&rsquo;une candidature à l&#8217;emploi, cette phrase est un exemple rare de discrimination sans complexe, qui s&rsquo;affiche et laisse des traces indélébiles. La majorité des discriminations sont d&rsquo;autant plus difficiles à combattre qu&rsquo;elles sont discrètes, presque souterraines. Sans que les intentions soient proclamées, sans désordre apparent, c&rsquo;est toute une société qui s&rsquo;est organisée pour rejeter les personnes en situation de handicap. Travail, études, loisirs, crédits, assurances, transports. Tous les moments et les domaines de la vie sont concernés.</p>
<p>Ce livre est un appel urgent à lutter contre des comportements aberrants, souvent dus à l&rsquo;ignorance et à la peur devant le handicap. Loin de la compilation de complaintes, c&rsquo;est un  » livre noir  » sous forme de témoignages, qui interpelle sur la réalité crue du handicap au quotidien et transforme en profondeur notre regard en invitant à l&rsquo;action immédiate. Un livre pour l&rsquo;égalité à laquelle tous les êtres humains ont droit. Avec du respect et sans honte.</p>
<p>(Présentation de l’éditeur)</p>
<p>KERLOC&rsquo;H A.</p>
<p>2005-178p.</p>
<p>ISBN : 2-74910-470-X</p>
<p>Cote doc : 7-10-KER-H</p>
<p><strong><em>Uniquement à  la location</em></strong></p>
<span class="et_bloom_bottom_trigger"></span>

<p> » Je déclare sur l&rsquo;honneur n&rsquo;être atteint d&rsquo;aucune infirmité apparente ou cachée.  » Glissée en caractères réduits, tout en bas d&rsquo;une candidature à l&#8217;emploi, cette phrase est un exemple rare de discrimination sans complexe, qui s&rsquo;affiche et laisse des traces indélébiles.</p>
