{"id":1691,"date":"2021-09-03T10:07:18","date_gmt":"2021-09-03T08:07:18","guid":{"rendered":"https:\/\/www.parthages.be\/eboutique\/?post_type=product&#038;p=1691"},"modified":"2021-09-03T10:07:19","modified_gmt":"2021-09-03T08:07:19","slug":"face-aux-fins-de-vie-et-a-la-mort-ethique-societe-pratiques-professionnelles","status":"publish","type":"product","link":"https:\/\/www.parthages.be\/eboutique\/produit\/face-aux-fins-de-vie-et-a-la-mort-ethique-societe-pratiques-professionnelles\/","title":{"rendered":"Face aux fins de vie et \u00e0 la mort : \u00e9thique soci\u00e9t\u00e9 pratiques professionnelles"},"content":{"rendered":"<p>T\u00e9moigner de mani\u00e8re digne notre consid\u00e9ration \u00e0 la personne, ne pas \u00eatre indiff\u00e9rent \u00e0 ce qu&rsquo;elle \u00e9prouve dans ces temps incertains de la fin de vie, signifie qu&rsquo;on refuse d&rsquo;anticiper sa mort, que nous ne l&rsquo;excluons pas de notre vie en lui contestant sa place au sein de la communaut\u00e9 humaine. Nous touchons l\u00e0 au principe m\u00eame de l&rsquo;id\u00e9e de dignit\u00e9, d\u00e8s lors qu&rsquo;est ainsi confirm\u00e9e \u00e0 cette personne si proche du terme de son existence, si vuln\u00e9rable, l&rsquo;irr\u00e9ductible valeur de son existence parmi et avec nous. La loi du 22 avril 2005 relative aux droits des malades et \u00e0 la fin de vie a conf\u00e9r\u00e9 \u00e0 ces questions une dimension politique. Les conditions du mourir interrogent \u00e0 la fois nos obligations sociales et les exigences du soin. Il convient de concevoir les missions confi\u00e9es aux professionnels de sant\u00e9 au-del\u00e0 du seul souci de tout mettre en \u0153uvre pour gu\u00e9rir. Voil\u00e0 que s&rsquo;instaurent une nouvelle culture de la fin de vie, de nouvelles solidarit\u00e9s, des pratiques professionnelles diff\u00e9rentes au service de la personne malade et de ses proches. Cet ouvrage collectif d\u00e9sormais consid\u00e9r\u00e9 comme une r\u00e9f\u00e9rence (nous pr\u00e9sentons sa troisi\u00e8me \u00e9dition augment\u00e9e) associe les meilleures comp\u00e9tences \u00e0 une r\u00e9flexion concr\u00e8te sur les situations du soin en fin de vie. Il constitue sous forme d&rsquo;analyses, de restitutions d&rsquo;exp\u00e9riences professionnelles et de propositions un v\u00e9ritable \u00e9tat des lieux. Une telle approche s&rsquo;av\u00e8re indispensable \u00e0 tous, au moment o\u00f9 la soci\u00e9t\u00e9 fran\u00e7aise semble red\u00e9couvrir ses devoirs \u00e0 l&rsquo;\u00e9gard de celui qui meurt et repenser des rites pour accompagner ses morts.<\/p>\n<p>(Pr\u00e9sentation de l\u2019\u00e9diteur)<\/p>\n<p>HIRSCH E.<\/p>\n<p>Vuibert<\/p>\n<p>2006-327p.<\/p>\n<p>ISBN\u00a0: 978-2-7117-7247-6<\/p>\n<p>Cote doc\u00a0: 7-10-HIR-F<\/p>\n<p><strong><em>Uniquement \u00e0 la location<\/em><\/strong><\/p>\n<span class=\"et_bloom_bottom_trigger\"><\/span>","protected":false},"excerpt":{"rendered":"<p>T\u00e9moigner de mani\u00e8re digne notre consid\u00e9ration \u00e0 la personne, ne pas \u00eatre indiff\u00e9rent \u00e0 ce qu&rsquo;elle \u00e9prouve dans ces temps incertains de la fin de vie, signifie qu&rsquo;on refuse d&rsquo;anticiper sa mort, que nous ne l&rsquo;excluons pas de notre vie en lui contestant sa place au sein de la communaut\u00e9 humaine.<\/p>\n","protected":false},"featured_media":1692,"comment_status":"closed","ping_status":"closed","template":"","meta":{"_et_pb_use_builder":"","_et_pb_old_content":"","_et_gb_content_width":"","spay_email":""},"class_list":["post-1691","product","type-product","status-publish","has-post-thumbnail","hentry","product_cat-livres","product_tag-accompagnement","product_tag-dignite","product_tag-droit","product_tag-ethique","product_tag-euthanasie","product_tag-fin-de-vie","product_tag-france","product_tag-mort","product_tag-relation-soignant-soigne","product_tag-soins-palliatifs"],"jetpack_sharing_enabled":true,"jetpack_likes_enabled":true,"_links":{"self":[{"href":"https:\/\/www.parthages.be\/eboutique\/wp-json\/wp\/v2\/product\/1691","targetHints":{"allow":["GET"]}}],"collection":[{"href":"https:\/\/www.parthages.be\/eboutique\/wp-json\/wp\/v2\/product"}],"about":[{"href":"https:\/\/www.parthages.be\/eboutique\/wp-json\/wp\/v2\/types\/product"}],"replies":[{"embeddable":true,"href":"https:\/\/www.parthages.be\/eboutique\/wp-json\/wp\/v2\/comments?post=1691"}],"wp:featuredmedia":[{"embeddable":true,"href":"https:\/\/www.parthages.be\/eboutique\/wp-json\/wp\/v2\/media\/1692"}],"wp:attachment":[{"href":"https:\/\/www.parthages.be\/eboutique\/wp-json\/wp\/v2\/media?parent=1691"}],"curies":[{"name":"wp","href":"https:\/\/api.w.org\/{rel}","templated":true}]}}

Face aux fins de vie et à la mort : éthique société pratiques professionnelles

<p>Témoigner de manière digne notre considération à la personne, ne pas être indifférent à ce qu&rsquo;elle éprouve dans ces temps incertains de la fin de vie, signifie qu&rsquo;on refuse d&rsquo;anticiper sa mort, que nous ne l&rsquo;excluons pas de notre vie en lui contestant sa place au sein de la communauté humaine. Nous touchons là au principe même de l&rsquo;idée de dignité, dès lors qu&rsquo;est ainsi confirmée à cette personne si proche du terme de son existence, si vulnérable, l&rsquo;irréductible valeur de son existence parmi et avec nous. La loi du 22 avril 2005 relative aux droits des malades et à la fin de vie a conféré à ces questions une dimension politique. Les conditions du mourir interrogent à la fois nos obligations sociales et les exigences du soin. Il convient de concevoir les missions confiées aux professionnels de santé au-delà du seul souci de tout mettre en œuvre pour guérir. Voilà que s&rsquo;instaurent une nouvelle culture de la fin de vie, de nouvelles solidarités, des pratiques professionnelles différentes au service de la personne malade et de ses proches. Cet ouvrage collectif désormais considéré comme une référence (nous présentons sa troisième édition augmentée) associe les meilleures compétences à une réflexion concrète sur les situations du soin en fin de vie. Il constitue sous forme d&rsquo;analyses, de restitutions d&rsquo;expériences professionnelles et de propositions un véritable état des lieux. Une telle approche s&rsquo;avère indispensable à tous, au moment où la société française semble redécouvrir ses devoirs à l&rsquo;égard de celui qui meurt et repenser des rites pour accompagner ses morts.</p>
<p>(Présentation de l’éditeur)</p>
<p>HIRSCH E.</p>
<p>Vuibert</p>
<p>2006-327p.</p>
<p>ISBN : 978-2-7117-7247-6</p>
<p>Cote doc : 7-10-HIR-F</p>
<p><strong><em>Uniquement à la location</em></strong></p>
<span class="et_bloom_bottom_trigger"></span>

<p>Témoigner de manière digne notre considération à la personne, ne pas être indifférent à ce qu&rsquo;elle éprouve dans ces temps incertains de la fin de vie, signifie qu&rsquo;on refuse d&rsquo;anticiper sa mort, que nous ne l&rsquo;excluons pas de notre vie en lui contestant sa place au sein de la communauté humaine.</p>
