{"id":1710,"date":"2021-09-03T11:07:48","date_gmt":"2021-09-03T09:07:48","guid":{"rendered":"https:\/\/www.parthages.be\/eboutique\/?post_type=product&#038;p=1710"},"modified":"2021-09-03T11:07:49","modified_gmt":"2021-09-03T09:07:49","slug":"fragments-sur-le-handicap-et-la-vulnerabilite-pour-une-revolution-de-la-pensee-et-de-laction","status":"publish","type":"product","link":"https:\/\/www.parthages.be\/eboutique\/produit\/fragments-sur-le-handicap-et-la-vulnerabilite-pour-une-revolution-de-la-pensee-et-de-laction\/","title":{"rendered":"Fragments sur le handicap et la vuln\u00e9rabilit\u00e9: pour une r\u00e9volution de la pens\u00e9e et de l&rsquo;action"},"content":{"rendered":"<p><strong>Cet ouvrage-synth\u00e8se aborde<\/strong>, sans esquive, les questions fortes inh\u00e9rentes au handicap : parents, fratrie, professionnels, affectivit\u00e9 et sexualit\u00e9, \u00e9thique, \u00e9cole, soci\u00e9t\u00e9\u2026 En m\u00eame temps qu\u2019une r\u00e9flexion ouverte \u00e0 tous, il propose un itin\u00e9raire \u00e0 l\u2019usage des formateurs. Son objectif : faire rupture dans la mani\u00e8re de penser et de prendre en compte le handicap, afin de susciter une mutation culturelle.<\/p>\n<p><strong>La notion de norme\u00a0<\/strong>et celle de cat\u00e9gorisation pr\u00e9sident aujourd\u2019hui dans nos soci\u00e9t\u00e9s de mani\u00e8re inconsciente, obsessionnelle ou n\u00e9vrotique ! Qui ne voit les d\u00e9g\u00e2ts qu\u2019elles g\u00e9n\u00e8rent ? Elles opposent, marginalisent, enferment. Elles emp\u00eachent de conna\u00eetre ceux qui ne sont pas \u00ab comme les autres \u00bb, de construire avec eux \u00e0 partir du lieu qui est le leur. La fronti\u00e8re reste \u00e9tanche entre d\u2019un c\u00f4t\u00e9, les \u00ab bien-portants \u00bb qui constituent la majorit\u00e9, et de l\u2019autre, les \u00ab handicap\u00e9s \u00bb consid\u00e9r\u00e9s comme un groupe en soi, un genre, une humanit\u00e9 sp\u00e9cifique.<\/p>\n<p><strong>Or le handicap\u00a0<\/strong>n\u2019est qu\u2019un des aspects des probl\u00e8mes g\u00e9n\u00e9raux de notre humanit\u00e9. Il ne fait qu\u2019en jouer le r\u00f4le d\u2019amplificateur. Le sort peut amener celui-ci ou un autre, sans aucune pr\u00e9visibilit\u00e9 ni \u00e9quit\u00e9, \u00e0 en \u00eatre victime. Parce qu\u2019il rel\u00e8ve de l\u2019ordinaire de la vie, il est \u00e0 prendre en compte chaque fois que l\u2019on pense l\u2019homme et ses droits, que l\u2019on \u00e9duque ou que l\u2019on forme, que l\u2019on \u00e9labore des r\u00e8gles et des lois, que l\u2019on con\u00e7oit l\u2019habitabilit\u00e9 sociale ou que l\u2019on am\u00e9nage les espaces citoyens, etc. C\u2019est de cette seule mani\u00e8re que pourra s\u2019accomplir la d\u00e9sinsularisation de ceux qui ne sont pas du bon c\u00f4t\u00e9 du hasard.<\/p>\n<p><strong>Trois conditions<\/strong>\u00a0sont n\u00e9cessaires pour op\u00e9rer cette mutation culturelle : conscientiser ce que vivent les personnes en situation de handicap, apprendre \u00e0 contester le pouvoir des normes, et d\u00e9ployer, hors du mis\u00e9rabilisme ou de l\u2019h\u00e9ro\u00efsme, une volont\u00e9 profond\u00e9ment r\u00e9formatrice. C\u2019est \u00e0 cela que s\u2019emploie Charles Gardou dans cet ouvrage en \u00e9cho \u00e0 ses recherches et \u00e0 ses actions sur le terrain. (Pr\u00e9sentation de l\u2019\u00e9diteur)<\/p>\n<p>GARDOU C.<\/p>\n<p>Editions Er\u00e8s<\/p>\n<p>2005-264p.-26\u20ac<\/p>\n<p>420gr<\/p>\n<p>ISBN\u00a0: 2-7492-0391-0<\/p>\n<p>Cote doc\u00a0: 7-10-MAN-E<\/p>\n<span class=\"et_bloom_bottom_trigger\"><\/span>","protected":false},"excerpt":{"rendered":"<p><strong>Cet ouvrage-synth\u00e8se aborde<\/strong>, sans esquive, les questions fortes inh\u00e9rentes au handicap : parents, fratrie, professionnels, affectivit\u00e9 et sexualit\u00e9, \u00e9thique, \u00e9cole, soci\u00e9t\u00e9\u2026<\/p>\n","protected":false},"featured_media":1711,"comment_status":"closed","ping_status":"closed","template":"","meta":{"_et_pb_use_builder":"","_et_pb_old_content":"","_et_gb_content_width":"","spay_email":""},"class_list":["post-1710","product","type-product","status-publish","has-post-thumbnail","hentry","product_cat-livres","product_tag-action-sociale","product_tag-adaptation-a-lemploi","product_tag-adaptation-sociale","product_tag-affectivite","product_tag-difference","product_tag-ecole","product_tag-enfant-handicape","product_tag-entrainement-aux-habiletes-sociales","product_tag-ethique","product_tag-exclusion","product_tag-fratrie","product_tag-integration-scolaire","product_tag-marginalite","product_tag-norme-sociale","product_tag-parent","product_tag-personne-handicapee","product_tag-psychologie","product_tag-reeducation","product_tag-sexualite","product_tag-societe","product_tag-sociologie","product_tag-vulnerabilite"],"jetpack_sharing_enabled":true,"jetpack_likes_enabled":true,"_links":{"self":[{"href":"https:\/\/www.parthages.be\/eboutique\/wp-json\/wp\/v2\/product\/1710","targetHints":{"allow":["GET"]}}],"collection":[{"href":"https:\/\/www.parthages.be\/eboutique\/wp-json\/wp\/v2\/product"}],"about":[{"href":"https:\/\/www.parthages.be\/eboutique\/wp-json\/wp\/v2\/types\/product"}],"replies":[{"embeddable":true,"href":"https:\/\/www.parthages.be\/eboutique\/wp-json\/wp\/v2\/comments?post=1710"}],"wp:featuredmedia":[{"embeddable":true,"href":"https:\/\/www.parthages.be\/eboutique\/wp-json\/wp\/v2\/media\/1711"}],"wp:attachment":[{"href":"https:\/\/www.parthages.be\/eboutique\/wp-json\/wp\/v2\/media?parent=1710"}],"curies":[{"name":"wp","href":"https:\/\/api.w.org\/{rel}","templated":true}]}}

Fragments sur le handicap et la vulnérabilité: pour une révolution de la pensée et de l&rsquo;action

<p><strong>Cet ouvrage-synthèse aborde</strong>, sans esquive, les questions fortes inhérentes au handicap : parents, fratrie, professionnels, affectivité et sexualité, éthique, école, société… En même temps qu’une réflexion ouverte à tous, il propose un itinéraire à l’usage des formateurs. Son objectif : faire rupture dans la manière de penser et de prendre en compte le handicap, afin de susciter une mutation culturelle.</p>
<p><strong>La notion de norme </strong>et celle de catégorisation président aujourd’hui dans nos sociétés de manière inconsciente, obsessionnelle ou névrotique ! Qui ne voit les dégâts qu’elles génèrent ? Elles opposent, marginalisent, enferment. Elles empêchent de connaître ceux qui ne sont pas « comme les autres », de construire avec eux à partir du lieu qui est le leur. La frontière reste étanche entre d’un côté, les « bien-portants » qui constituent la majorité, et de l’autre, les « handicapés » considérés comme un groupe en soi, un genre, une humanité spécifique.</p>
<p><strong>Or le handicap </strong>n’est qu’un des aspects des problèmes généraux de notre humanité. Il ne fait qu’en jouer le rôle d’amplificateur. Le sort peut amener celui-ci ou un autre, sans aucune prévisibilité ni équité, à en être victime. Parce qu’il relève de l’ordinaire de la vie, il est à prendre en compte chaque fois que l’on pense l’homme et ses droits, que l’on éduque ou que l’on forme, que l’on élabore des règles et des lois, que l’on conçoit l’habitabilité sociale ou que l’on aménage les espaces citoyens, etc. C’est de cette seule manière que pourra s’accomplir la désinsularisation de ceux qui ne sont pas du bon côté du hasard.</p>
<p><strong>Trois conditions</strong> sont nécessaires pour opérer cette mutation culturelle : conscientiser ce que vivent les personnes en situation de handicap, apprendre à contester le pouvoir des normes, et déployer, hors du misérabilisme ou de l’héroïsme, une volonté profondément réformatrice. C’est à cela que s’emploie Charles Gardou dans cet ouvrage en écho à ses recherches et à ses actions sur le terrain. (Présentation de l’éditeur)</p>
<p>GARDOU C.</p>
<p>Editions Erès</p>
<p>2005-264p.-26€</p>
<p>420gr</p>
<p>ISBN : 2-7492-0391-0</p>
<p>Cote doc : 7-10-MAN-E</p>
<span class="et_bloom_bottom_trigger"></span>

<p><strong>Cet ouvrage-synthèse aborde</strong>, sans esquive, les questions fortes inhérentes au handicap : parents, fratrie, professionnels, affectivité et sexualité, éthique, école, société…</p>
