{"id":1712,"date":"2021-09-03T11:08:58","date_gmt":"2021-09-03T09:08:58","guid":{"rendered":"https:\/\/www.parthages.be\/eboutique\/?post_type=product&#038;p=1712"},"modified":"2021-09-03T11:08:58","modified_gmt":"2021-09-03T09:08:58","slug":"fin-de-vie-en-etablissement-geriatrique","status":"publish","type":"product","link":"https:\/\/www.parthages.be\/eboutique\/produit\/fin-de-vie-en-etablissement-geriatrique\/","title":{"rendered":"Fin de vie en \u00e9tablissement g\u00e9riatrique"},"content":{"rendered":"<p>L&rsquo;entr\u00e9e en institution n&rsquo;est pas un \u00e9v\u00e9nement banal dans une vie, ni pour celui qui la vit, ni pour celui qui prend la d\u00e9cision de l&rsquo;impose \u00e0 l&rsquo;autre. Rares sont les personnes \u00e2g\u00e9es qui d\u00e9cident en toute libert\u00e9 d&rsquo;entrer en Unit\u00e9 de Soins Longue Dur\u00e9e.<\/p>\n<p>Les \u00e9tablissements, souvent insuffisamment pourvus en personnel qualifi\u00e9, ont un fonctionnement quotidien tr\u00e8s exigeant o\u00f9 le temps est compt\u00e9. La personne qui prend la d\u00e9cision d&rsquo;y placer un parent est en qu\u00eate de s\u00e9curit\u00e9 pour ce dernier et de reconnaissance pour l&rsquo;accompagnement qu&rsquo;il a effectu\u00e9 jusque-l\u00e0. Ses repr\u00e9sentations, son appr\u00e9hension de la perte d&rsquo;un \u00eatre aim\u00e9 \u00e0 qui il a donn\u00e9 quelques mois ou plusieurs ann\u00e9es de sa vie, viennent renforcer ses attentes lors du passage \u00e0 l&rsquo;institution. Son mal-\u00eatre rencontre celui des soignants journellement confront\u00e9s \u00e0 l&rsquo;usure que provoque la fr\u00e9quentation des d\u00e9ments, \u00e0 l&rsquo;insatisfaction de soi, \u00e0 la pression du rythme de travail, \u00e0 la r\u00e9p\u00e9tition des t\u00e2ches, \u00e0 la proximit\u00e9 de la mort&#8230; Le choc de ces deux mondes en souffrance n\u00e9cessite un cadre sp\u00e9cifique pour que l&rsquo;institution remplisse sa mission avec bienveillance.<\/p>\n<p>La mort, menace constante, demeure la toile de fond de la vie quotidienne de ces institutions, o\u00f9 l&rsquo;on vient pour y vivre en attendant d&rsquo;y mourir dans la grande d\u00e9pendance. (Pr\u00e9sentation de l\u2019\u00e9diteur)<\/p>\n<p>FRANCOEUR M.<\/p>\n<p>PUG<\/p>\n<p>2010-288p.-24.20\u20ac<\/p>\n<p>400gr<\/p>\n<p>ISBN\u00a0: 978-2-7061-1592-9<\/p>\n<p>Cote doc\u00a0:\u00a07-10-FRA-F<\/p>\n<span class=\"et_bloom_bottom_trigger\"><\/span>","protected":false},"excerpt":{"rendered":"<p>L&rsquo;entr\u00e9e en institution n&rsquo;est pas un \u00e9v\u00e9nement banal dans une vie, ni pour celui qui la vit, ni pour celui qui prend la d\u00e9cision de l&rsquo;impose \u00e0 l&rsquo;autre. Rares sont les personnes \u00e2g\u00e9es qui d\u00e9cident en toute libert\u00e9 d&rsquo;entrer en Unit\u00e9 de Soins Longue Dur\u00e9e.<\/p>\n","protected":false},"featured_media":1713,"comment_status":"closed","ping_status":"closed","template":"","meta":{"_et_pb_use_builder":"","_et_pb_old_content":"","_et_gb_content_width":"","spay_email":""},"class_list":["post-1712","product","type-product","status-publish","has-post-thumbnail","hentry","product_cat-livres","product_tag-accompagnement-du-mourant","product_tag-dependance","product_tag-encadrement","product_tag-ethique-medicale","product_tag-fin-de-vie","product_tag-financement","product_tag-geriatrie","product_tag-personne-agee","product_tag-placement-en-institution","product_tag-relation-soignant-soigne","product_tag-vie-familiale"],"jetpack_sharing_enabled":true,"jetpack_likes_enabled":true,"_links":{"self":[{"href":"https:\/\/www.parthages.be\/eboutique\/wp-json\/wp\/v2\/product\/1712","targetHints":{"allow":["GET"]}}],"collection":[{"href":"https:\/\/www.parthages.be\/eboutique\/wp-json\/wp\/v2\/product"}],"about":[{"href":"https:\/\/www.parthages.be\/eboutique\/wp-json\/wp\/v2\/types\/product"}],"replies":[{"embeddable":true,"href":"https:\/\/www.parthages.be\/eboutique\/wp-json\/wp\/v2\/comments?post=1712"}],"wp:featuredmedia":[{"embeddable":true,"href":"https:\/\/www.parthages.be\/eboutique\/wp-json\/wp\/v2\/media\/1713"}],"wp:attachment":[{"href":"https:\/\/www.parthages.be\/eboutique\/wp-json\/wp\/v2\/media?parent=1712"}],"curies":[{"name":"wp","href":"https:\/\/api.w.org\/{rel}","templated":true}]}}

Fin de vie en établissement gériatrique

<p>L&rsquo;entrée en institution n&rsquo;est pas un événement banal dans une vie, ni pour celui qui la vit, ni pour celui qui prend la décision de l&rsquo;impose à l&rsquo;autre. Rares sont les personnes âgées qui décident en toute liberté d&rsquo;entrer en Unité de Soins Longue Durée.</p>
<p>Les établissements, souvent insuffisamment pourvus en personnel qualifié, ont un fonctionnement quotidien très exigeant où le temps est compté. La personne qui prend la décision d&rsquo;y placer un parent est en quête de sécurité pour ce dernier et de reconnaissance pour l&rsquo;accompagnement qu&rsquo;il a effectué jusque-là. Ses représentations, son appréhension de la perte d&rsquo;un être aimé à qui il a donné quelques mois ou plusieurs années de sa vie, viennent renforcer ses attentes lors du passage à l&rsquo;institution. Son mal-être rencontre celui des soignants journellement confrontés à l&rsquo;usure que provoque la fréquentation des déments, à l&rsquo;insatisfaction de soi, à la pression du rythme de travail, à la répétition des tâches, à la proximité de la mort&#8230; Le choc de ces deux mondes en souffrance nécessite un cadre spécifique pour que l&rsquo;institution remplisse sa mission avec bienveillance.</p>
<p>La mort, menace constante, demeure la toile de fond de la vie quotidienne de ces institutions, où l&rsquo;on vient pour y vivre en attendant d&rsquo;y mourir dans la grande dépendance. (Présentation de l’éditeur)</p>
<p>FRANCOEUR M.</p>
<p>PUG</p>
<p>2010-288p.-24.20€</p>
<p>400gr</p>
<p>ISBN : 978-2-7061-1592-9</p>
<p>Cote doc : 7-10-FRA-F</p>
<span class="et_bloom_bottom_trigger"></span>

<p>L&rsquo;entrée en institution n&rsquo;est pas un événement banal dans une vie, ni pour celui qui la vit, ni pour celui qui prend la décision de l&rsquo;impose à l&rsquo;autre. Rares sont les personnes âgées qui décident en toute liberté d&rsquo;entrer en Unité de Soins Longue Durée.</p>
