{"id":1714,"date":"2021-09-03T11:10:45","date_gmt":"2021-09-03T09:10:45","guid":{"rendered":"https:\/\/www.parthages.be\/eboutique\/?post_type=product&#038;p=1714"},"modified":"2021-09-03T11:10:45","modified_gmt":"2021-09-03T09:10:45","slug":"le-trait-en-creux-lethique-et-les-services-aux-personnes-vivant-avec-un-handicap","status":"publish","type":"product","link":"https:\/\/www.parthages.be\/eboutique\/produit\/le-trait-en-creux-lethique-et-les-services-aux-personnes-vivant-avec-un-handicap\/","title":{"rendered":"Le trait en creux : l&rsquo;\u00e9thique et les services aux personnes vivant avec un handicap"},"content":{"rendered":"<p>Dans nos soci\u00e9t\u00e9s \u00ab\u00a0post-industrielles\u00a0\u00bb, l&rsquo;\u00e9thique est (re)devenue un th\u00e8me central et les services aux personnes vivant avec un handicap n&rsquo;ont pas \u00e9chapp\u00e9 \u00e0 cette interrogation sur les valeurs.<\/p>\n<p>Mais qu&rsquo;est-ce donc que ce penser \u00e9thique \u00ab\u00a0post-moderne\u00a0\u00bb?<\/p>\n<p>Un sursaut de conscience dans un monde sans rep\u00e8res?<\/p>\n<p>Une mode m\u00e9diatique? Un nouvel enjeu politique?<\/p>\n<p>Des professionnels de terrain proposent ici quelques pistes de r\u00e9flexion susceptibles d&rsquo;\u00e9clairer le tourment \u00e9thique contemporain et d&rsquo;en comprendre l&rsquo;impact sur le travail \u00e9ducatif et social dans les services d&rsquo;aide aux personnes.<\/p>\n<p>Face \u00e0 un courant dominant d'\u00a0\u00bbinstrumentalisation\u00a0\u00bb des populations d\u00fbment cibl\u00e9es par les \u00ab\u00a0experts\u00a0\u00bb, ils appellent \u00e0 une culture du respect et du conflit, \u00e0 un dialogue du sujet et de la raison, qui reconnaissent les diff\u00e9rences sans manquer de s&#8217;employer \u00e0 r\u00e9duire les in\u00e9galit\u00e9s et les assujettissements. Des professionnels d&rsquo;institutions et services de Belgique francophone se sont r\u00e9unis pour s&rsquo;interroger sur le sens de leur travail d&rsquo;accompagnement des personnes vivant avec un handicap et ont \u00e9crit ce rapport. Des personnalit\u00e9s du monde social et universitaire ont accept\u00e9 de r\u00e9diger des commentaires personnels. (Pr\u00e9sentation de l\u2019\u00e9diteur)<\/p>\n<p>FEDERATION DES INSTITUTIONS ET SERVICES SPECIALISES D&rsquo;AIDE AUX ADULTES ET AUX JEUNES<\/p>\n<p>Fissaaj<\/p>\n<p><strong><em>Rapport<\/em><\/strong><\/p>\n<p>1996- 179 p.<\/p>\n<p>Cote doc\u00a0: 7-10-FIS-T<\/p>\n<p><strong><em>Uniquement \u00e0 la location<\/em><\/strong><\/p>\n<p>&nbsp;<\/p>\n<span class=\"et_bloom_bottom_trigger\"><\/span>","protected":false},"excerpt":{"rendered":"<p>Dans nos soci\u00e9t\u00e9s \u00ab\u00a0post-industrielles\u00a0\u00bb, l&rsquo;\u00e9thique est (re)devenue un th\u00e8me central et les services aux personnes vivant avec un handicap n&rsquo;ont pas \u00e9chapp\u00e9 \u00e0 cette interrogation sur les valeurs.<\/p>\n","protected":false},"featured_media":1715,"comment_status":"closed","ping_status":"closed","template":"","meta":{"_et_pb_use_builder":"","_et_pb_old_content":"","_et_gb_content_width":"","spay_email":""},"class_list":["post-1714","product","type-product","status-publish","has-post-thumbnail","hentry","product_cat-livres","product_tag-accompagnement","product_tag-aspect-culturel","product_tag-definition","product_tag-democratie","product_tag-droits-de-lhomme","product_tag-ethique","product_tag-integration","product_tag-liberte","product_tag-media","product_tag-organisme","product_tag-personne-handicapee","product_tag-philosophie","product_tag-reflexion","product_tag-respect","product_tag-service","product_tag-societe","product_tag-sociologie","product_tag-temoignage"],"jetpack_sharing_enabled":true,"jetpack_likes_enabled":true,"_links":{"self":[{"href":"https:\/\/www.parthages.be\/eboutique\/wp-json\/wp\/v2\/product\/1714","targetHints":{"allow":["GET"]}}],"collection":[{"href":"https:\/\/www.parthages.be\/eboutique\/wp-json\/wp\/v2\/product"}],"about":[{"href":"https:\/\/www.parthages.be\/eboutique\/wp-json\/wp\/v2\/types\/product"}],"replies":[{"embeddable":true,"href":"https:\/\/www.parthages.be\/eboutique\/wp-json\/wp\/v2\/comments?post=1714"}],"wp:featuredmedia":[{"embeddable":true,"href":"https:\/\/www.parthages.be\/eboutique\/wp-json\/wp\/v2\/media\/1715"}],"wp:attachment":[{"href":"https:\/\/www.parthages.be\/eboutique\/wp-json\/wp\/v2\/media?parent=1714"}],"curies":[{"name":"wp","href":"https:\/\/api.w.org\/{rel}","templated":true}]}}

Le trait en creux : l&rsquo;éthique et les services aux personnes vivant avec un handicap

<p>Dans nos sociétés « post-industrielles », l&rsquo;éthique est (re)devenue un thème central et les services aux personnes vivant avec un handicap n&rsquo;ont pas échappé à cette interrogation sur les valeurs.</p>
<p>Mais qu&rsquo;est-ce donc que ce penser éthique « post-moderne »?</p>
<p>Un sursaut de conscience dans un monde sans repères?</p>
<p>Une mode médiatique? Un nouvel enjeu politique?</p>
<p>Des professionnels de terrain proposent ici quelques pistes de réflexion susceptibles d&rsquo;éclairer le tourment éthique contemporain et d&rsquo;en comprendre l&rsquo;impact sur le travail éducatif et social dans les services d&rsquo;aide aux personnes.</p>
<p>Face à un courant dominant d' »instrumentalisation » des populations dûment ciblées par les « experts », ils appellent à une culture du respect et du conflit, à un dialogue du sujet et de la raison, qui reconnaissent les différences sans manquer de s&#8217;employer à réduire les inégalités et les assujettissements. Des professionnels d&rsquo;institutions et services de Belgique francophone se sont réunis pour s&rsquo;interroger sur le sens de leur travail d&rsquo;accompagnement des personnes vivant avec un handicap et ont écrit ce rapport. Des personnalités du monde social et universitaire ont accepté de rédiger des commentaires personnels. (Présentation de l’éditeur)</p>
<p>FEDERATION DES INSTITUTIONS ET SERVICES SPECIALISES D&rsquo;AIDE AUX ADULTES ET AUX JEUNES</p>
<p>Fissaaj</p>
<p><strong><em>Rapport</em></strong></p>
<p>1996- 179 p.</p>
<p>Cote doc : 7-10-FIS-T</p>
<p><strong><em>Uniquement à la location</em></strong></p>
<p>&nbsp;</p>
<span class="et_bloom_bottom_trigger"></span>

<p>Dans nos sociétés « post-industrielles », l&rsquo;éthique est (re)devenue un thème central et les services aux personnes vivant avec un handicap n&rsquo;ont pas échappé à cette interrogation sur les valeurs.</p>
