{"id":1718,"date":"2021-09-06T15:55:24","date_gmt":"2021-09-06T13:55:24","guid":{"rendered":"https:\/\/www.parthages.be\/eboutique\/?post_type=product&#038;p=1718"},"modified":"2021-09-06T15:55:25","modified_gmt":"2021-09-06T13:55:25","slug":"la-relation-de-soin-approches-ethiques-et-philosophiques","status":"publish","type":"product","link":"https:\/\/www.parthages.be\/eboutique\/produit\/la-relation-de-soin-approches-ethiques-et-philosophiques\/","title":{"rendered":"La relation de soin: approches \u00e9thiques et philosophiques"},"content":{"rendered":"<p>Comme toute relation humaine, la relation de soin se tisse dans un espace o\u00f9 a lieu une rencontre entre deux personnes, deux visages, deux sujets ayant chacun sa propre histoire, son caract\u00e8re, sa vie. L&rsquo;auteur emprunte la voie ouverte par l&rsquo;\u00e9thique pour tenter de cerner cette relation entre un soignant et un soign\u00e9. L&rsquo;approche \u00e9thique et philosophique permet en effet de s&rsquo;inscrire dans le r\u00e9el de ce que nous vivons dans notre vie professionnelle, familiale ou sociale.<\/p>\n<p>Mais l&rsquo;\u00e9thique est aussi, fondamentalement, une d\u00e9marche de questionnement. Or, la relation entre un soignant et un soign\u00e9, en particulier, ne peut manquer de susciter une multiplicit\u00e9 d&rsquo;interrogations, car un geste, un mot, une posture, une expression peuvent suffire \u00e0 nier l&rsquo;alt\u00e9rit\u00e9, \u00e0 oublier la dignit\u00e9 du patient, \u00e0 masquer son visage et cache un syndrome clinique. Ce sont ces \u00e9clipses de la rencontre entre les deux sujets et le sens qu&rsquo;elles peuvent rev\u00eatir qui sont d\u00e9ploy\u00e9s dans ce livre \u00e0 travers ses diff\u00e9rents th\u00e8mes: l&rsquo;annonce du diagnostic, le statut du corps, le face \u00e0 face avec la diff\u00e9rence, les regards sur le handicap, la question de la souffrance, le silence de la mort, la loi morale et l&rsquo;\u00e9thique de la responsabilit\u00e9. Ces th\u00e8mes correspondent aux questions suscit\u00e9es par la socialit\u00e9 humaine, et l&rsquo;approche \u00e9thique et philosophique permet d&rsquo;y apporter des r\u00e9ponses ouvertes, non monolithiques.<\/p>\n<p>Cet ouvrage s&rsquo;adresse aux deux sujets de la relation: au soignant et au soign\u00e9, aux deux visages cherchant \u00e0 \u00e9couter le murmure des mots, du silence ou du g\u00e9missement, dans l&rsquo;entrelacs de la relation humaine. (Pr\u00e9sentation de l\u2019\u00e9diteur)<\/p>\n<p>DUGRAVIER-GUERIN N.<\/p>\n<p>SELI ARSLAN<\/p>\n<p>2010-155p.-21.90\u20ac<\/p>\n<p>250gr<\/p>\n<p>ISBN\u00a0: 978-2-84276-162-2<\/p>\n<p>Cote doc\u00a0: 7-10-DUG-R<\/p>\n<span class=\"et_bloom_bottom_trigger\"><\/span>","protected":false},"excerpt":{"rendered":"<p>Comme toute relation humaine, la relation de soin se tisse dans un espace o\u00f9 a lieu une rencontre entre deux personnes, deux visages, deux sujets ayant chacun sa propre histoire, son caract\u00e8re, sa vie.<\/p>\n","protected":false},"featured_media":1719,"comment_status":"closed","ping_status":"closed","template":"","meta":{"_et_pb_use_builder":"","_et_pb_old_content":"","_et_gb_content_width":"","spay_email":""},"class_list":["post-1718","product","type-product","status-publish","has-post-thumbnail","hentry","product_cat-livres","product_tag-annonce-de-la-maladie","product_tag-ethique-medicale","product_tag-handicap","product_tag-malade","product_tag-medecin","product_tag-philosophie","product_tag-relation-soignant-soigne","product_tag-soins-hospitaliers","product_tag-souffrance"],"jetpack_sharing_enabled":true,"jetpack_likes_enabled":true,"_links":{"self":[{"href":"https:\/\/www.parthages.be\/eboutique\/wp-json\/wp\/v2\/product\/1718","targetHints":{"allow":["GET"]}}],"collection":[{"href":"https:\/\/www.parthages.be\/eboutique\/wp-json\/wp\/v2\/product"}],"about":[{"href":"https:\/\/www.parthages.be\/eboutique\/wp-json\/wp\/v2\/types\/product"}],"replies":[{"embeddable":true,"href":"https:\/\/www.parthages.be\/eboutique\/wp-json\/wp\/v2\/comments?post=1718"}],"wp:featuredmedia":[{"embeddable":true,"href":"https:\/\/www.parthages.be\/eboutique\/wp-json\/wp\/v2\/media\/1719"}],"wp:attachment":[{"href":"https:\/\/www.parthages.be\/eboutique\/wp-json\/wp\/v2\/media?parent=1718"}],"curies":[{"name":"wp","href":"https:\/\/api.w.org\/{rel}","templated":true}]}}

La relation de soin: approches éthiques et philosophiques

<p>Comme toute relation humaine, la relation de soin se tisse dans un espace où a lieu une rencontre entre deux personnes, deux visages, deux sujets ayant chacun sa propre histoire, son caractère, sa vie. L&rsquo;auteur emprunte la voie ouverte par l&rsquo;éthique pour tenter de cerner cette relation entre un soignant et un soigné. L&rsquo;approche éthique et philosophique permet en effet de s&rsquo;inscrire dans le réel de ce que nous vivons dans notre vie professionnelle, familiale ou sociale.</p>
<p>Mais l&rsquo;éthique est aussi, fondamentalement, une démarche de questionnement. Or, la relation entre un soignant et un soigné, en particulier, ne peut manquer de susciter une multiplicité d&rsquo;interrogations, car un geste, un mot, une posture, une expression peuvent suffire à nier l&rsquo;altérité, à oublier la dignité du patient, à masquer son visage et cache un syndrome clinique. Ce sont ces éclipses de la rencontre entre les deux sujets et le sens qu&rsquo;elles peuvent revêtir qui sont déployés dans ce livre à travers ses différents thèmes: l&rsquo;annonce du diagnostic, le statut du corps, le face à face avec la différence, les regards sur le handicap, la question de la souffrance, le silence de la mort, la loi morale et l&rsquo;éthique de la responsabilité. Ces thèmes correspondent aux questions suscitées par la socialité humaine, et l&rsquo;approche éthique et philosophique permet d&rsquo;y apporter des réponses ouvertes, non monolithiques.</p>
<p>Cet ouvrage s&rsquo;adresse aux deux sujets de la relation: au soignant et au soigné, aux deux visages cherchant à écouter le murmure des mots, du silence ou du gémissement, dans l&rsquo;entrelacs de la relation humaine. (Présentation de l’éditeur)</p>
<p>DUGRAVIER-GUERIN N.</p>
<p>SELI ARSLAN</p>
<p>2010-155p.-21.90€</p>
<p>250gr</p>
<p>ISBN : 978-2-84276-162-2</p>
<p>Cote doc : 7-10-DUG-R</p>
<span class="et_bloom_bottom_trigger"></span>

<p>Comme toute relation humaine, la relation de soin se tisse dans un espace où a lieu une rencontre entre deux personnes, deux visages, deux sujets ayant chacun sa propre histoire, son caractère, sa vie.</p>
