{"id":1722,"date":"2021-09-06T16:00:14","date_gmt":"2021-09-06T14:00:14","guid":{"rendered":"https:\/\/www.parthages.be\/eboutique\/?post_type=product&#038;p=1722"},"modified":"2021-09-06T16:00:14","modified_gmt":"2021-09-06T14:00:14","slug":"nous-respecter-cest-vous-respecter-pour-une-approche-civique-de-la-personne-handicapee","status":"publish","type":"product","link":"https:\/\/www.parthages.be\/eboutique\/produit\/nous-respecter-cest-vous-respecter-pour-une-approche-civique-de-la-personne-handicapee\/","title":{"rendered":"Nous respecter c&rsquo;est vous respecter : pour une approche civique de la personne handicap\u00e9e"},"content":{"rendered":"<p>Ce document est le r\u00e9sultat d&rsquo;un groupe de travail de personnes porteuses de diff\u00e9rents handicaps (parapl\u00e9gie, c\u00e9cit\u00e9, petite taille, surdit\u00e9&#8230;).<\/p>\n<p>A partir de t\u00e9moignages \u00e9crits par les personnes handicap\u00e9es, 4 grands axes de r\u00e9flexion sont abord\u00e9s:<\/p>\n<p>&#8211; d\u00e9velopper des services ;<\/p>\n<p>&#8211; permettre le travail et la vie de couple;<\/p>\n<p>&#8211; am\u00e9liorer l&rsquo;accessibilit\u00e9 ;<\/p>\n<p>&#8211; briser le tabou de la sexualit\u00e9.<\/p>\n<p>35 propositions concr\u00e8tes sont alors \u00e9nonc\u00e9es, sous forme de recommandations aux diff\u00e9rents niveaux de pouvoir. Un document qui d\u00e9montre que l&rsquo;int\u00e9gration est d&rsquo;abord une approche culturelle, un regard d\u00e9pourvu de discrimination. (Pr\u00e9sentation de l\u2019\u00e9diteur)<\/p>\n<p>DESTEXHE A.<\/p>\n<p>Luc Pire<\/p>\n<p><strong><em>Document<\/em><\/strong><\/p>\n<p>2002-124p.<\/p>\n<p>Cote doc\u00a0: 7-10-DES-N<\/p>\n<p><strong><em>Uniquement \u00e0 la location<\/em><\/strong><\/p>\n<span class=\"et_bloom_bottom_trigger\"><\/span>","protected":false},"excerpt":{"rendered":"<p>Ce document est le r\u00e9sultat d&rsquo;un groupe de travail de personnes porteuses de diff\u00e9rents handicaps (parapl\u00e9gie, c\u00e9cit\u00e9, petite taille, surdit\u00e9&#8230;).<\/p>\n","protected":false},"featured_media":1723,"comment_status":"closed","ping_status":"closed","template":"","meta":{"_et_pb_use_builder":"","_et_pb_old_content":"","_et_gb_content_width":"","spay_email":""},"class_list":["post-1722","product","type-product","status-publish","has-post-thumbnail","hentry","product_cat-livres","product_tag-acces","product_tag-acces-au-batiment","product_tag-acces-au-travail","product_tag-citoyennete","product_tag-deficience-physique","product_tag-deficience-sensorielle","product_tag-droit","product_tag-integration-professionnelle","product_tag-integration-sociale","product_tag-nanisme","product_tag-participation","product_tag-personne-a-mobilite-reduite","product_tag-personne-handicapee","product_tag-recommandation","product_tag-temoignage","product_tag-vie-affective"],"jetpack_sharing_enabled":true,"jetpack_likes_enabled":true,"_links":{"self":[{"href":"https:\/\/www.parthages.be\/eboutique\/wp-json\/wp\/v2\/product\/1722","targetHints":{"allow":["GET"]}}],"collection":[{"href":"https:\/\/www.parthages.be\/eboutique\/wp-json\/wp\/v2\/product"}],"about":[{"href":"https:\/\/www.parthages.be\/eboutique\/wp-json\/wp\/v2\/types\/product"}],"replies":[{"embeddable":true,"href":"https:\/\/www.parthages.be\/eboutique\/wp-json\/wp\/v2\/comments?post=1722"}],"wp:featuredmedia":[{"embeddable":true,"href":"https:\/\/www.parthages.be\/eboutique\/wp-json\/wp\/v2\/media\/1723"}],"wp:attachment":[{"href":"https:\/\/www.parthages.be\/eboutique\/wp-json\/wp\/v2\/media?parent=1722"}],"curies":[{"name":"wp","href":"https:\/\/api.w.org\/{rel}","templated":true}]}}

Nous respecter c&rsquo;est vous respecter : pour une approche civique de la personne handicapée

<p>Ce document est le résultat d&rsquo;un groupe de travail de personnes porteuses de différents handicaps (paraplégie, cécité, petite taille, surdité&#8230;).</p>
<p>A partir de témoignages écrits par les personnes handicapées, 4 grands axes de réflexion sont abordés:</p>
<p>&#8211; développer des services ;</p>
<p>&#8211; permettre le travail et la vie de couple;</p>
<p>&#8211; améliorer l&rsquo;accessibilité ;</p>
<p>&#8211; briser le tabou de la sexualité.</p>
<p>35 propositions concrètes sont alors énoncées, sous forme de recommandations aux différents niveaux de pouvoir. Un document qui démontre que l&rsquo;intégration est d&rsquo;abord une approche culturelle, un regard dépourvu de discrimination. (Présentation de l’éditeur)</p>
<p>DESTEXHE A.</p>
<p>Luc Pire</p>
<p><strong><em>Document</em></strong></p>
<p>2002-124p.</p>
<p>Cote doc : 7-10-DES-N</p>
<p><strong><em>Uniquement à la location</em></strong></p>
<span class="et_bloom_bottom_trigger"></span>

<p>Ce document est le résultat d&rsquo;un groupe de travail de personnes porteuses de différents handicaps (paraplégie, cécité, petite taille, surdité&#8230;).</p>
