{"id":1727,"date":"2021-09-06T16:11:00","date_gmt":"2021-09-06T14:11:00","guid":{"rendered":"https:\/\/www.parthages.be\/eboutique\/?post_type=product&#038;p=1727"},"modified":"2022-03-23T17:25:14","modified_gmt":"2022-03-23T16:25:14","slug":"droits-de-lhomme-handicap-enfants","status":"publish","type":"product","link":"https:\/\/www.parthages.be\/eboutique\/produit\/droits-de-lhomme-handicap-enfants\/","title":{"rendered":"Droits de l&rsquo;homme &#8211; handicap &#8211; enfants"},"content":{"rendered":"<p><strong>Droits de l&rsquo;homme &#8211; handicap &#8211; enfants : vers des dispositions internationales pour le droit des personnes handicap\u00e9es- le cas particuliers des enfants handicap\u00e9s<\/strong><\/p>\n<p>La conf\u00e9rence organis\u00e9e par le Conseil de l&rsquo;Europe \u00e0 Strasbourg sous la pr\u00e9sidence norv\u00e9gienne, a examin\u00e9 les instruments actuels du Conseil de l&rsquo;Europe destin\u00e9s \u00e0 promouvoir et \u00e0 prot\u00e9ger les droits des personnes handicap\u00e9es.<\/p>\n<p>L&rsquo;accent a \u00e9t\u00e9 mis notamment sur le droit des enfants handicap\u00e9s de grandir dans un contexte familial et dans la collectivit\u00e9 (pr\u00e9sentation de l\u2019\u00e9diteur).<\/p>\n<p>Editions du Conseil de L&rsquo;Europe<\/p>\n<p><strong>Actes de la conf\u00e9rence<\/strong><\/p>\n<p>2005-283p.<\/p>\n<p>ISBN\u00a0: 92-871-5871-1<\/p>\n<p>Cote doc\u00a0: 7-10-CE-V<\/p>\n<p><strong><em>Uniquement \u00e0 la location<\/em><\/strong><\/p>\n<span class=\"et_bloom_bottom_trigger\"><\/span>","protected":false},"excerpt":{"rendered":"<p>La conf\u00e9rence organis\u00e9e par le Conseil de l&rsquo;Europe \u00e0 Strasbourg sous la pr\u00e9sidence norv\u00e9gienne, a examin\u00e9 les instruments actuels du Conseil de l&rsquo;Europe destin\u00e9s \u00e0 promouvoir et \u00e0 prot\u00e9ger les droits des personnes handicap\u00e9es.<\/p>\n","protected":false},"featured_media":1728,"comment_status":"closed","ping_status":"closed","template":"","meta":{"_et_pb_use_builder":"","_et_pb_old_content":"","_et_gb_content_width":"","spay_email":""},"class_list":["post-1727","product","type-product","status-publish","has-post-thumbnail","hentry","product_cat-livres","product_tag-desinstitutionnalisation","product_tag-droit","product_tag-droits-de-lenfant","product_tag-droits-de-lhomme","product_tag-enfant","product_tag-famille","product_tag-handicap","product_tag-union-europeenne"],"jetpack_sharing_enabled":true,"jetpack_likes_enabled":true,"_links":{"self":[{"href":"https:\/\/www.parthages.be\/eboutique\/wp-json\/wp\/v2\/product\/1727","targetHints":{"allow":["GET"]}}],"collection":[{"href":"https:\/\/www.parthages.be\/eboutique\/wp-json\/wp\/v2\/product"}],"about":[{"href":"https:\/\/www.parthages.be\/eboutique\/wp-json\/wp\/v2\/types\/product"}],"replies":[{"embeddable":true,"href":"https:\/\/www.parthages.be\/eboutique\/wp-json\/wp\/v2\/comments?post=1727"}],"wp:featuredmedia":[{"embeddable":true,"href":"https:\/\/www.parthages.be\/eboutique\/wp-json\/wp\/v2\/media\/1728"}],"wp:attachment":[{"href":"https:\/\/www.parthages.be\/eboutique\/wp-json\/wp\/v2\/media?parent=1727"}],"curies":[{"name":"wp","href":"https:\/\/api.w.org\/{rel}","templated":true}]}}

<p><strong>Droits de l&rsquo;homme &#8211; handicap &#8211; enfants : vers des dispositions internationales pour le droit des personnes handicapées- le cas particuliers des enfants handicapés</strong></p>
<p>La conférence organisée par le Conseil de l&rsquo;Europe à Strasbourg sous la présidence norvégienne, a examiné les instruments actuels du Conseil de l&rsquo;Europe destinés à promouvoir et à protéger les droits des personnes handicapées.</p>
<p>L&rsquo;accent a été mis notamment sur le droit des enfants handicapés de grandir dans un contexte familial et dans la collectivité (présentation de l’éditeur).</p>
<p>Editions du Conseil de L&rsquo;Europe</p>
<p><strong>Actes de la conférence</strong></p>
<p>2005-283p.</p>
<p>ISBN : 92-871-5871-1</p>
<p>Cote doc : 7-10-CE-V</p>
<p><strong><em>Uniquement à la location</em></strong></p>
<span class="et_bloom_bottom_trigger"></span>

<p>La conférence organisée par le Conseil de l&rsquo;Europe à Strasbourg sous la présidence norvégienne, a examiné les instruments actuels du Conseil de l&rsquo;Europe destinés à promouvoir et à protéger les droits des personnes handicapées.</p>
