{"id":1736,"date":"2021-09-06T16:23:53","date_gmt":"2021-09-06T14:23:53","guid":{"rendered":"https:\/\/www.parthages.be\/eboutique\/?post_type=product&#038;p=1736"},"modified":"2021-09-06T16:29:49","modified_gmt":"2021-09-06T14:29:49","slug":"dire-la-maladie-et-le-handicap","status":"publish","type":"product","link":"https:\/\/www.parthages.be\/eboutique\/produit\/dire-la-maladie-et-le-handicap\/","title":{"rendered":"Dire la maladie et le handicap"},"content":{"rendered":"<p>Marie-H\u00e9l\u00e8ne Boucand a revisit\u00e9 sa double exp\u00e9rience de m\u00e9decin malade pour mieux appr\u00e9cier comment soignants et malades peuvent \u00eatre des veilleurs du respect de l&rsquo;homme souffrant. \u00catre \u00e0 la fois soignant et soign\u00e9, acteur de cette relation fragile et fondamentale qu&rsquo;est celle du \u00ab\u00a0prendre soin\u00a0\u00bb ensemble de l&rsquo;humanit\u00e9 souffrante tout en se retrouvant de l&rsquo;autre c\u00f4t\u00e9 : telle est la double exp\u00e9rience dont elle souhaite t\u00e9moigner, ici, o\u00f9 les regards se m\u00ealent et s&rsquo;\u00e9clairent. (Pr\u00e9sentation de l\u2019\u00e9diteur)<\/p>\n<p>BOUCAND M.- H.<\/p>\n<p>Vuibert<\/p>\n<p>2009-128p.<\/p>\n<p>ISBN\u00a0: 978-2-7117-1278-6<\/p>\n<p>Cote doc\u00a0: 7-10-BOU-D<\/p>\n<p><strong><em>Uniquement \u00e0 la location<\/em><\/strong><\/p>\n<span class=\"et_bloom_bottom_trigger\"><\/span>","protected":false},"excerpt":{"rendered":"<p>Marie-H\u00e9l\u00e8ne Boucand a revisit\u00e9 sa double exp\u00e9rience de m\u00e9decin malade pour mieux appr\u00e9cier comment soignants et malades peuvent \u00eatre des veilleurs du respect de l&rsquo;homme souffrant. \u00catre \u00e0 la fois soignant et soign\u00e9, acteur de cette relation fragile et fondamentale qu&rsquo;est celle du \u00ab\u00a0prendre soin\u00a0\u00bb ensemble de l&rsquo;humanit\u00e9 souffrante tout en se retrouvant de l&rsquo;autre [&hellip;]<\/p>\n","protected":false},"featured_media":1737,"comment_status":"closed","ping_status":"closed","template":"","meta":{"_et_pb_use_builder":"","_et_pb_old_content":"","_et_gb_content_width":"","spay_email":""},"class_list":["post-1736","product","type-product","status-publish","has-post-thumbnail","hentry","product_cat-livres","product_tag-autonomie","product_tag-communication","product_tag-dignite","product_tag-ethique","product_tag-famille","product_tag-handicap","product_tag-maladie","product_tag-relation-soignant-soigne","product_tag-soins","product_tag-souffrance","product_tag-traumatisme-cranien"],"jetpack_sharing_enabled":true,"jetpack_likes_enabled":true,"_links":{"self":[{"href":"https:\/\/www.parthages.be\/eboutique\/wp-json\/wp\/v2\/product\/1736","targetHints":{"allow":["GET"]}}],"collection":[{"href":"https:\/\/www.parthages.be\/eboutique\/wp-json\/wp\/v2\/product"}],"about":[{"href":"https:\/\/www.parthages.be\/eboutique\/wp-json\/wp\/v2\/types\/product"}],"replies":[{"embeddable":true,"href":"https:\/\/www.parthages.be\/eboutique\/wp-json\/wp\/v2\/comments?post=1736"}],"wp:featuredmedia":[{"embeddable":true,"href":"https:\/\/www.parthages.be\/eboutique\/wp-json\/wp\/v2\/media\/1737"}],"wp:attachment":[{"href":"https:\/\/www.parthages.be\/eboutique\/wp-json\/wp\/v2\/media?parent=1736"}],"curies":[{"name":"wp","href":"https:\/\/api.w.org\/{rel}","templated":true}]}}

<p>Marie-Hélène Boucand a revisité sa double expérience de médecin malade pour mieux apprécier comment soignants et malades peuvent être des veilleurs du respect de l&rsquo;homme souffrant. Être à la fois soignant et soigné, acteur de cette relation fragile et fondamentale qu&rsquo;est celle du « prendre soin » ensemble de l&rsquo;humanité souffrante tout en se retrouvant de l&rsquo;autre côté : telle est la double expérience dont elle souhaite témoigner, ici, où les regards se mêlent et s&rsquo;éclairent. (Présentation de l’éditeur)</p>
<p>BOUCAND M.- H.</p>
<p>Vuibert</p>
<p>2009-128p.</p>
<p>ISBN : 978-2-7117-1278-6</p>
<p>Cote doc : 7-10-BOU-D</p>
<p><strong><em>Uniquement à la location</em></strong></p>
<span class="et_bloom_bottom_trigger"></span>

<p>Marie-Hélène Boucand a revisité sa double expérience de médecin malade pour mieux apprécier comment soignants et malades peuvent être des veilleurs du respect de l&rsquo;homme souffrant. Être à la fois soignant et soigné, acteur de cette relation fragile et fondamentale qu&rsquo;est celle du « prendre soin » ensemble de l&rsquo;humanité souffrante tout en se retrouvant de l&rsquo;autre [&hellip;]</p>
