{"id":1738,"date":"2021-09-06T16:31:11","date_gmt":"2021-09-06T14:31:11","guid":{"rendered":"https:\/\/www.parthages.be\/eboutique\/?post_type=product&#038;p=1738"},"modified":"2021-09-06T16:31:12","modified_gmt":"2021-09-06T14:31:12","slug":"penser-la-participation-en-economie-sociale-et-en-action-sociale","status":"publish","type":"product","link":"https:\/\/www.parthages.be\/eboutique\/produit\/penser-la-participation-en-economie-sociale-et-en-action-sociale\/","title":{"rendered":"Penser la participation en \u00e9conomie sociale et en action sociale"},"content":{"rendered":"<p>L\u2019important succ\u00e8s que rencontre actuellement la notion de participation montre la perspective retenue par les pouvoirs publics, le passage d\u2019un Etat-providence \u00e0 un \u00c9tat animateur, et refl\u00e8te un nouveau mod\u00e8le de soci\u00e9t\u00e9. \u00ab Participation \u00bb, \u00ab concertation \u00bb, \u00ab association \u00bb, sont des termes utilis\u00e9s de plus en plus fr\u00e9quemment et traduisent l\u2019av\u00e8nement de la personne comme acteur social et politique, ainsi que les nouvelles formes de recomposition de l\u2019action publique. L&rsquo;ambition participative renvoie \u00e0 un mod\u00e8le de soci\u00e9t\u00e9 qui prend ses distances avec celui qui s&rsquo;est instaur\u00e9 autour de la division du travail et de la soci\u00e9t\u00e9 salariale et red\u00e9finit les principes pr\u00e9sidant l\u2019action publique. Pour l\u2019action sociale, l&rsquo;assistance \u00e9tant jug\u00e9e trop passive et l\u2019Etat providence engendrant trop l\u2019assistanat, une l\u00e9gislation instaurant la participation entend lui substituer un mod\u00e8le d&rsquo;appartenance plus actif, plus individuel et mieux ma\u00eetris\u00e9 par chacun. Elle place l\u2019usager au c\u0153ur des pr\u00e9occupations des institutions et promeut des formes d&rsquo;intervention sociale fond\u00e9es sur l&rsquo;individu. . (Pr\u00e9sentation de l\u2019\u00e9diteur)<\/p>\n<p>BOUQUET B.- DRAPERI J-F.- JAEGER M.<\/p>\n<p>Editions Dunod<\/p>\n<p>2009-288p.-33\u20ac<\/p>\n<p>443gr<\/p>\n<p>ISBN\u00a0: 978-2-10-053088-5<\/p>\n<p>Cote doc\u00a0: 7-10-BOU-P<\/p>\n<span class=\"et_bloom_bottom_trigger\"><\/span>","protected":false},"excerpt":{"rendered":"<p>L\u2019important succ\u00e8s que rencontre actuellement la notion de participation montre la perspective retenue par les pouvoirs publics, le passage d\u2019un Etat-providence \u00e0 un \u00c9tat animateur, et refl\u00e8te un nouveau mod\u00e8le de soci\u00e9t\u00e9.<\/p>\n","protected":false},"featured_media":1739,"comment_status":"closed","ping_status":"closed","template":"","meta":{"_et_pb_use_builder":"","_et_pb_old_content":"","_et_gb_content_width":"","spay_email":""},"class_list":["post-1738","product","type-product","status-publish","has-post-thumbnail","hentry","product_cat-livres","product_tag-action-sociale","product_tag-citoyennete","product_tag-democratie","product_tag-economie-sociale","product_tag-participation"],"jetpack_sharing_enabled":true,"jetpack_likes_enabled":true,"_links":{"self":[{"href":"https:\/\/www.parthages.be\/eboutique\/wp-json\/wp\/v2\/product\/1738","targetHints":{"allow":["GET"]}}],"collection":[{"href":"https:\/\/www.parthages.be\/eboutique\/wp-json\/wp\/v2\/product"}],"about":[{"href":"https:\/\/www.parthages.be\/eboutique\/wp-json\/wp\/v2\/types\/product"}],"replies":[{"embeddable":true,"href":"https:\/\/www.parthages.be\/eboutique\/wp-json\/wp\/v2\/comments?post=1738"}],"wp:featuredmedia":[{"embeddable":true,"href":"https:\/\/www.parthages.be\/eboutique\/wp-json\/wp\/v2\/media\/1739"}],"wp:attachment":[{"href":"https:\/\/www.parthages.be\/eboutique\/wp-json\/wp\/v2\/media?parent=1738"}],"curies":[{"name":"wp","href":"https:\/\/api.w.org\/{rel}","templated":true}]}}