{"id":174,"date":"2012-09-24T11:37:53","date_gmt":"2012-09-24T09:37:53","guid":{"rendered":"https:\/\/www.parthages.be\/wordpress\/produit\/dialogue-sur-le-handicap-et-l-alterite\/"},"modified":"2021-08-17T10:28:49","modified_gmt":"2021-08-17T08:28:49","slug":"dialogue-sur-le-handicap-et-l-alterite","status":"publish","type":"product","link":"https:\/\/www.parthages.be\/eboutique\/produit\/dialogue-sur-le-handicap-et-l-alterite\/","title":{"rendered":"Dialogue sur le handicap et l&rsquo;alt\u00e9rit\u00e9"},"content":{"rendered":"<p>\u00a0\u00bb Tu ne peux pas comprendre, tu ne vis pas ce que je vis \u00a0\u00bb : sous couvert d&rsquo;un tr\u00e8s grand respect de l&rsquo;autre, ce constat en arrange en fait plus d&rsquo;un, \u00a0\u00bb handicap\u00e9 \u00a0\u00bb ou non. Pour sortir du registre de la plainte et prendre conscience de la proximit\u00e9 du handicap (\u00e0 c\u00f4t\u00e9 de nous, voire en nous), il suffit d&rsquo;affirmer la pr\u00e9sence \u00e0 soi et aux autres, de toute personne humaine : nous sommes faits pour nous entendre et pour nous comprendre ; pour voir comment, dans la diff\u00e9rence, brillent encore plus nos ressemblances.<\/p>\n<p>Dans ce qui aurait pu s&rsquo;appeler \u00a0\u00bb Tout ce que vous avez toujours voulu savoir de la vie intime d&rsquo;une personne handicap\u00e9e, sans jamais oser le demander \u00ab\u00a0, un philosophe se laisse interroger par une personne en situation de handicap, et r\u00e9ciproquement. Les sujets les plus tabous sont abord\u00e9s avec la franchise, et la lucidit\u00e9 non d\u00e9nu\u00e9e de d\u00e9licatesse, que seule autorise l&rsquo;amiti\u00e9.<\/p>\n<p>Contrairement aux apparences, nous sommes tous potentiellement en situation de handicap. Inversement, aucune \u00a0\u00bb personne \u00a0\u00bb en tant que telle n&rsquo;est \u00a0\u00bb handicap\u00e9e \u00ab\u00a0. Il convient d&rsquo;acc\u00e9der, avec les auteurs de ce livre, \u00e0 la puissance lib\u00e9ratrice du dialogue, pour se r\u00e9approprier ces v\u00e9rit\u00e9s. (Pr\u00e9sentation de l\u2019\u00e9diteur)<\/p>\n<p>NUSS M.- ANCET P.<\/p>\n<p>Dunod<\/p>\n<p>2012-256p-24.50\u20ac<\/p>\n<p>410gr<\/p>\n<p>ISBN\u00a0: 978-2-10-057392-9<\/p>\n<p>Cote doc\u00a0: 7-30-NUS-D<\/p>\n<span class=\"et_bloom_bottom_trigger\"><\/span>","protected":false},"excerpt":{"rendered":"<p>\u00a0\u00bb Tu ne peux pas comprendre, tu ne vis pas ce que je vis \u00a0\u00bb : sous couvert d&rsquo;un tr\u00e8s grand respect de l&rsquo;autre, ce constat en arrange en fait plus d&rsquo;un, \u00a0\u00bb handicap\u00e9 \u00a0\u00bb ou non.<\/p>\n","protected":false},"featured_media":173,"comment_status":"open","ping_status":"closed","template":"","meta":{"_et_pb_use_builder":"","_et_pb_old_content":"","_et_gb_content_width":"","spay_email":""},"class_list":["post-174","product","type-product","status-publish","has-post-thumbnail","hentry","product_cat-livres","product_tag-alterite","product_tag-dialogue","product_tag-empathie","product_tag-image-de-soi","product_tag-image-du-corps","product_tag-personne-handicapee","product_tag-philosophie","product_tag-reconnaissance-sociale","product_tag-reflexion","product_tag-vecu"],"jetpack_sharing_enabled":true,"jetpack_likes_enabled":true,"_links":{"self":[{"href":"https:\/\/www.parthages.be\/eboutique\/wp-json\/wp\/v2\/product\/174","targetHints":{"allow":["GET"]}}],"collection":[{"href":"https:\/\/www.parthages.be\/eboutique\/wp-json\/wp\/v2\/product"}],"about":[{"href":"https:\/\/www.parthages.be\/eboutique\/wp-json\/wp\/v2\/types\/product"}],"replies":[{"embeddable":true,"href":"https:\/\/www.parthages.be\/eboutique\/wp-json\/wp\/v2\/comments?post=174"}],"wp:featuredmedia":[{"embeddable":true,"href":"https:\/\/www.parthages.be\/eboutique\/wp-json\/wp\/v2\/media\/173"}],"wp:attachment":[{"href":"https:\/\/www.parthages.be\/eboutique\/wp-json\/wp\/v2\/media?parent=174"}],"curies":[{"name":"wp","href":"https:\/\/api.w.org\/{rel}","templated":true}]}}

Dialogue sur le handicap et l&rsquo;altérité

<p> » Tu ne peux pas comprendre, tu ne vis pas ce que je vis  » : sous couvert d&rsquo;un très grand respect de l&rsquo;autre, ce constat en arrange en fait plus d&rsquo;un,  » handicapé  » ou non. Pour sortir du registre de la plainte et prendre conscience de la proximité du handicap (à côté de nous, voire en nous), il suffit d&rsquo;affirmer la présence à soi et aux autres, de toute personne humaine : nous sommes faits pour nous entendre et pour nous comprendre ; pour voir comment, dans la différence, brillent encore plus nos ressemblances.</p>
<p>Dans ce qui aurait pu s&rsquo;appeler  » Tout ce que vous avez toujours voulu savoir de la vie intime d&rsquo;une personne handicapée, sans jamais oser le demander « , un philosophe se laisse interroger par une personne en situation de handicap, et réciproquement. Les sujets les plus tabous sont abordés avec la franchise, et la lucidité non dénuée de délicatesse, que seule autorise l&rsquo;amitié.</p>
<p>Contrairement aux apparences, nous sommes tous potentiellement en situation de handicap. Inversement, aucune  » personne  » en tant que telle n&rsquo;est  » handicapée « . Il convient d&rsquo;accéder, avec les auteurs de ce livre, à la puissance libératrice du dialogue, pour se réapproprier ces vérités. (Présentation de l’éditeur)</p>
<p>NUSS M.- ANCET P.</p>
<p>Dunod</p>
<p>2012-256p-24.50€</p>
<p>410gr</p>
<p>ISBN : 978-2-10-057392-9</p>
<p>Cote doc : 7-30-NUS-D</p>
<span class="et_bloom_bottom_trigger"></span>

<p> » Tu ne peux pas comprendre, tu ne vis pas ce que je vis  » : sous couvert d&rsquo;un très grand respect de l&rsquo;autre, ce constat en arrange en fait plus d&rsquo;un,  » handicapé  » ou non.</p>
