{"id":1742,"date":"2021-09-06T16:37:49","date_gmt":"2021-09-06T14:37:49","guid":{"rendered":"https:\/\/www.parthages.be\/eboutique\/?post_type=product&#038;p=1742"},"modified":"2021-09-06T16:37:50","modified_gmt":"2021-09-06T14:37:50","slug":"les-travailleurs-handicapes-vieillissants","status":"publish","type":"product","link":"https:\/\/www.parthages.be\/eboutique\/produit\/les-travailleurs-handicapes-vieillissants\/","title":{"rendered":"Les travailleurs handicap\u00e9s vieillissants"},"content":{"rendered":"<p>Alors que la th\u00e9matique de l&rsquo;insertion professionnelle des travailleurs handicap\u00e9s a suscit\u00e9 l&rsquo;int\u00e9r\u00eat d&rsquo;un nombre croissant de sp\u00e9cialistes divers, celle des travailleurs handicap\u00e9s vieillissants a eu un moindre \u00e9cho. Elle prend aujourd&rsquo;hui une dimension nouvelle du fait de l&rsquo;allongement programm\u00e9 de la dur\u00e9e d&rsquo;activit\u00e9 des salari\u00e9s appartenant au milieu ordinaire de travail et de l&rsquo;augmentation de l&rsquo;esp\u00e9rance de vie des travailleurs handicap\u00e9s exer\u00e7ant dans le secteur prot\u00e9g\u00e9.<\/p>\n<p>Les employeurs de ces deux secteurs sont confront\u00e9s \u00e0 la pr\u00e9sence d&rsquo;une population constitu\u00e9e de travailleurs handicap\u00e9s vieillissants connaissant des restrictions de capacit\u00e9s, d&rsquo;usure professionnelle, de limitations de comp\u00e9tences dues \u00e0 l&rsquo;avanc\u00e9e en \u00e2ge&#8230; Ils devront donc trouver les modalit\u00e9s adapt\u00e9es permettant de prendre en compte les sp\u00e9cificit\u00e9s de cette population.<\/p>\n<p>En se centrant sur l&rsquo;\u00e9mergence d&rsquo;une th\u00e9matique nouvelle, les auteurs de cet ouvrage apportent leur contribution \u00e0 une r\u00e9flexion portant sur les conditions de prise en charge d&rsquo;une main-d\u2019\u0153uvre sp\u00e9cifique et sur les modalit\u00e9s d&rsquo;existence d&rsquo;une solidarit\u00e9 collective. (Pr\u00e9sentation de l\u2019\u00e9diteur)<\/p>\n<p>BLANC A.<\/p>\n<p>PUG<\/p>\n<p>2008-248p.-23.10\u20ac<\/p>\n<p>335gr<\/p>\n<p>ISBN\u00a0: 978-2-7061-1468-7<\/p>\n<p>Cote doc\u00a0: 7-10-BLA-T<\/p>\n<span class=\"et_bloom_bottom_trigger\"><\/span>","protected":false},"excerpt":{"rendered":"<p>Alors que la th\u00e9matique de l&rsquo;insertion professionnelle des travailleurs handicap\u00e9s a suscit\u00e9 l&rsquo;int\u00e9r\u00eat d&rsquo;un nombre croissant de sp\u00e9cialistes divers, celle des travailleurs handicap\u00e9s vieillissants a eu un moindre \u00e9cho.<\/p>\n","protected":false},"featured_media":1743,"comment_status":"closed","ping_status":"closed","template":"","meta":{"_et_pb_use_builder":"","_et_pb_old_content":"","_et_gb_content_width":"","spay_email":""},"class_list":["post-1742","product","type-product","status-publish","has-post-thumbnail","hentry","product_cat-livres","product_tag-adaptation","product_tag-deficience-intellectuelle","product_tag-france","product_tag-insertion-professionnelle","product_tag-institution","product_tag-milieu-ordinaire","product_tag-pays-bas","product_tag-personne-handicapee","product_tag-readaptation","product_tag-retraite","product_tag-royaume-uni","product_tag-suede","product_tag-travailleur-handicape","product_tag-vieillissement"],"jetpack_sharing_enabled":true,"jetpack_likes_enabled":true,"_links":{"self":[{"href":"https:\/\/www.parthages.be\/eboutique\/wp-json\/wp\/v2\/product\/1742","targetHints":{"allow":["GET"]}}],"collection":[{"href":"https:\/\/www.parthages.be\/eboutique\/wp-json\/wp\/v2\/product"}],"about":[{"href":"https:\/\/www.parthages.be\/eboutique\/wp-json\/wp\/v2\/types\/product"}],"replies":[{"embeddable":true,"href":"https:\/\/www.parthages.be\/eboutique\/wp-json\/wp\/v2\/comments?post=1742"}],"wp:featuredmedia":[{"embeddable":true,"href":"https:\/\/www.parthages.be\/eboutique\/wp-json\/wp\/v2\/media\/1743"}],"wp:attachment":[{"href":"https:\/\/www.parthages.be\/eboutique\/wp-json\/wp\/v2\/media?parent=1742"}],"curies":[{"name":"wp","href":"https:\/\/api.w.org\/{rel}","templated":true}]}}

Les travailleurs handicapés vieillissants

<p>Alors que la thématique de l&rsquo;insertion professionnelle des travailleurs handicapés a suscité l&rsquo;intérêt d&rsquo;un nombre croissant de spécialistes divers, celle des travailleurs handicapés vieillissants a eu un moindre écho. Elle prend aujourd&rsquo;hui une dimension nouvelle du fait de l&rsquo;allongement programmé de la durée d&rsquo;activité des salariés appartenant au milieu ordinaire de travail et de l&rsquo;augmentation de l&rsquo;espérance de vie des travailleurs handicapés exerçant dans le secteur protégé.</p>
<p>Les employeurs de ces deux secteurs sont confrontés à la présence d&rsquo;une population constituée de travailleurs handicapés vieillissants connaissant des restrictions de capacités, d&rsquo;usure professionnelle, de limitations de compétences dues à l&rsquo;avancée en âge&#8230; Ils devront donc trouver les modalités adaptées permettant de prendre en compte les spécificités de cette population.</p>
<p>En se centrant sur l&rsquo;émergence d&rsquo;une thématique nouvelle, les auteurs de cet ouvrage apportent leur contribution à une réflexion portant sur les conditions de prise en charge d&rsquo;une main-d’œuvre spécifique et sur les modalités d&rsquo;existence d&rsquo;une solidarité collective. (Présentation de l’éditeur)</p>
<p>BLANC A.</p>
<p>PUG</p>
<p>2008-248p.-23.10€</p>
<p>335gr</p>
<p>ISBN : 978-2-7061-1468-7</p>
<p>Cote doc : 7-10-BLA-T</p>
<span class="et_bloom_bottom_trigger"></span>

<p>Alors que la thématique de l&rsquo;insertion professionnelle des travailleurs handicapés a suscité l&rsquo;intérêt d&rsquo;un nombre croissant de spécialistes divers, celle des travailleurs handicapés vieillissants a eu un moindre écho.</p>
