{"id":1744,"date":"2021-09-06T16:40:56","date_gmt":"2021-09-06T14:40:56","guid":{"rendered":"https:\/\/www.parthages.be\/eboutique\/?post_type=product&#038;p=1744"},"modified":"2021-09-06T16:40:57","modified_gmt":"2021-09-06T14:40:57","slug":"le-handicap-ou-le-desordre-des-apparences","status":"publish","type":"product","link":"https:\/\/www.parthages.be\/eboutique\/produit\/le-handicap-ou-le-desordre-des-apparences\/","title":{"rendered":"Le handicap ou le d\u00e9sordre des apparences"},"content":{"rendered":"<p>La question du handicap est des plus sensibles qui soient. Les pi\u00e8ges de la stigmatisation sont difficiles \u00e0 \u00e9viter, parfois avec la meilleure volont\u00e9 du monde.<\/p>\n<p>.. D\u00e9sordre des apparences, le handicap d\u00e9stabilise l&rsquo;ordre des relations sociales.<\/p>\n<p>D&rsquo;o\u00f9 l&rsquo;importance du pr\u00e9sent livre.<\/p>\n<p>Son auteur propose une approche aussi forte qu&rsquo;innovante il avance le concept de liminalit\u00e9 : une sorte d&rsquo;entre-deux durable entre insertion probl\u00e9matique et jamais assur\u00e9e, et exclusion \u00e9vit\u00e9e au nom de l&rsquo;\u00e9galit\u00e9 d\u00e9mocratique.<\/p>\n<p>Apportant sa contribution \u00e0 une sociologie g\u00e9n\u00e9rale des stigmates d&rsquo;une part, du changement au sein des soci\u00e9t\u00e9s contemporaines d&rsquo;autre part, il envisage la situation des handicap\u00e9s comme un point de cristallisation des relations entretenues avec les personnes \u00ab\u00a0diff\u00e9rentes\u00a0\u00bb: le mod\u00e8le pr\u00e9sent\u00e9 aidera ainsi \u00e0 situer et comprendre des populations (migrants), des lieux (quartiers), des moments (phases de mobilit\u00e9), tous marqu\u00e9s au sceau de l&rsquo;instabilit\u00e9.<\/p>\n<p>( Pr\u00e9sentation de l\u2019\u00e9diteur)<\/p>\n<p>BLANC A.<\/p>\n<p>Armand Colin<\/p>\n<p>2006-256p.<\/p>\n<p>ISBN\u00a0: 2-200-34644-1<\/p>\n<p>Cote doc\u00a0: 7-10-BLA-H<\/p>\n<p><strong><em>Uniquement \u00e0 la location<\/em><\/strong><\/p>\n<span class=\"et_bloom_bottom_trigger\"><\/span>","protected":false},"excerpt":{"rendered":"<p>La question du handicap est des plus sensibles qui soient. Les pi\u00e8ges de la stigmatisation sont difficiles \u00e0 \u00e9viter, parfois avec la meilleure volont\u00e9 du monde.<\/p>\n","protected":false},"featured_media":1745,"comment_status":"closed","ping_status":"closed","template":"","meta":{"_et_pb_use_builder":"","_et_pb_old_content":"","_et_gb_content_width":"","spay_email":""},"class_list":["post-1744","product","type-product","status-publish","has-post-thumbnail","hentry","product_cat-livres","product_tag-changement","product_tag-comportement","product_tag-deficience-intellectuelle","product_tag-discrimination","product_tag-enjeux","product_tag-representation","product_tag-representation-sociale","product_tag-sociologie"],"jetpack_sharing_enabled":true,"jetpack_likes_enabled":true,"_links":{"self":[{"href":"https:\/\/www.parthages.be\/eboutique\/wp-json\/wp\/v2\/product\/1744","targetHints":{"allow":["GET"]}}],"collection":[{"href":"https:\/\/www.parthages.be\/eboutique\/wp-json\/wp\/v2\/product"}],"about":[{"href":"https:\/\/www.parthages.be\/eboutique\/wp-json\/wp\/v2\/types\/product"}],"replies":[{"embeddable":true,"href":"https:\/\/www.parthages.be\/eboutique\/wp-json\/wp\/v2\/comments?post=1744"}],"wp:featuredmedia":[{"embeddable":true,"href":"https:\/\/www.parthages.be\/eboutique\/wp-json\/wp\/v2\/media\/1745"}],"wp:attachment":[{"href":"https:\/\/www.parthages.be\/eboutique\/wp-json\/wp\/v2\/media?parent=1744"}],"curies":[{"name":"wp","href":"https:\/\/api.w.org\/{rel}","templated":true}]}}

Le handicap ou le désordre des apparences

<p>La question du handicap est des plus sensibles qui soient. Les pièges de la stigmatisation sont difficiles à éviter, parfois avec la meilleure volonté du monde.</p>
<p>.. Désordre des apparences, le handicap déstabilise l&rsquo;ordre des relations sociales.</p>
<p>D&rsquo;où l&rsquo;importance du présent livre.</p>
<p>Son auteur propose une approche aussi forte qu&rsquo;innovante il avance le concept de liminalité : une sorte d&rsquo;entre-deux durable entre insertion problématique et jamais assurée, et exclusion évitée au nom de l&rsquo;égalité démocratique.</p>
<p>Apportant sa contribution à une sociologie générale des stigmates d&rsquo;une part, du changement au sein des sociétés contemporaines d&rsquo;autre part, il envisage la situation des handicapés comme un point de cristallisation des relations entretenues avec les personnes « différentes »: le modèle présenté aidera ainsi à situer et comprendre des populations (migrants), des lieux (quartiers), des moments (phases de mobilité), tous marqués au sceau de l&rsquo;instabilité.</p>
<p>( Présentation de l’éditeur)</p>
<p>BLANC A.</p>
<p>Armand Colin</p>
<p>2006-256p.</p>
<p>ISBN : 2-200-34644-1</p>
<p>Cote doc : 7-10-BLA-H</p>
<p><strong><em>Uniquement à la location</em></strong></p>
<span class="et_bloom_bottom_trigger"></span>

<p>La question du handicap est des plus sensibles qui soient. Les pièges de la stigmatisation sont difficiles à éviter, parfois avec la meilleure volonté du monde.</p>
