{"id":1746,"date":"2021-09-06T16:44:36","date_gmt":"2021-09-06T14:44:36","guid":{"rendered":"https:\/\/www.parthages.be\/eboutique\/?post_type=product&#038;p=1746"},"modified":"2021-09-06T16:44:37","modified_gmt":"2021-09-06T14:44:37","slug":"la-discrimination-a-lencontre-des-femmes-handicapees","status":"publish","type":"product","link":"https:\/\/www.parthages.be\/eboutique\/produit\/la-discrimination-a-lencontre-des-femmes-handicapees\/","title":{"rendered":"La discrimination \u00e0 l&rsquo;encontre des femmes handicap\u00e9es"},"content":{"rendered":"<p>Pourquoi les femmes handicap\u00e9es rencontrent-elles des difficult\u00e9s \u00e0 acc\u00e9der de fa\u00e7on \u00e9quitable \u00e0 l&rsquo;ind\u00e9pendance \u00e9conomique : \u00e0 l&rsquo;\u00e9ducation: \u00e0 la formation? Elles devraient \u00eatre pr\u00e9sentes dans des situations ordinaires, dans les m\u00e9dias et la soci\u00e9t\u00e9 devrait pouvoir profiter de leurs talents: ce rapport inclut des informations pratiques quant \u00e0 l&rsquo;am\u00e9lioration de leur situation: analyse les facteurs \u00e0 l&rsquo;origine de la discrimination fond\u00e9e sur le handicap et sur le sexe et propose\u00a0 des actions pour r\u00e9aliser l&rsquo;\u00e9galit\u00e9 de fait. (Pr\u00e9sentation de l\u2019\u00e9diteur)<\/p>\n<p>GROUPE DE REDACTION SUR LA DISCRIMINATION A L&rsquo;ENCONTRE DES FEMMES HANDICAPEES<\/p>\n<p>Conseil de l&rsquo;Europe<\/p>\n<p>2003-74p.<\/p>\n<p>ISBN\u00a0: 92-871-5315-9<\/p>\n<p>Cote doc\u00a0: 7-10-BEL-D<\/p>\n<p><strong><em>Uniquement \u00e0 la location<\/em><\/strong><\/p>\n<span class=\"et_bloom_bottom_trigger\"><\/span>","protected":false},"excerpt":{"rendered":"<p>Pourquoi les femmes handicap\u00e9es rencontrent-elles des difficult\u00e9s \u00e0 acc\u00e9der de fa\u00e7on \u00e9quitable \u00e0 l&rsquo;ind\u00e9pendance \u00e9conomique : \u00e0 l&rsquo;\u00e9ducation: \u00e0 la formation?<\/p>\n","protected":false},"featured_media":1747,"comment_status":"closed","ping_status":"closed","template":"","meta":{"_et_pb_use_builder":"","_et_pb_old_content":"","_et_gb_content_width":"","spay_email":""},"class_list":["post-1746","product","type-product","status-publish","has-post-thumbnail","hentry","product_cat-livres","product_tag-discrimination","product_tag-education","product_tag-emploi","product_tag-espagne","product_tag-europe","product_tag-femme","product_tag-finlande","product_tag-formation","product_tag-norvege","product_tag-personne-handicapee","product_tag-recommandation","product_tag-roumanie","product_tag-sexualite","product_tag-suede","product_tag-violence"],"jetpack_sharing_enabled":true,"jetpack_likes_enabled":true,"_links":{"self":[{"href":"https:\/\/www.parthages.be\/eboutique\/wp-json\/wp\/v2\/product\/1746","targetHints":{"allow":["GET"]}}],"collection":[{"href":"https:\/\/www.parthages.be\/eboutique\/wp-json\/wp\/v2\/product"}],"about":[{"href":"https:\/\/www.parthages.be\/eboutique\/wp-json\/wp\/v2\/types\/product"}],"replies":[{"embeddable":true,"href":"https:\/\/www.parthages.be\/eboutique\/wp-json\/wp\/v2\/comments?post=1746"}],"wp:featuredmedia":[{"embeddable":true,"href":"https:\/\/www.parthages.be\/eboutique\/wp-json\/wp\/v2\/media\/1747"}],"wp:attachment":[{"href":"https:\/\/www.parthages.be\/eboutique\/wp-json\/wp\/v2\/media?parent=1746"}],"curies":[{"name":"wp","href":"https:\/\/api.w.org\/{rel}","templated":true}]}}

La discrimination à l&rsquo;encontre des femmes handicapées

<p>Pourquoi les femmes handicapées rencontrent-elles des difficultés à accéder de façon équitable à l&rsquo;indépendance économique : à l&rsquo;éducation: à la formation? Elles devraient être présentes dans des situations ordinaires, dans les médias et la société devrait pouvoir profiter de leurs talents: ce rapport inclut des informations pratiques quant à l&rsquo;amélioration de leur situation: analyse les facteurs à l&rsquo;origine de la discrimination fondée sur le handicap et sur le sexe et propose  des actions pour réaliser l&rsquo;égalité de fait. (Présentation de l’éditeur)</p>
<p>GROUPE DE REDACTION SUR LA DISCRIMINATION A L&rsquo;ENCONTRE DES FEMMES HANDICAPEES</p>
<p>Conseil de l&rsquo;Europe</p>
<p>2003-74p.</p>
<p>ISBN : 92-871-5315-9</p>
<p>Cote doc : 7-10-BEL-D</p>
<p><strong><em>Uniquement à la location</em></strong></p>
<span class="et_bloom_bottom_trigger"></span>

<p>Pourquoi les femmes handicapées rencontrent-elles des difficultés à accéder de façon équitable à l&rsquo;indépendance économique : à l&rsquo;éducation: à la formation?</p>
