{"id":1751,"date":"2021-09-06T16:47:30","date_gmt":"2021-09-06T14:47:30","guid":{"rendered":"https:\/\/www.parthages.be\/eboutique\/?post_type=product&#038;p=1751"},"modified":"2021-09-06T16:47:30","modified_gmt":"2021-09-06T14:47:30","slug":"classer-les-exclus-enjeux-dune-doctrine-de-politique-sociale","status":"publish","type":"product","link":"https:\/\/www.parthages.be\/eboutique\/produit\/classer-les-exclus-enjeux-dune-doctrine-de-politique-sociale\/","title":{"rendered":"Classer les exclus : enjeux d&rsquo;une doctrine de politique sociale"},"content":{"rendered":"<p>Les handicap\u00e9s, les inadapt\u00e9s sociaux et plus g\u00e9n\u00e9ralement les hors-normes ont toujours fait l&rsquo;objet d&rsquo;un traitement classificatoire variant selon les \u00e9poques.<\/p>\n<p>La d\u00e9finition m\u00eame de l'\u00a0\u00bbanormalit\u00e9\u00a0\u00bb a connu d&rsquo;importantes variations. Les classifications actuellement employ\u00e9es t\u00e9moignent de logiques politiques et financi\u00e8res aux cons\u00e9quences d&rsquo;autant plus importantes quelles sont souvent peu visibles.<\/p>\n<p>En effet, il n&rsquo;est pas sans cons\u00e9quence que le classement s&rsquo;effectue selon une pathologie, selon les incapacit\u00e9s et le degr\u00e9 de d\u00e9pendance de la personne ou d&rsquo;apr\u00e8s divers facteurs (sociaux, personnels, environnementaux) en interaction.<\/p>\n<p>Dans cet ouvrage, l&rsquo;auteur propose une lecture critique des divers modes de classification mis en \u0153uvre aux national et international. (Pr\u00e9sentation de l\u2019\u00e9diteur)<\/p>\n<p>BARREYRE J.Y.<\/p>\n<p>Dunod<\/p>\n<p>2000-184p.<\/p>\n<p>ISBN\u00a0: 2-10-005320-5<\/p>\n<p>Cote doc\u00a0: 7-10-BAR-C<\/p>\n<p><strong><em>Uniquement \u00e0 la location<\/em><\/strong><\/p>\n<span class=\"et_bloom_bottom_trigger\"><\/span>","protected":false},"excerpt":{"rendered":"<p>Les handicap\u00e9s, les inadapt\u00e9s sociaux et plus g\u00e9n\u00e9ralement les hors-normes ont toujours fait l&rsquo;objet d&rsquo;un traitement classificatoire variant selon les \u00e9poques.<\/p>\n","protected":false},"featured_media":1752,"comment_status":"closed","ping_status":"closed","template":"","meta":{"_et_pb_use_builder":"","_et_pb_old_content":"","_et_gb_content_width":"","spay_email":""},"class_list":["post-1751","product","type-product","status-publish","has-post-thumbnail","hentry","product_cat-livres","product_tag-classification","product_tag-exclusion","product_tag-france","product_tag-histoire","product_tag-maladie","product_tag-norme-sociale","product_tag-personne-handicapee","product_tag-politique-sociale"],"jetpack_sharing_enabled":true,"jetpack_likes_enabled":true,"_links":{"self":[{"href":"https:\/\/www.parthages.be\/eboutique\/wp-json\/wp\/v2\/product\/1751","targetHints":{"allow":["GET"]}}],"collection":[{"href":"https:\/\/www.parthages.be\/eboutique\/wp-json\/wp\/v2\/product"}],"about":[{"href":"https:\/\/www.parthages.be\/eboutique\/wp-json\/wp\/v2\/types\/product"}],"replies":[{"embeddable":true,"href":"https:\/\/www.parthages.be\/eboutique\/wp-json\/wp\/v2\/comments?post=1751"}],"wp:featuredmedia":[{"embeddable":true,"href":"https:\/\/www.parthages.be\/eboutique\/wp-json\/wp\/v2\/media\/1752"}],"wp:attachment":[{"href":"https:\/\/www.parthages.be\/eboutique\/wp-json\/wp\/v2\/media?parent=1751"}],"curies":[{"name":"wp","href":"https:\/\/api.w.org\/{rel}","templated":true}]}}

<p>Les handicapés, les inadaptés sociaux et plus généralement les hors-normes ont toujours fait l&rsquo;objet d&rsquo;un traitement classificatoire variant selon les époques.</p>
<p>La définition même de l' »anormalité » a connu d&rsquo;importantes variations. Les classifications actuellement employées témoignent de logiques politiques et financières aux conséquences d&rsquo;autant plus importantes quelles sont souvent peu visibles.</p>
<p>En effet, il n&rsquo;est pas sans conséquence que le classement s&rsquo;effectue selon une pathologie, selon les incapacités et le degré de dépendance de la personne ou d&rsquo;après divers facteurs (sociaux, personnels, environnementaux) en interaction.</p>
<p>Dans cet ouvrage, l&rsquo;auteur propose une lecture critique des divers modes de classification mis en œuvre aux national et international. (Présentation de l’éditeur)</p>
<p>BARREYRE J.Y.</p>
<p>Dunod</p>
<p>2000-184p.</p>
<p>ISBN : 2-10-005320-5</p>
<p>Cote doc : 7-10-BAR-C</p>
<p><strong><em>Uniquement à la location</em></strong></p>
<span class="et_bloom_bottom_trigger"></span>

<p>Les handicapés, les inadaptés sociaux et plus généralement les hors-normes ont toujours fait l&rsquo;objet d&rsquo;un traitement classificatoire variant selon les époques.</p>
