{"id":1753,"date":"2021-09-06T16:48:47","date_gmt":"2021-09-06T14:48:47","guid":{"rendered":"https:\/\/www.parthages.be\/eboutique\/?post_type=product&#038;p=1753"},"modified":"2021-09-06T16:48:48","modified_gmt":"2021-09-06T14:48:48","slug":"se-connaitre-autrement-grace-a-la-sociologie-initiation-aux-rapports-individu-et-societe","status":"publish","type":"product","link":"https:\/\/www.parthages.be\/eboutique\/produit\/se-connaitre-autrement-grace-a-la-sociologie-initiation-aux-rapports-individu-et-societe\/","title":{"rendered":"Se conna\u00eetre autrement gr\u00e2ce \u00e0 la sociologie : initiation aux rapports individu et soci\u00e9t\u00e9"},"content":{"rendered":"<p>Cet ouvrage est un outil d&rsquo;initiation pour quiconque s&rsquo;int\u00e9resse \u00e0 la sociologie ou se questionne sur son identit\u00e9. \u00c0 l&rsquo;aide de Memmi, Durkheim, Bourdieu, Dumont ainsi que plusieurs autres chercheurs ayant marqu\u00e9 l&rsquo;histoire de cette discipline, Maurice Angers propose ici un v\u00e9ritable parcours sociologique. Avec Se conna\u00eetre autrement gr\u00e2ce \u00e0 la sociologie, l&rsquo;auteur r\u00e9ussit \u00e0 tracer un portrait \u00e9tonnamment vif et puissant du monde contemporain et des gens qui le composent. Tout comme la soci\u00e9t\u00e9 elle-m\u00eame, les th\u00e8mes abord\u00e9s sont vari\u00e9s &#8211; \u00e9ducation, sexualit\u00e9, monde du travail, politique ou famille et ils t\u00e9moignent du fait que nous sommes tous des \u00eatres \u00e9minemment sociaux, li\u00e9s les uns aux autres. Cette nouvelle \u00e9dition a \u00e9t\u00e9 revue et augment\u00e9e afin de mieux r\u00e9pondre aux besoins des milieux enseignants (Pr\u00e9sentation de l\u2019\u00e9diteur)<\/p>\n<p>ANGERS M.<\/p>\n<p>Editions Saint-Martin<\/p>\n<p>2003-197p.<\/p>\n<p>ISBN\u00a0: 2-89035-374-5<\/p>\n<p>Cote doc\u00a0: 7-10-ANG-S<\/p>\n<p><strong><em>Uniquement \u00e0 la location<\/em><\/strong><\/p>\n<span class=\"et_bloom_bottom_trigger\"><\/span>","protected":false},"excerpt":{"rendered":"<p>Cet ouvrage est un outil d&rsquo;initiation pour quiconque s&rsquo;int\u00e9resse \u00e0 la sociologie ou se questionne sur son identit\u00e9.<\/p>\n","protected":false},"featured_media":1754,"comment_status":"closed","ping_status":"closed","template":"","meta":{"_et_pb_use_builder":"","_et_pb_old_content":"","_et_gb_content_width":"","spay_email":""},"class_list":["post-1753","product","type-product","status-publish","has-post-thumbnail","hentry","product_cat-livres","product_tag-aspect-social","product_tag-classe-sociale","product_tag-education","product_tag-famille","product_tag-integration-sociale","product_tag-outil","product_tag-politique","product_tag-sexualite","product_tag-sociologie","product_tag-travail"],"jetpack_sharing_enabled":true,"jetpack_likes_enabled":true,"_links":{"self":[{"href":"https:\/\/www.parthages.be\/eboutique\/wp-json\/wp\/v2\/product\/1753","targetHints":{"allow":["GET"]}}],"collection":[{"href":"https:\/\/www.parthages.be\/eboutique\/wp-json\/wp\/v2\/product"}],"about":[{"href":"https:\/\/www.parthages.be\/eboutique\/wp-json\/wp\/v2\/types\/product"}],"replies":[{"embeddable":true,"href":"https:\/\/www.parthages.be\/eboutique\/wp-json\/wp\/v2\/comments?post=1753"}],"wp:featuredmedia":[{"embeddable":true,"href":"https:\/\/www.parthages.be\/eboutique\/wp-json\/wp\/v2\/media\/1754"}],"wp:attachment":[{"href":"https:\/\/www.parthages.be\/eboutique\/wp-json\/wp\/v2\/media?parent=1753"}],"curies":[{"name":"wp","href":"https:\/\/api.w.org\/{rel}","templated":true}]}}