{"id":1756,"date":"2021-09-06T16:52:04","date_gmt":"2021-09-06T14:52:04","guid":{"rendered":"https:\/\/www.parthages.be\/eboutique\/?post_type=product&#038;p=1756"},"modified":"2021-09-06T16:52:04","modified_gmt":"2021-09-06T14:52:04","slug":"ideologies-et-representations-sociales","status":"publish","type":"product","link":"https:\/\/www.parthages.be\/eboutique\/produit\/ideologies-et-representations-sociales\/","title":{"rendered":"Id\u00e9ologies et repr\u00e9sentations sociales"},"content":{"rendered":"<p><strong><em>Document-dossier<\/em><\/strong><\/p>\n<p>Cet ouvrage, ne comportant que des textes in\u00e9dits, porte sur l&rsquo;\u00e9tude de l&rsquo;articulation entre les repr\u00e9sentations sociales et les id\u00e9ologies aussi bien dans son \u00e9laboration th\u00e9orique que dans le recueil et dans le traitement des donn\u00e9es. Il a donc \u00e9t\u00e9 divis\u00e9 en 3 secteurs aux fronti\u00e8res incertaines: un secteur historique et critique, un secteur th\u00e9orique et un secteur empirique.<\/p>\n<p>AEBISCHER V.- DECONCHY J.P.- LIPIANSKY E.M.<\/p>\n<p>Editions Delval<\/p>\n<p>1991-323p.<\/p>\n<p>Cote doc\u00a0: 7-10-AEB-I<\/p>\n<p><strong><em>Uniquement \u00e0 la location<\/em><\/strong><\/p>\n<span class=\"et_bloom_bottom_trigger\"><\/span>","protected":false},"excerpt":{"rendered":"<p>Cet ouvrage, ne comportant que des textes in\u00e9dits, porte sur l&rsquo;\u00e9tude de l&rsquo;articulation entre les repr\u00e9sentations sociales et les id\u00e9ologies aussi bien dans son \u00e9laboration th\u00e9orique que dans le recueil et dans le traitement des donn\u00e9es.<\/p>\n","protected":false},"featured_media":1757,"comment_status":"closed","ping_status":"closed","template":"","meta":{"_et_pb_use_builder":"","_et_pb_old_content":"","_et_gb_content_width":"","spay_email":""},"class_list":["post-1756","product","type-product","status-publish","has-post-thumbnail","hentry","product_cat-livres","product_tag-concept","product_tag-fonction-cognitive","product_tag-histoire","product_tag-identite","product_tag-representation","product_tag-representation-sociale","product_tag-sciences-sociales","product_tag-theorie"],"jetpack_sharing_enabled":true,"jetpack_likes_enabled":true,"_links":{"self":[{"href":"https:\/\/www.parthages.be\/eboutique\/wp-json\/wp\/v2\/product\/1756","targetHints":{"allow":["GET"]}}],"collection":[{"href":"https:\/\/www.parthages.be\/eboutique\/wp-json\/wp\/v2\/product"}],"about":[{"href":"https:\/\/www.parthages.be\/eboutique\/wp-json\/wp\/v2\/types\/product"}],"replies":[{"embeddable":true,"href":"https:\/\/www.parthages.be\/eboutique\/wp-json\/wp\/v2\/comments?post=1756"}],"wp:featuredmedia":[{"embeddable":true,"href":"https:\/\/www.parthages.be\/eboutique\/wp-json\/wp\/v2\/media\/1757"}],"wp:attachment":[{"href":"https:\/\/www.parthages.be\/eboutique\/wp-json\/wp\/v2\/media?parent=1756"}],"curies":[{"name":"wp","href":"https:\/\/api.w.org\/{rel}","templated":true}]}}

Idéologies et représentations sociales

<p><strong><em>Document-dossier</em></strong></p>
<p>Cet ouvrage, ne comportant que des textes inédits, porte sur l&rsquo;étude de l&rsquo;articulation entre les représentations sociales et les idéologies aussi bien dans son élaboration théorique que dans le recueil et dans le traitement des données. Il a donc été divisé en 3 secteurs aux frontières incertaines: un secteur historique et critique, un secteur théorique et un secteur empirique.</p>
<p>AEBISCHER V.- DECONCHY J.P.- LIPIANSKY E.M.</p>
<p>Editions Delval</p>
<p>1991-323p.</p>
<p>Cote doc : 7-10-AEB-I</p>
<p><strong><em>Uniquement à la location</em></strong></p>
<span class="et_bloom_bottom_trigger"></span>

<p>Cet ouvrage, ne comportant que des textes inédits, porte sur l&rsquo;étude de l&rsquo;articulation entre les représentations sociales et les idéologies aussi bien dans son élaboration théorique que dans le recueil et dans le traitement des données.</p>
