{"id":1758,"date":"2021-09-06T16:54:02","date_gmt":"2021-09-06T14:54:02","guid":{"rendered":"https:\/\/www.parthages.be\/eboutique\/?post_type=product&#038;p=1758"},"modified":"2021-09-06T16:54:03","modified_gmt":"2021-09-06T14:54:03","slug":"lhumanisme-democratique","status":"publish","type":"product","link":"https:\/\/www.parthages.be\/eboutique\/produit\/lhumanisme-democratique\/","title":{"rendered":"L\u2019humanisme d\u00e9mocratique"},"content":{"rendered":"<p>Jamais aucune civilisation n&rsquo;a eu \u00e0 conna\u00eetre de changements aussi profonds et aussi rapides. La crise financi\u00e8re, la mondialisation, le r\u00e9chauffement climatique, le d\u00e9veloppement des nouveaux m\u00e9dias, l&rsquo;allongement du temps de la vie, la recomposition des familles, l&rsquo;interculturalit\u00e9 croissante, la transformation des rapports sociaux sont autant de mutations radicales qui exigent l&rsquo;urgence d&rsquo;une nouvelle offre politique.<\/p>\n<p>&nbsp;<\/p>\n<p>Les crises actuelles sont \u00e0 la fois des d\u00e9fis et des opportunit\u00e9s. Elle doivent nous forcer \u00e0 r\u00e9inventer d&rsquo;urgence un nouveau projet de soci\u00e9t\u00e9 qui replace l&rsquo;humanit\u00e9 de chaque citoyen au coeur des vraies priorit\u00e9s politiques et \u00e9conomiques.<\/p>\n<p>Cette exigence demande de rompre avec les vieilles id\u00e9ologies du XXe si\u00e8cle pour repenser une civilisation plus g\u00e9n\u00e9reuse et moins mat\u00e9rialiste dont la premi\u00e8re richesse est la relation humaine.<\/p>\n<p>&nbsp;<\/p>\n<p>Ce livre pr\u00e9sente les valeurs du parti politique cdH. (Pr\u00e9sentation de l\u2019\u00e9diteur)<\/p>\n<p>&nbsp;<\/p>\n<p>MILQUET J.<\/p>\n<p>Luc Pire<\/p>\n<p>2009- 122p.<\/p>\n<p>ISBN\u00a0: 978-2507002541<\/p>\n<p>Cote doc\u00a0: 7-00-MIL-H<\/p>\n<p><strong><em>Uniquement \u00e0 la location<\/em><\/strong><\/p>\n<span class=\"et_bloom_bottom_trigger\"><\/span>","protected":false},"excerpt":{"rendered":"<p>Jamais aucune civilisation n&rsquo;a eu \u00e0 conna\u00eetre de changements aussi profonds et aussi rapides.<\/p>\n","protected":false},"featured_media":1759,"comment_status":"closed","ping_status":"closed","template":"","meta":{"_et_pb_use_builder":"","_et_pb_old_content":"","_et_gb_content_width":"","spay_email":""},"class_list":["post-1758","product","type-product","status-publish","has-post-thumbnail","hentry","product_cat-livres","product_tag-belgique","product_tag-democratie","product_tag-humanisme","product_tag-parti-politique","product_tag-politique"],"jetpack_sharing_enabled":true,"jetpack_likes_enabled":true,"_links":{"self":[{"href":"https:\/\/www.parthages.be\/eboutique\/wp-json\/wp\/v2\/product\/1758","targetHints":{"allow":["GET"]}}],"collection":[{"href":"https:\/\/www.parthages.be\/eboutique\/wp-json\/wp\/v2\/product"}],"about":[{"href":"https:\/\/www.parthages.be\/eboutique\/wp-json\/wp\/v2\/types\/product"}],"replies":[{"embeddable":true,"href":"https:\/\/www.parthages.be\/eboutique\/wp-json\/wp\/v2\/comments?post=1758"}],"wp:featuredmedia":[{"embeddable":true,"href":"https:\/\/www.parthages.be\/eboutique\/wp-json\/wp\/v2\/media\/1759"}],"wp:attachment":[{"href":"https:\/\/www.parthages.be\/eboutique\/wp-json\/wp\/v2\/media?parent=1758"}],"curies":[{"name":"wp","href":"https:\/\/api.w.org\/{rel}","templated":true}]}}