{"id":1763,"date":"2021-09-06T16:59:11","date_gmt":"2021-09-06T14:59:11","guid":{"rendered":"https:\/\/www.parthages.be\/eboutique\/?post_type=product&#038;p=1763"},"modified":"2021-09-06T16:59:11","modified_gmt":"2021-09-06T14:59:11","slug":"handicapes-mentaux-et-psychiques-vers-de-nouveaux-droits","status":"publish","type":"product","link":"https:\/\/www.parthages.be\/eboutique\/produit\/handicapes-mentaux-et-psychiques-vers-de-nouveaux-droits\/","title":{"rendered":"Handicap\u00e9s mentaux et psychiques : vers de nouveaux droits"},"content":{"rendered":"<p>Les derni\u00e8res d\u00e9cennies ont \u00e9t\u00e9 marqu\u00e9es par des avanc\u00e9es consid\u00e9rables dans les r\u00e9ponses sociales apport\u00e9es aux personnes handicap\u00e9es mentales et psychiques.<\/p>\n<p>Les auteurs prennent la mesure des progr\u00e8s r\u00e9alis\u00e9s, soulignent les nombreuses insuffisances qui persistent, formulent des propositions pour y rem\u00e9dier ainsi que des approches nuanc\u00e9es, illustr\u00e9es par les r\u00e9sultats d&rsquo;une enqu\u00eate sur les r\u00e9alit\u00e9s quotidiennes des personnes handicap\u00e9es. Ouvrage tr\u00e8s complet et document\u00e9 par une r\u00e9flexion approfondie de la r\u00e9alit\u00e9 quotidienne.\u00a0\u00a0 (Pr\u00e9sentation de l\u2019\u00e9diteur)<\/p>\n<p>&nbsp;<\/p>\n<p>ZRIBI G.- SARFATY J.- BEULNE T.<\/p>\n<p>Ehesp<\/p>\n<p>2003-128p.<\/p>\n<p>ISBN\u00a0:\u00a02-85952-850-4<\/p>\n<p>Cote doc\u00a0:\u00a06-20-ZRI-H<\/p>\n<p><strong><em>Uniquement \u00e0 la location<\/em><\/strong><\/p>\n<span class=\"et_bloom_bottom_trigger\"><\/span>","protected":false},"excerpt":{"rendered":"<p>Les derni\u00e8res d\u00e9cennies ont \u00e9t\u00e9 marqu\u00e9es par des avanc\u00e9es consid\u00e9rables dans les r\u00e9ponses sociales apport\u00e9es aux personnes handicap\u00e9es mentales et psychiques.<\/p>\n","protected":false},"featured_media":1764,"comment_status":"closed","ping_status":"closed","template":"","meta":{"_et_pb_use_builder":"","_et_pb_old_content":"","_et_gb_content_width":"","spay_email":""},"class_list":["post-1763","product","type-product","status-publish","has-post-thumbnail","hentry","product_cat-livres","product_tag-autonomie","product_tag-charte","product_tag-citoyennete","product_tag-deficience-intellectuelle","product_tag-droit","product_tag-egalite-des-chances","product_tag-enquete","product_tag-france","product_tag-integration","product_tag-loi","product_tag-parentalite","product_tag-personne-handicapee","product_tag-projet","product_tag-protection-juridique","product_tag-psychisme","product_tag-recommandation","product_tag-sexualite"],"jetpack_sharing_enabled":true,"jetpack_likes_enabled":true,"_links":{"self":[{"href":"https:\/\/www.parthages.be\/eboutique\/wp-json\/wp\/v2\/product\/1763","targetHints":{"allow":["GET"]}}],"collection":[{"href":"https:\/\/www.parthages.be\/eboutique\/wp-json\/wp\/v2\/product"}],"about":[{"href":"https:\/\/www.parthages.be\/eboutique\/wp-json\/wp\/v2\/types\/product"}],"replies":[{"embeddable":true,"href":"https:\/\/www.parthages.be\/eboutique\/wp-json\/wp\/v2\/comments?post=1763"}],"wp:featuredmedia":[{"embeddable":true,"href":"https:\/\/www.parthages.be\/eboutique\/wp-json\/wp\/v2\/media\/1764"}],"wp:attachment":[{"href":"https:\/\/www.parthages.be\/eboutique\/wp-json\/wp\/v2\/media?parent=1763"}],"curies":[{"name":"wp","href":"https:\/\/api.w.org\/{rel}","templated":true}]}}

Handicapés mentaux et psychiques : vers de nouveaux droits

<p>Les dernières décennies ont été marquées par des avancées considérables dans les réponses sociales apportées aux personnes handicapées mentales et psychiques.</p>
<p>Les auteurs prennent la mesure des progrès réalisés, soulignent les nombreuses insuffisances qui persistent, formulent des propositions pour y remédier ainsi que des approches nuancées, illustrées par les résultats d&rsquo;une enquête sur les réalités quotidiennes des personnes handicapées. Ouvrage très complet et documenté par une réflexion approfondie de la réalité quotidienne.   (Présentation de l’éditeur)</p>
<p>&nbsp;</p>
<p>ZRIBI G.- SARFATY J.- BEULNE T.</p>
<p>Ehesp</p>
<p>2003-128p.</p>
<p>ISBN : 2-85952-850-4</p>
<p>Cote doc : 6-20-ZRI-H</p>
<p><strong><em>Uniquement à la location</em></strong></p>
<span class="et_bloom_bottom_trigger"></span>

<p>Les dernières décennies ont été marquées par des avancées considérables dans les réponses sociales apportées aux personnes handicapées mentales et psychiques.</p>
