{"id":1767,"date":"2021-09-06T17:02:45","date_gmt":"2021-09-06T15:02:45","guid":{"rendered":"https:\/\/www.parthages.be\/eboutique\/?post_type=product&#038;p=1767"},"modified":"2021-09-06T17:02:45","modified_gmt":"2021-09-06T15:02:45","slug":"code-du-handicap-2009","status":"publish","type":"product","link":"https:\/\/www.parthages.be\/eboutique\/produit\/code-du-handicap-2009\/","title":{"rendered":"Code du handicap 2009"},"content":{"rendered":"<p>En France, une personne sur dix conna\u00eet une situation de handicap. En 2005, une loi ambitieuse a r\u00e9form\u00e9 en profondeur la l\u00e9gislation mettant l&rsquo;\u00e9galit\u00e9 de traitement et l&rsquo;accessibilit\u00e9 au c\u0153ur de son dispositif. Les personnes handicap\u00e9es b\u00e9n\u00e9ficient, bien entendu, des m\u00eames droits que l&rsquo;ensemble des citoyens, sous r\u00e9serve de dispositions sp\u00e9cifiques jusque-l\u00e0 \u00e9parpill\u00e9es dans de nombreux textes juridiques souvent tr\u00e8s techniques.<\/p>\n<p>Ce code, r\u00e9dig\u00e9 essentiellement par des professionnels de terrain de la FNATH (Association des accident\u00e9s de la vie) et de la HALDE (Haute autorit\u00e9 de lutte contre les discriminations et pour l&rsquo;\u00e9galit\u00e9), traite de l&rsquo;ensemble des th\u00e9matiques de la vie quotidienne : scolarit\u00e9, emploi, services, transports, logement, ressources, compensation, acc\u00e8s aux soins, indemnisation, protection juridique, loisirs&#8230;<\/p>\n<p>Gr\u00e2ce aux conseils pratiques et aux nombreuses coordonn\u00e9es, l&rsquo;ouvrage apporte au lecteur des r\u00e9ponses pr\u00e9cises aux questions concr\u00e8tes de la vie quotidienne : comment obtenir la prestation de compensation ou l&rsquo;AAH ? Sous quelles conditions b\u00e9n\u00e9ficier d&rsquo;une rente accident du travail-maladie professionnelle ? Que faire en cas de discrimination \u00e0 l&#8217;embauche ? Quel recours possible en cas de refus d&rsquo;inscription \u00e0 l&rsquo;\u00e9cole ?&#8230; L&rsquo;objectif est de mieux comprendre ses droits et de les faire appliquer.<\/p>\n<p>L&rsquo;ouvrage s&rsquo;adresse aux personnes handicap\u00e9es, \u00e0 leurs familles, mais aussi aux travailleurs sociaux, associatifs, responsables et personnels de maisons d\u00e9partementales des personnes handicap\u00e9es ou d&rsquo;\u00e9tablissements m\u00e9dico-sociaux&#8230; afin que le droit soit v\u00e9ritablement appliqu\u00e9 par tous, pour que l&rsquo;insertion des personnes handicap\u00e9es devienne une r\u00e9alit\u00e9. Pr\u00e9sentation de l\u2019\u00e9diteur)<\/p>\n<p>SCHWEITZER L.- DE BROCA A.<\/p>\n<p>Editions Dalloz<\/p>\n<p>2008-857p<\/p>\n<p>ISBN\u00a0: 978-2-247-08111-0<\/p>\n<p>Cote doc\u00a0: 6-20-SCH-C<\/p>\n<p><strong><em>Uniquement \u00e0 la location<\/em><\/strong><\/p>\n<span class=\"et_bloom_bottom_trigger\"><\/span>","protected":false},"excerpt":{"rendered":"<p>En France, une personne sur dix conna\u00eet une situation de handicap. En 2005, une loi ambitieuse a r\u00e9form\u00e9 en profondeur la l\u00e9gislation mettant l&rsquo;\u00e9galit\u00e9 de traitement et l&rsquo;accessibilit\u00e9 au c\u0153ur de son dispositif.<\/p>\n","protected":false},"featured_media":1768,"comment_status":"closed","ping_status":"closed","template":"","meta":{"_et_pb_use_builder":"","_et_pb_old_content":"","_et_gb_content_width":"","spay_email":""},"class_list":["post-1767","product","type-product","status-publish","has-post-thumbnail","hentry","product_cat-livres","product_tag-discrimination","product_tag-education","product_tag-emploi","product_tag-france","product_tag-handicap","product_tag-institution","product_tag-logement","product_tag-protection-de-la-personne","product_tag-sante","product_tag-soins","product_tag-vie-quotidienne"],"jetpack_sharing_enabled":true,"jetpack_likes_enabled":true,"_links":{"self":[{"href":"https:\/\/www.parthages.be\/eboutique\/wp-json\/wp\/v2\/product\/1767","targetHints":{"allow":["GET"]}}],"collection":[{"href":"https:\/\/www.parthages.be\/eboutique\/wp-json\/wp\/v2\/product"}],"about":[{"href":"https:\/\/www.parthages.be\/eboutique\/wp-json\/wp\/v2\/types\/product"}],"replies":[{"embeddable":true,"href":"https:\/\/www.parthages.be\/eboutique\/wp-json\/wp\/v2\/comments?post=1767"}],"wp:featuredmedia":[{"embeddable":true,"href":"https:\/\/www.parthages.be\/eboutique\/wp-json\/wp\/v2\/media\/1768"}],"wp:attachment":[{"href":"https:\/\/www.parthages.be\/eboutique\/wp-json\/wp\/v2\/media?parent=1767"}],"curies":[{"name":"wp","href":"https:\/\/api.w.org\/{rel}","templated":true}]}}

<p>En France, une personne sur dix connaît une situation de handicap. En 2005, une loi ambitieuse a réformé en profondeur la législation mettant l&rsquo;égalité de traitement et l&rsquo;accessibilité au cœur de son dispositif. Les personnes handicapées bénéficient, bien entendu, des mêmes droits que l&rsquo;ensemble des citoyens, sous réserve de dispositions spécifiques jusque-là éparpillées dans de nombreux textes juridiques souvent très techniques.</p>
<p>Ce code, rédigé essentiellement par des professionnels de terrain de la FNATH (Association des accidentés de la vie) et de la HALDE (Haute autorité de lutte contre les discriminations et pour l&rsquo;égalité), traite de l&rsquo;ensemble des thématiques de la vie quotidienne : scolarité, emploi, services, transports, logement, ressources, compensation, accès aux soins, indemnisation, protection juridique, loisirs&#8230;</p>
<p>Grâce aux conseils pratiques et aux nombreuses coordonnées, l&rsquo;ouvrage apporte au lecteur des réponses précises aux questions concrètes de la vie quotidienne : comment obtenir la prestation de compensation ou l&rsquo;AAH ? Sous quelles conditions bénéficier d&rsquo;une rente accident du travail-maladie professionnelle ? Que faire en cas de discrimination à l&#8217;embauche ? Quel recours possible en cas de refus d&rsquo;inscription à l&rsquo;école ?&#8230; L&rsquo;objectif est de mieux comprendre ses droits et de les faire appliquer.</p>
<p>L&rsquo;ouvrage s&rsquo;adresse aux personnes handicapées, à leurs familles, mais aussi aux travailleurs sociaux, associatifs, responsables et personnels de maisons départementales des personnes handicapées ou d&rsquo;établissements médico-sociaux&#8230; afin que le droit soit véritablement appliqué par tous, pour que l&rsquo;insertion des personnes handicapées devienne une réalité. Présentation de l’éditeur)</p>
<p>SCHWEITZER L.- DE BROCA A.</p>
<p>Editions Dalloz</p>
<p>2008-857p</p>
<p>ISBN : 978-2-247-08111-0</p>
<p>Cote doc : 6-20-SCH-C</p>
<p><strong><em>Uniquement à la location</em></strong></p>
<span class="et_bloom_bottom_trigger"></span>

<p>En France, une personne sur dix connaît une situation de handicap. En 2005, une loi ambitieuse a réformé en profondeur la législation mettant l&rsquo;égalité de traitement et l&rsquo;accessibilité au cœur de son dispositif.</p>
