{"id":1770,"date":"2021-09-06T17:07:50","date_gmt":"2021-09-06T15:07:50","guid":{"rendered":"https:\/\/www.parthages.be\/eboutique\/?post_type=product&#038;p=1770"},"modified":"2021-09-06T17:07:50","modified_gmt":"2021-09-06T15:07:50","slug":"lacces-des-personnes-handicapees-aux-droits-sociaux-en-europe","status":"publish","type":"product","link":"https:\/\/www.parthages.be\/eboutique\/produit\/lacces-des-personnes-handicapees-aux-droits-sociaux-en-europe\/","title":{"rendered":"L&rsquo;acc\u00e8s des personnes handicap\u00e9es aux droits sociaux en Europe"},"content":{"rendered":"<p>Un grand nombre de droits sociaux fondamentaux ne sont pas encore pleinement accessibles aux personnes handicap\u00e9es.<\/p>\n<p>Ce rapport d\u00e9crit les principes g\u00e9n\u00e9raux et les mesures qui ont pour but d&rsquo;am\u00e9liorer l&rsquo;acc\u00e8s des personnes handicap\u00e9es aux droits sociaux en Europe. II recense par ailleurs les obstacles qui continuent d&rsquo;entraver l&rsquo;exercice de ces droits et emp\u00eachent de ce fait les personnes handicap\u00e9es de participer pleinement \u00e0 la soci\u00e9t\u00e9,\u00a0 dans les domaines de l&rsquo;\u00e9ducation, de la formation professionnelle et de l&#8217;emploi, du cadre b\u00e2ti et des transports, de l&rsquo;information et de la communication, des soins de sant\u00e9 et de la protection sociale. II donne de nombreux exemples concrets de bonnes pratiques, c&rsquo;est-\u00e0-dire de mesures prises par des \u00c9tats membres pour rem\u00e9dier \u00e0 ces obstacles. Enfin, le rapport formule des recommandations recoupant plusieurs domaines, en vue de la d\u00e9finition de politiques int\u00e9gr\u00e9es destin\u00e9es \u00e0 am\u00e9liorer l&rsquo;acc\u00e8s des personnes handicap\u00e9es aux droits sociaux en Europe.<\/p>\n<p>Augmenter l&rsquo;\u00e9galit\u00e9 des chances, la citoyennet\u00e9 \u00e0 part enti\u00e8re et la participation active \u00e0 la vie de la communaut\u00e9 tel sont les buts du Plan d&rsquo;action que le Conseil de l&rsquo;Europe se pr\u00e9pare \u00e0 \u00e9laborer en faveur des personnes handicap\u00e9es.<\/p>\n<p>Il sera donc un \u00e9l\u00e9ment important dans la conception d&rsquo;un nouveau cadre politique europ\u00e9en en mati\u00e8re de handicap, fond\u00e9 sur les droits de l&rsquo;homme et sur un partenariat entre les diff\u00e9rents acteurs. Une collaboration entre les gouvernements, les partenaires sociaux et la soci\u00e9t\u00e9 civile, y compris les personnes handicap\u00e9es elles-m\u00eames favorisera\u00a0 des solutions concr\u00e8tes et \u00e9laborera des politiques r\u00e9alisables, durables et financi\u00e8rement abordables. (Pr\u00e9sentation de l\u2019\u00e9diteur)<\/p>\n<p>MAUDINET M.<\/p>\n<p>Editions du Conseil de L&rsquo;Europe<\/p>\n<p>2004- 169 p.<\/p>\n<p>Cote doc\u00a0: 6-20-MAU-A<\/p>\n<p><strong><em>Uniquement \u00e0 la location<\/em><\/strong><\/p>\n<span class=\"et_bloom_bottom_trigger\"><\/span>","protected":false},"excerpt":{"rendered":"<p>Un grand nombre de droits sociaux fondamentaux ne sont pas encore pleinement accessibles aux personnes handicap\u00e9es.<\/p>\n","protected":false},"featured_media":1771,"comment_status":"closed","ping_status":"closed","template":"","meta":{"_et_pb_use_builder":"","_et_pb_old_content":"","_et_gb_content_width":"","spay_email":""},"class_list":["post-1770","product","type-product","status-publish","has-post-thumbnail","hentry","product_cat-livres","product_tag-acces-a-la-formation","product_tag-acces-au-batiment","product_tag-acces-au-travail","product_tag-acces-aux-soins","product_tag-accessibilite","product_tag-citoyennete","product_tag-communication","product_tag-conseil-de-leurope","product_tag-droit","product_tag-egalite-des-chances","product_tag-integration","product_tag-participation","product_tag-recommandation","product_tag-union-europeenne"],"jetpack_sharing_enabled":true,"jetpack_likes_enabled":true,"_links":{"self":[{"href":"https:\/\/www.parthages.be\/eboutique\/wp-json\/wp\/v2\/product\/1770","targetHints":{"allow":["GET"]}}],"collection":[{"href":"https:\/\/www.parthages.be\/eboutique\/wp-json\/wp\/v2\/product"}],"about":[{"href":"https:\/\/www.parthages.be\/eboutique\/wp-json\/wp\/v2\/types\/product"}],"replies":[{"embeddable":true,"href":"https:\/\/www.parthages.be\/eboutique\/wp-json\/wp\/v2\/comments?post=1770"}],"wp:featuredmedia":[{"embeddable":true,"href":"https:\/\/www.parthages.be\/eboutique\/wp-json\/wp\/v2\/media\/1771"}],"wp:attachment":[{"href":"https:\/\/www.parthages.be\/eboutique\/wp-json\/wp\/v2\/media?parent=1770"}],"curies":[{"name":"wp","href":"https:\/\/api.w.org\/{rel}","templated":true}]}}

L&rsquo;accès des personnes handicapées aux droits sociaux en Europe

<p>Un grand nombre de droits sociaux fondamentaux ne sont pas encore pleinement accessibles aux personnes handicapées.</p>
<p>Ce rapport décrit les principes généraux et les mesures qui ont pour but d&rsquo;améliorer l&rsquo;accès des personnes handicapées aux droits sociaux en Europe. II recense par ailleurs les obstacles qui continuent d&rsquo;entraver l&rsquo;exercice de ces droits et empêchent de ce fait les personnes handicapées de participer pleinement à la société,  dans les domaines de l&rsquo;éducation, de la formation professionnelle et de l&#8217;emploi, du cadre bâti et des transports, de l&rsquo;information et de la communication, des soins de santé et de la protection sociale. II donne de nombreux exemples concrets de bonnes pratiques, c&rsquo;est-à-dire de mesures prises par des États membres pour remédier à ces obstacles. Enfin, le rapport formule des recommandations recoupant plusieurs domaines, en vue de la définition de politiques intégrées destinées à améliorer l&rsquo;accès des personnes handicapées aux droits sociaux en Europe.</p>
<p>Augmenter l&rsquo;égalité des chances, la citoyenneté à part entière et la participation active à la vie de la communauté tel sont les buts du Plan d&rsquo;action que le Conseil de l&rsquo;Europe se prépare à élaborer en faveur des personnes handicapées.</p>
<p>Il sera donc un élément important dans la conception d&rsquo;un nouveau cadre politique européen en matière de handicap, fondé sur les droits de l&rsquo;homme et sur un partenariat entre les différents acteurs. Une collaboration entre les gouvernements, les partenaires sociaux et la société civile, y compris les personnes handicapées elles-mêmes favorisera  des solutions concrètes et élaborera des politiques réalisables, durables et financièrement abordables. (Présentation de l’éditeur)</p>
<p>MAUDINET M.</p>
<p>Editions du Conseil de L&rsquo;Europe</p>
<p>2004- 169 p.</p>
<p>Cote doc : 6-20-MAU-A</p>
<p><strong><em>Uniquement à la location</em></strong></p>
<span class="et_bloom_bottom_trigger"></span>

<p>Un grand nombre de droits sociaux fondamentaux ne sont pas encore pleinement accessibles aux personnes handicapées.</p>
