{"id":1779,"date":"2021-09-13T14:44:21","date_gmt":"2021-09-13T12:44:21","guid":{"rendered":"https:\/\/www.parthages.be\/eboutique\/?post_type=product&#038;p=1779"},"modified":"2021-09-13T14:45:22","modified_gmt":"2021-09-13T12:45:22","slug":"vade-mecum-de-la-convention-europeenne-des-droits-de-lhomme","status":"publish","type":"product","link":"https:\/\/www.parthages.be\/eboutique\/produit\/vade-mecum-de-la-convention-europeenne-des-droits-de-lhomme\/","title":{"rendered":"Vade-mecum de la convention europ\u00e9enne des droits de l&rsquo;homme"},"content":{"rendered":"<p>Cet ouvrage offre un panorama concis des droits fondamentaux garantis par la Convention europ\u00e9enne des Droits de l&rsquo;Homme du Conseil de l&rsquo;Europe, de la jurisprudence aff\u00e9rente \u00e0 ces droits, de la proc\u00e9dure de la Cour europ\u00e9enne des Droits de l&rsquo;Homme concernant les requ\u00eates pr\u00e9sent\u00e9es au titre de la Convention, ainsi que du r\u00f4le jou\u00e9 par le Comit\u00e9 des Ministres, en tant qu&rsquo;organe de supervision, dans l&rsquo;ex\u00e9cution des arr\u00eats de la Cour. Cette troisi\u00e8me \u00e9dition du Vade-mecum, qui couvre les faits nouveaux enregistr\u00e9s jusqu&rsquo;\u00e0 la fin de 2003, sera un excellent guide pour les \u00e9tudiants, les juristes sp\u00e9cialis\u00e9s dans le droit international et les droits de l&rsquo;homme, les organisations non gouvernementales, de m\u00eame que tous ceux qui &#8211; d&rsquo;une mani\u00e8re g\u00e9n\u00e9rale &#8211; s&rsquo;efforcent de conna\u00eetre et de comprendre la Convention europ\u00e9enne des Droits de l&rsquo;Homme.Donna Gomien, docteur en droit (Cornell University, New York) et titulaire d&rsquo;une ma\u00eetrise de l\u00e9gislation internationale des droits de l&rsquo;homme (Universit\u00e9 d&rsquo;Essex, Angleterre), est entr\u00e9e \u00e0 l&rsquo;Institut d&rsquo;\u00e9tudes sociales de La Haye (Pays-Bas) en 2003, apr\u00e8s avoir \u00e9t\u00e9 M\u00e9diatrice adjointe aux droits de l&rsquo;homme en Bosnie-Herz\u00e9govine (1996-1997), conseill\u00e8re pour les droits de l&rsquo;homme et les affaires juridiques aupr\u00e8s de la Mission de l&rsquo;OSCE en Croatie (1998-2000) et M\u00e9diatrice adjointe pour le Kosovo (2001-2003). Avant cela, elle \u00e9tait \u00e0 la facult\u00e9 de l&rsquo;Institut norv\u00e9gien des droits de l&rsquo;homme (Universit\u00e9 d&rsquo;Oslo). (Pr\u00e9sentation de l\u2019\u00e9diteur)<\/p>\n<p>GOMIEN D.<\/p>\n<p>Editions du Conseil de L&rsquo;Europe<\/p>\n<p>2005- 188p.<\/p>\n<p>ISBN\u00a0: 92-871-5747-2<\/p>\n<p>Cote doc\u00a0: 6-20-GOM-V<\/p>\n<p><strong><em>Uniquement \u00e0 la location<\/em><\/strong><\/p>\n<span class=\"et_bloom_bottom_trigger\"><\/span>","protected":false},"excerpt":{"rendered":"<p>Cet ouvrage offre un panorama concis des droits fondamentaux garantis par la Convention europ\u00e9enne des Droits de l&rsquo;Homme du Conseil de l&rsquo;Europe, de la jurisprudence aff\u00e9rente \u00e0 ces droits, de la proc\u00e9dure de la Cour europ\u00e9enne des Droits de l&rsquo;Homme concernant les requ\u00eates pr\u00e9sent\u00e9es au titre de la Convention, ainsi que du r\u00f4le jou\u00e9 par le Comit\u00e9 des Ministres, en tant qu&rsquo;organe de supervision, dans l&rsquo;ex\u00e9cution des arr\u00eats de la Cour.<\/p>\n","protected":false},"featured_media":1780,"comment_status":"closed","ping_status":"closed","template":"","meta":{"_et_pb_use_builder":"","_et_pb_old_content":"","_et_gb_content_width":"","spay_email":""},"class_list":["post-1779","product","type-product","status-publish","has-post-thumbnail","hentry","product_cat-livres","product_tag-convention","product_tag-droits-de-lhomme","product_tag-jurisprudence","product_tag-loi","product_tag-procedure","product_tag-union-europeenne"],"jetpack_sharing_enabled":true,"jetpack_likes_enabled":true,"_links":{"self":[{"href":"https:\/\/www.parthages.be\/eboutique\/wp-json\/wp\/v2\/product\/1779","targetHints":{"allow":["GET"]}}],"collection":[{"href":"https:\/\/www.parthages.be\/eboutique\/wp-json\/wp\/v2\/product"}],"about":[{"href":"https:\/\/www.parthages.be\/eboutique\/wp-json\/wp\/v2\/types\/product"}],"replies":[{"embeddable":true,"href":"https:\/\/www.parthages.be\/eboutique\/wp-json\/wp\/v2\/comments?post=1779"}],"wp:featuredmedia":[{"embeddable":true,"href":"https:\/\/www.parthages.be\/eboutique\/wp-json\/wp\/v2\/media\/1780"}],"wp:attachment":[{"href":"https:\/\/www.parthages.be\/eboutique\/wp-json\/wp\/v2\/media?parent=1779"}],"curies":[{"name":"wp","href":"https:\/\/api.w.org\/{rel}","templated":true}]}}

Vade-mecum de la convention européenne des droits de l&rsquo;homme

<p>Cet ouvrage offre un panorama concis des droits fondamentaux garantis par la Convention européenne des Droits de l&rsquo;Homme du Conseil de l&rsquo;Europe, de la jurisprudence afférente à ces droits, de la procédure de la Cour européenne des Droits de l&rsquo;Homme concernant les requêtes présentées au titre de la Convention, ainsi que du rôle joué par le Comité des Ministres, en tant qu&rsquo;organe de supervision, dans l&rsquo;exécution des arrêts de la Cour. Cette troisième édition du Vade-mecum, qui couvre les faits nouveaux enregistrés jusqu&rsquo;à la fin de 2003, sera un excellent guide pour les étudiants, les juristes spécialisés dans le droit international et les droits de l&rsquo;homme, les organisations non gouvernementales, de même que tous ceux qui &#8211; d&rsquo;une manière générale &#8211; s&rsquo;efforcent de connaître et de comprendre la Convention européenne des Droits de l&rsquo;Homme.Donna Gomien, docteur en droit (Cornell University, New York) et titulaire d&rsquo;une maîtrise de législation internationale des droits de l&rsquo;homme (Université d&rsquo;Essex, Angleterre), est entrée à l&rsquo;Institut d&rsquo;études sociales de La Haye (Pays-Bas) en 2003, après avoir été Médiatrice adjointe aux droits de l&rsquo;homme en Bosnie-Herzégovine (1996-1997), conseillère pour les droits de l&rsquo;homme et les affaires juridiques auprès de la Mission de l&rsquo;OSCE en Croatie (1998-2000) et Médiatrice adjointe pour le Kosovo (2001-2003). Avant cela, elle était à la faculté de l&rsquo;Institut norvégien des droits de l&rsquo;homme (Université d&rsquo;Oslo). (Présentation de l’éditeur)</p>
<p>GOMIEN D.</p>
<p>Editions du Conseil de L&rsquo;Europe</p>
<p>2005- 188p.</p>
<p>ISBN : 92-871-5747-2</p>
<p>Cote doc : 6-20-GOM-V</p>
<p><strong><em>Uniquement à la location</em></strong></p>
<span class="et_bloom_bottom_trigger"></span>

<p>Cet ouvrage offre un panorama concis des droits fondamentaux garantis par la Convention européenne des Droits de l&rsquo;Homme du Conseil de l&rsquo;Europe, de la jurisprudence afférente à ces droits, de la procédure de la Cour européenne des Droits de l&rsquo;Homme concernant les requêtes présentées au titre de la Convention, ainsi que du rôle joué par le Comité des Ministres, en tant qu&rsquo;organe de supervision, dans l&rsquo;exécution des arrêts de la Cour.</p>
