{"id":1791,"date":"2021-09-13T14:51:02","date_gmt":"2021-09-13T12:51:02","guid":{"rendered":"https:\/\/www.parthages.be\/eboutique\/?post_type=product&#038;p=1791"},"modified":"2021-09-13T14:51:03","modified_gmt":"2021-09-13T12:51:03","slug":"textes-de-bases-etat-au-31-decembre-2002","status":"publish","type":"product","link":"https:\/\/www.parthages.be\/eboutique\/produit\/textes-de-bases-etat-au-31-decembre-2002\/","title":{"rendered":"Textes de bases &#8211; \u00e9tat au 31 d\u00e9cembre 2002"},"content":{"rendered":"<p>La mise \u00e0 jour de ce dossier reprend l&rsquo;ensemble des textes l\u00e9gislatifs de base, indispensables \u00e0 la compr\u00e9hension du secteur du handicap. Elle int\u00e8gre en particulier, les 2 lois r\u00e9centes :<\/p>\n<p>&#8211; la loi n\u00b0 2002-2\u00a0 du 2 janvier 2002 r\u00e9novant l&rsquo;action sociale et m\u00e9dico-sociale;<\/p>\n<p>&#8211; la loi n\u00b02002-303 du 4 mars 2002 relative aux droits des malades et \u00e0 la qualit\u00e9 du syst\u00e8me de sant\u00e9.<\/p>\n<p>Par ailleurs, la loi n\u00b0 75-534 du 30 mars 1975 d&rsquo;orientation en faveur des personnes handicap\u00e9es fait l&rsquo;objet d&rsquo;une nouvelle pr\u00e9sentation.<\/p>\n<p><strong><em>Dossier<\/em><\/strong><\/p>\n<p>CTNERHI<\/p>\n<p>2003-277p.<\/p>\n<p>Cote doc\u00a0: 6-20-CTN-H<\/p>\n<span class=\"et_bloom_bottom_trigger\"><\/span>","protected":false},"excerpt":{"rendered":"<p>La mise \u00e0 jour de ce dossier reprend l&rsquo;ensemble des textes l\u00e9gislatifs de base, indispensables \u00e0 la compr\u00e9hension du secteur du handicap.<\/p>\n","protected":false},"featured_media":1792,"comment_status":"closed","ping_status":"closed","template":"","meta":{"_et_pb_use_builder":"","_et_pb_old_content":"","_et_gb_content_width":"","spay_email":""},"class_list":["post-1791","product","type-product","status-publish","has-post-thumbnail","hentry","product_cat-livres","product_tag-acces","product_tag-action-sante","product_tag-action-sociale","product_tag-droit","product_tag-emploi","product_tag-france","product_tag-insertion-professionnelle","product_tag-loi","product_tag-orientation-professionnelle","product_tag-orientation-scolaire","product_tag-personne-handicapee","product_tag-protection-juridique","product_tag-sante"],"jetpack_sharing_enabled":true,"jetpack_likes_enabled":true,"_links":{"self":[{"href":"https:\/\/www.parthages.be\/eboutique\/wp-json\/wp\/v2\/product\/1791","targetHints":{"allow":["GET"]}}],"collection":[{"href":"https:\/\/www.parthages.be\/eboutique\/wp-json\/wp\/v2\/product"}],"about":[{"href":"https:\/\/www.parthages.be\/eboutique\/wp-json\/wp\/v2\/types\/product"}],"replies":[{"embeddable":true,"href":"https:\/\/www.parthages.be\/eboutique\/wp-json\/wp\/v2\/comments?post=1791"}],"wp:featuredmedia":[{"embeddable":true,"href":"https:\/\/www.parthages.be\/eboutique\/wp-json\/wp\/v2\/media\/1792"}],"wp:attachment":[{"href":"https:\/\/www.parthages.be\/eboutique\/wp-json\/wp\/v2\/media?parent=1791"}],"curies":[{"name":"wp","href":"https:\/\/api.w.org\/{rel}","templated":true}]}}