{"id":1793,"date":"2021-09-13T14:52:16","date_gmt":"2021-09-13T12:52:16","guid":{"rendered":"https:\/\/www.parthages.be\/eboutique\/?post_type=product&#038;p=1793"},"modified":"2021-09-13T14:52:17","modified_gmt":"2021-09-13T12:52:17","slug":"psychiatrie-et-handicap-aspects-medicaux-legaux-et-administratifs","status":"publish","type":"product","link":"https:\/\/www.parthages.be\/eboutique\/produit\/psychiatrie-et-handicap-aspects-medicaux-legaux-et-administratifs\/","title":{"rendered":"Psychiatrie et handicap : aspects m\u00e9dicaux-l\u00e9gaux et administratifs"},"content":{"rendered":"<p>Il appara\u00eet important de r\u00e9aliser un \u00e9tat des lieux actualis\u00e9 de la l\u00e9gislation fran\u00e7aise du handicap mental. Celui-ci continue \u00e0 poser probl\u00e8mes de par ses particularismes propres, malgr\u00e9 les efforts des m\u00e9dias, qui s\u2019efforcent de mettre l&rsquo;accent sur une int\u00e9gration des personnes pr\u00e9sentant des diff\u00e9rences sociales, financi\u00e8res et culturelles.\u00a0 Le pr\u00e9sent ouvrage est le fruit de plusieurs auteurs et pr\u00e9sente les textes l\u00e9gislatifs sous une forme didactique et pratique, traitant aussi bien de l&rsquo;assistance aux mineurs handicap\u00e9s, de l&rsquo;insertion sociale et professionnelle des adultes, du droit aux soins et aux prestations, de la protection juridique.\u00a0 Les pouvoirs publics, le secteur psychiatrique, et le tissu associatif sont amen\u00e9s\u00a0 \u00e0 repenser profond\u00e9ment \u00e0 place sociale de la personne handicap\u00e9e mentales dans une soci\u00e9t\u00e9 elle-m\u00eame en crise. (Pr\u00e9sentation de l\u2019\u00e9diteur)<\/p>\n<p>ALBERNHE T.<\/p>\n<p>Masson<\/p>\n<p>1997-219p.<\/p>\n<p>ISBN\u00a0: 2-225-85477-7<\/p>\n<p>Cote doc\u00a06-20-ALB-P<\/p>\n<p><strong><em>Uniquement \u00e0 la location<\/em><\/strong><\/p>\n<span class=\"et_bloom_bottom_trigger\"><\/span>","protected":false},"excerpt":{"rendered":"<p>Il appara\u00eet important de r\u00e9aliser un \u00e9tat des lieux actualis\u00e9 de la l\u00e9gislation fran\u00e7aise du handicap mental.<\/p>\n","protected":false},"featured_media":1794,"comment_status":"closed","ping_status":"closed","template":"","meta":{"_et_pb_use_builder":"","_et_pb_old_content":"","_et_gb_content_width":"","spay_email":""},"class_list":["post-1793","product","type-product","status-publish","has-post-thumbnail","hentry","product_cat-livres","product_tag-adolescent","product_tag-adulte","product_tag-aspect-juridique","product_tag-aspect-medical","product_tag-deficience-intellectuelle","product_tag-education","product_tag-enfant","product_tag-france","product_tag-insertion-professionnelle","product_tag-integration-sociale","product_tag-intervenant","product_tag-legislation","product_tag-personne-handicapee","product_tag-psychiatrie","product_tag-soins"],"jetpack_sharing_enabled":true,"jetpack_likes_enabled":true,"_links":{"self":[{"href":"https:\/\/www.parthages.be\/eboutique\/wp-json\/wp\/v2\/product\/1793","targetHints":{"allow":["GET"]}}],"collection":[{"href":"https:\/\/www.parthages.be\/eboutique\/wp-json\/wp\/v2\/product"}],"about":[{"href":"https:\/\/www.parthages.be\/eboutique\/wp-json\/wp\/v2\/types\/product"}],"replies":[{"embeddable":true,"href":"https:\/\/www.parthages.be\/eboutique\/wp-json\/wp\/v2\/comments?post=1793"}],"wp:featuredmedia":[{"embeddable":true,"href":"https:\/\/www.parthages.be\/eboutique\/wp-json\/wp\/v2\/media\/1794"}],"wp:attachment":[{"href":"https:\/\/www.parthages.be\/eboutique\/wp-json\/wp\/v2\/media?parent=1793"}],"curies":[{"name":"wp","href":"https:\/\/api.w.org\/{rel}","templated":true}]}}

Psychiatrie et handicap : aspects médicaux-légaux et administratifs

<p>Il apparaît important de réaliser un état des lieux actualisé de la législation française du handicap mental. Celui-ci continue à poser problèmes de par ses particularismes propres, malgré les efforts des médias, qui s’efforcent de mettre l&rsquo;accent sur une intégration des personnes présentant des différences sociales, financières et culturelles.  Le présent ouvrage est le fruit de plusieurs auteurs et présente les textes législatifs sous une forme didactique et pratique, traitant aussi bien de l&rsquo;assistance aux mineurs handicapés, de l&rsquo;insertion sociale et professionnelle des adultes, du droit aux soins et aux prestations, de la protection juridique.  Les pouvoirs publics, le secteur psychiatrique, et le tissu associatif sont amenés  à repenser profondément à place sociale de la personne handicapée mentales dans une société elle-même en crise. (Présentation de l’éditeur)</p>
<p>ALBERNHE T.</p>
<p>Masson</p>
<p>1997-219p.</p>
<p>ISBN : 2-225-85477-7</p>
<p>Cote doc 6-20-ALB-P</p>
<p><strong><em>Uniquement à la location</em></strong></p>
<span class="et_bloom_bottom_trigger"></span>

<p>Il apparaît important de réaliser un état des lieux actualisé de la législation française du handicap mental.</p>
