{"id":180,"date":"2012-09-24T11:37:53","date_gmt":"2012-09-24T09:37:53","guid":{"rendered":"https:\/\/www.parthages.be\/wordpress\/produit\/freres-et-soeurs-de-personnes-handicapees\/"},"modified":"2023-04-27T13:46:58","modified_gmt":"2023-04-27T11:46:58","slug":"freres-et-soeurs-de-personnes-handicapees","status":"publish","type":"product","link":"https:\/\/www.parthages.be\/eboutique\/produit\/freres-et-soeurs-de-personnes-handicapees\/","title":{"rendered":"Fr\u00e8res et soeurs de personnes handicap\u00e9es"},"content":{"rendered":"<p>La naissance d&rsquo;un enfant handicap\u00e9 n&rsquo;est pas seulement l&rsquo;affaire des parents, des soignants et des \u00e9ducateurs qui l&rsquo;accompagnent : les fr\u00e8res et les soeurs se retrouvent d&#8217;embl\u00e9e, \u00e0 leur insu, engag\u00e9s dans une aventure aux cons\u00e9quences multiples. P\u00e8sent sur eux les profonds remaniements, la r\u00e9volte et le d\u00e9sespoir provoqu\u00e9s par l&rsquo;intrusion du handicap au coeur de la famille. Quels en sont les retentissements sur la construction psychique de chacun des membres de la fratrie, sur leur mani\u00e8re d&rsquo;\u00eatre au monde, sur leur identit\u00e9 sociale, leurs modes relationnels, leurs r\u00f4les sociaux et leur devenir ?<\/p>\n<p>Pour explorer les myst\u00e8res de ces v\u00e9cus fraternels, Charles Gardou a demand\u00e9 \u00e0 des acteurs directement concern\u00e9s de faire un retour sur leur pass\u00e9 et de revisiter leur \u00ab roman familial \u00bb. Sans faux-fuyants, sans \u00e9cran interpos\u00e9, mais avec authenticit\u00e9, pudeur et capacit\u00e9 de distanciation, ils d\u00e9voilent leur exp\u00e9rience existentielle singuli\u00e8re, mettant ainsi au jour ce qui reste habituellement dans l&rsquo;ombre et que ne peuvent ignorer ceux qui ont la charge de les aider. (Pr\u00e9sentation de l\u2019\u00e9diteur)<\/p>\n<p>GARDOU C.<\/p>\n<p>Editions Er\u00e8s<\/p>\n<p>2012- 184p.- 145gr<\/p>\n<p>ISBN: 978-2-7492-1656-0<\/p>\n<p>Cote doc\u00a0: 4-10-GAR-F<\/p>\n<span class=\"et_bloom_bottom_trigger\"><\/span>","protected":false},"excerpt":{"rendered":"<p>La naissance d&rsquo;un enfant handicap\u00e9 n&rsquo;est pas seulement l&rsquo;affaire des parents, des soignants et des \u00e9ducateurs qui l&rsquo;accompagnent<\/p>\n","protected":false},"featured_media":179,"comment_status":"open","ping_status":"closed","template":"","meta":{"_et_pb_use_builder":"","_et_pb_old_content":"","_et_gb_content_width":"","spay_email":""},"class_list":["post-180","product","type-product","status-publish","has-post-thumbnail","hentry","product_cat-livres","product_tag-acceptation","product_tag-annonce-du-handicap","product_tag-enfant-handicape","product_tag-fratrie","product_tag-relation-famille-soignant","product_tag-relation-fraternelle","product_tag-relation-parent-intervenant"],"jetpack_sharing_enabled":true,"jetpack_likes_enabled":true,"_links":{"self":[{"href":"https:\/\/www.parthages.be\/eboutique\/wp-json\/wp\/v2\/product\/180","targetHints":{"allow":["GET"]}}],"collection":[{"href":"https:\/\/www.parthages.be\/eboutique\/wp-json\/wp\/v2\/product"}],"about":[{"href":"https:\/\/www.parthages.be\/eboutique\/wp-json\/wp\/v2\/types\/product"}],"replies":[{"embeddable":true,"href":"https:\/\/www.parthages.be\/eboutique\/wp-json\/wp\/v2\/comments?post=180"}],"wp:featuredmedia":[{"embeddable":true,"href":"https:\/\/www.parthages.be\/eboutique\/wp-json\/wp\/v2\/media\/179"}],"wp:attachment":[{"href":"https:\/\/www.parthages.be\/eboutique\/wp-json\/wp\/v2\/media?parent=180"}],"curies":[{"name":"wp","href":"https:\/\/api.w.org\/{rel}","templated":true}]}}

Frères et soeurs de personnes handicapées

<p>La naissance d&rsquo;un enfant handicapé n&rsquo;est pas seulement l&rsquo;affaire des parents, des soignants et des éducateurs qui l&rsquo;accompagnent : les frères et les soeurs se retrouvent d&#8217;emblée, à leur insu, engagés dans une aventure aux conséquences multiples. Pèsent sur eux les profonds remaniements, la révolte et le désespoir provoqués par l&rsquo;intrusion du handicap au coeur de la famille. Quels en sont les retentissements sur la construction psychique de chacun des membres de la fratrie, sur leur manière d&rsquo;être au monde, sur leur identité sociale, leurs modes relationnels, leurs rôles sociaux et leur devenir ?</p>
<p>Pour explorer les mystères de ces vécus fraternels, Charles Gardou a demandé à des acteurs directement concernés de faire un retour sur leur passé et de revisiter leur « roman familial ». Sans faux-fuyants, sans écran interposé, mais avec authenticité, pudeur et capacité de distanciation, ils dévoilent leur expérience existentielle singulière, mettant ainsi au jour ce qui reste habituellement dans l&rsquo;ombre et que ne peuvent ignorer ceux qui ont la charge de les aider. (Présentation de l’éditeur)</p>
<p>GARDOU C.</p>
<p>Editions Erès</p>
<p>2012- 184p.- 145gr</p>
<p>ISBN: 978-2-7492-1656-0</p>
<p>Cote doc : 4-10-GAR-F</p>
<span class="et_bloom_bottom_trigger"></span>

<p>La naissance d&rsquo;un enfant handicapé n&rsquo;est pas seulement l&rsquo;affaire des parents, des soignants et des éducateurs qui l&rsquo;accompagnent</p>
