{"id":1803,"date":"2021-09-13T15:01:15","date_gmt":"2021-09-13T13:01:15","guid":{"rendered":"https:\/\/www.parthages.be\/eboutique\/?post_type=product&#038;p=1803"},"modified":"2021-09-13T15:01:16","modified_gmt":"2021-09-13T13:01:16","slug":"legislation-et-reglementation-cordonnees-relatives-a-lintegration-des-personnes-handicapees-en-region-de-langue-francaise","status":"publish","type":"product","link":"https:\/\/www.parthages.be\/eboutique\/produit\/legislation-et-reglementation-cordonnees-relatives-a-lintegration-des-personnes-handicapees-en-region-de-langue-francaise\/","title":{"rendered":"L\u00e9gislation et r\u00e9glementation cordonn\u00e9es relatives \u00e0 l&rsquo;int\u00e9gration des personnes handicap\u00e9es en r\u00e9gion de langue fran\u00e7aise"},"content":{"rendered":"<p>Diff\u00e9rentes r\u00e9glementations et arr\u00eat\u00e9s concernant l&rsquo;int\u00e9gration professionnelle, aide \u00e0 l&#8217;emploi ordinaire, r\u00e9adaptation fonctionnelle, accueil, h\u00e9bergement, services d&rsquo;accompagnement, service d&rsquo;aide pr\u00e9coce, services d&rsquo;aide aux activit\u00e9s de la vie journali\u00e8re. Une nouvelle mise \u00e0 jour a \u00e9t\u00e9 envoy\u00e9e par l&rsquo;AWIPH le 9-06-99 relative aux nouvelles r\u00e9glementations. (Pr\u00e9sentation de l\u2019\u00e9diteur)<\/p>\n<p><strong><em>Dossier<\/em><\/strong><\/p>\n<p>AWIPH<\/p>\n<p>1998-591p.<\/p>\n<p>Cote doc\u00a0: 6-10-AWI-L1<\/p>\n<p><strong><em>Uniquement \u00e0 la location<\/em><\/strong><\/p>\n<span class=\"et_bloom_bottom_trigger\"><\/span>","protected":false},"excerpt":{"rendered":"<p>Diff\u00e9rentes r\u00e9glementations et arr\u00eat\u00e9s concernant l&rsquo;int\u00e9gration professionnelle, aide \u00e0 l&#8217;emploi ordinaire, r\u00e9adaptation fonctionnelle, accueil, h\u00e9bergement, services d&rsquo;accompagnement, service d&rsquo;aide pr\u00e9coce, services d&rsquo;aide aux activit\u00e9s de la vie journali\u00e8re.<\/p>\n","protected":false},"featured_media":0,"comment_status":"closed","ping_status":"closed","template":"","meta":{"_et_pb_use_builder":"","_et_pb_old_content":"","_et_gb_content_width":"","spay_email":""},"class_list":["post-1803","product","type-product","status-publish","hentry","product_cat-livres","product_tag-accompagnement","product_tag-accueil","product_tag-aide","product_tag-centre-dhebergement","product_tag-centre-de-jour","product_tag-education","product_tag-emploi","product_tag-entreprise-de-travail-adapte","product_tag-formation-professionnelle","product_tag-hebergement","product_tag-integration","product_tag-integration-sociale","product_tag-intervenant","product_tag-organisme","product_tag-organisme-public","product_tag-orientation-professionnelle","product_tag-orientation-scolaire","product_tag-personne-handicapee","product_tag-placement","product_tag-readaptation","product_tag-reglementation","product_tag-structure","product_tag-vie-quotidienne","product_tag-wallonie"],"jetpack_sharing_enabled":true,"jetpack_likes_enabled":true,"_links":{"self":[{"href":"https:\/\/www.parthages.be\/eboutique\/wp-json\/wp\/v2\/product\/1803","targetHints":{"allow":["GET"]}}],"collection":[{"href":"https:\/\/www.parthages.be\/eboutique\/wp-json\/wp\/v2\/product"}],"about":[{"href":"https:\/\/www.parthages.be\/eboutique\/wp-json\/wp\/v2\/types\/product"}],"replies":[{"embeddable":true,"href":"https:\/\/www.parthages.be\/eboutique\/wp-json\/wp\/v2\/comments?post=1803"}],"wp:attachment":[{"href":"https:\/\/www.parthages.be\/eboutique\/wp-json\/wp\/v2\/media?parent=1803"}],"curies":[{"name":"wp","href":"https:\/\/api.w.org\/{rel}","templated":true}]}}

Législation et réglementation cordonnées relatives à l&rsquo;intégration des personnes handicapées en région de langue française

<p>Différentes réglementations et arrêtés concernant l&rsquo;intégration professionnelle, aide à l&#8217;emploi ordinaire, réadaptation fonctionnelle, accueil, hébergement, services d&rsquo;accompagnement, service d&rsquo;aide précoce, services d&rsquo;aide aux activités de la vie journalière. Une nouvelle mise à jour a été envoyée par l&rsquo;AWIPH le 9-06-99 relative aux nouvelles réglementations. (Présentation de l’éditeur)</p>
<p><strong><em>Dossier</em></strong></p>
<p>AWIPH</p>
<p>1998-591p.</p>
<p>Cote doc : 6-10-AWI-L1</p>
<p><strong><em>Uniquement à la location</em></strong></p>
<span class="et_bloom_bottom_trigger"></span>

<p>Différentes réglementations et arrêtés concernant l&rsquo;intégration professionnelle, aide à l&#8217;emploi ordinaire, réadaptation fonctionnelle, accueil, hébergement, services d&rsquo;accompagnement, service d&rsquo;aide précoce, services d&rsquo;aide aux activités de la vie journalière.</p>
