{"id":1815,"date":"2021-09-17T08:55:37","date_gmt":"2021-09-17T06:55:37","guid":{"rendered":"https:\/\/www.parthages.be\/eboutique\/?post_type=product&#038;p=1815"},"modified":"2021-09-17T08:55:38","modified_gmt":"2021-09-17T06:55:38","slug":"la-pluridisciplinarite-dans-les-pratiques-medico-psycho-socio-educatives-mal-necessaire-ou-necessite-benefique","status":"publish","type":"product","link":"https:\/\/www.parthages.be\/eboutique\/produit\/la-pluridisciplinarite-dans-les-pratiques-medico-psycho-socio-educatives-mal-necessaire-ou-necessite-benefique\/","title":{"rendered":"La pluridisciplinarit\u00e9 dans les pratiques m\u00e9dico-psycho-socio-\u00e9ducatives: mal n\u00e9cessaire ou n\u00e9cessit\u00e9 b\u00e9n\u00e9fique ?"},"content":{"rendered":"<p>Au CTNERHI, un ensemble de recherches a \u00e9t\u00e9 r\u00e9alis\u00e9 sur le th\u00e8me de la pluridisciplinarit\u00e9. Rencontre de travail et d&rsquo;\u00e9changes entre les divers partenaires du secteur de l&rsquo;action sociale sp\u00e9cialis\u00e9e (praticiens, d\u00e9cideurs et chercheurs). (Pr\u00e9sentation de l\u2019\u00e9diteur)<\/p>\n<p>CTNERHI<\/p>\n<p>1985-195p.<\/p>\n<p>ISBN\u00a0: 2-902-402-71-6<\/p>\n<p>Cote doc\u00a0: 5-60-CTN-P<\/p>\n<p><strong><em>Uniquement \u00e0 la location<\/em><\/strong><\/p>\n<span class=\"et_bloom_bottom_trigger\"><\/span>","protected":false},"excerpt":{"rendered":"<p>Au CTNERHI, un ensemble de recherches a \u00e9t\u00e9 r\u00e9alis\u00e9 sur le th\u00e8me de la pluridisciplinarit\u00e9.<\/p>\n","protected":false},"featured_media":1816,"comment_status":"closed","ping_status":"closed","template":"","meta":{"_et_pb_use_builder":"","_et_pb_old_content":"","_et_gb_content_width":"","spay_email":""},"class_list":["post-1815","product","type-product","status-publish","has-post-thumbnail","hentry","product_cat-livres","product_tag-action-sociale","product_tag-approche-pluridisciplinaire","product_tag-congres","product_tag-education","product_tag-enfance","product_tag-equipe-de-travail","product_tag-etude","product_tag-exclusion-sociale","product_tag-france","product_tag-medecin-specialiste","product_tag-personne-handicapee","product_tag-sciences-sociales"],"jetpack_sharing_enabled":true,"jetpack_likes_enabled":true,"_links":{"self":[{"href":"https:\/\/www.parthages.be\/eboutique\/wp-json\/wp\/v2\/product\/1815","targetHints":{"allow":["GET"]}}],"collection":[{"href":"https:\/\/www.parthages.be\/eboutique\/wp-json\/wp\/v2\/product"}],"about":[{"href":"https:\/\/www.parthages.be\/eboutique\/wp-json\/wp\/v2\/types\/product"}],"replies":[{"embeddable":true,"href":"https:\/\/www.parthages.be\/eboutique\/wp-json\/wp\/v2\/comments?post=1815"}],"wp:featuredmedia":[{"embeddable":true,"href":"https:\/\/www.parthages.be\/eboutique\/wp-json\/wp\/v2\/media\/1816"}],"wp:attachment":[{"href":"https:\/\/www.parthages.be\/eboutique\/wp-json\/wp\/v2\/media?parent=1815"}],"curies":[{"name":"wp","href":"https:\/\/api.w.org\/{rel}","templated":true}]}}

La pluridisciplinarité dans les pratiques médico-psycho-socio-éducatives: mal nécessaire ou nécessité bénéfique ?

<p>Au CTNERHI, un ensemble de recherches a été réalisé sur le thème de la pluridisciplinarité. Rencontre de travail et d&rsquo;échanges entre les divers partenaires du secteur de l&rsquo;action sociale spécialisée (praticiens, décideurs et chercheurs). (Présentation de l’éditeur)</p>
<p>CTNERHI</p>
<p>1985-195p.</p>
<p>ISBN : 2-902-402-71-6</p>
<p>Cote doc : 5-60-CTN-P</p>
<p><strong><em>Uniquement à la location</em></strong></p>
<span class="et_bloom_bottom_trigger"></span>

<p>Au CTNERHI, un ensemble de recherches a été réalisé sur le thème de la pluridisciplinarité.</p>
