{"id":1825,"date":"2021-09-17T09:00:02","date_gmt":"2021-09-17T07:00:02","guid":{"rendered":"https:\/\/www.parthages.be\/eboutique\/?post_type=product&#038;p=1825"},"modified":"2021-09-17T09:00:02","modified_gmt":"2021-09-17T07:00:02","slug":"evaluation-de-la-participation-des-personnes-vivant-dans-la-pauvrete-au-rapport-bruxellois-sur-letat-de-la-pauvrete","status":"publish","type":"product","link":"https:\/\/www.parthages.be\/eboutique\/produit\/evaluation-de-la-participation-des-personnes-vivant-dans-la-pauvrete-au-rapport-bruxellois-sur-letat-de-la-pauvrete\/","title":{"rendered":"Evaluation de la participation des personnes vivant dans la pauvret\u00e9 au rapport bruxellois sur l&rsquo;\u00e9tat de la pauvret\u00e9"},"content":{"rendered":"<p>OBSERVATOIRE DE LA SANTE ET DU SOCIAL BRUXELLES &#8211; Rapport 2005<\/p>\n<p>74p.<\/p>\n<p>Cote doc\u00a0: 7-10-OSS-E<\/p>\n<p><strong><em>Uniquement \u00e0 la location<\/em><\/strong><\/p>\n<span class=\"et_bloom_bottom_trigger\"><\/span>","protected":false},"excerpt":{"rendered":"<p>OBSERVATOIRE DE LA SANTE ET DU SOCIAL BRUXELLES &#8211; Rapport 2005<\/p>\n","protected":false},"featured_media":1826,"comment_status":"closed","ping_status":"closed","template":"","meta":{"_et_pb_use_builder":"","_et_pb_old_content":"","_et_gb_content_width":"","spay_email":""},"class_list":["post-1825","product","type-product","status-publish","has-post-thumbnail","hentry","product_cat-livres","product_tag-bruxelles-capitale","product_tag-indicateur","product_tag-pauvrete","product_tag-surendettement"],"jetpack_sharing_enabled":true,"jetpack_likes_enabled":true,"_links":{"self":[{"href":"https:\/\/www.parthages.be\/eboutique\/wp-json\/wp\/v2\/product\/1825","targetHints":{"allow":["GET"]}}],"collection":[{"href":"https:\/\/www.parthages.be\/eboutique\/wp-json\/wp\/v2\/product"}],"about":[{"href":"https:\/\/www.parthages.be\/eboutique\/wp-json\/wp\/v2\/types\/product"}],"replies":[{"embeddable":true,"href":"https:\/\/www.parthages.be\/eboutique\/wp-json\/wp\/v2\/comments?post=1825"}],"wp:featuredmedia":[{"embeddable":true,"href":"https:\/\/www.parthages.be\/eboutique\/wp-json\/wp\/v2\/media\/1826"}],"wp:attachment":[{"href":"https:\/\/www.parthages.be\/eboutique\/wp-json\/wp\/v2\/media?parent=1825"}],"curies":[{"name":"wp","href":"https:\/\/api.w.org\/{rel}","templated":true}]}}