{"id":1829,"date":"2021-09-17T09:02:38","date_gmt":"2021-09-17T07:02:38","guid":{"rendered":"https:\/\/www.parthages.be\/eboutique\/?post_type=product&#038;p=1829"},"modified":"2021-09-17T09:02:39","modified_gmt":"2021-09-17T07:02:39","slug":"leconomie-sociale-souvre-aux-competences-du-prive-et-linverse","status":"publish","type":"product","link":"https:\/\/www.parthages.be\/eboutique\/produit\/leconomie-sociale-souvre-aux-competences-du-prive-et-linverse\/","title":{"rendered":"L&rsquo;\u00e9conomie sociale s&rsquo;ouvre aux comp\u00e9tences du priv\u00e9 et l&rsquo;inverse ?"},"content":{"rendered":"<p>En 2002, le Ministre f\u00e9d\u00e9ral de l&rsquo;\u00c9conomie sociale a lanc\u00e9 le programme \u00ab\u00a0management ES-change\u00a0\u00bb, une initiative nouvelle qui vise \u00e0 soutenir l&rsquo;\u00e9conomie sociale gr\u00e2ce aux \u00e9changes avec le secteur priv\u00e9. C&rsquo;est \u00e0 la Fondation Roi Baudouin qu&rsquo;a \u00e9t\u00e9 confi\u00e9e la gestion de ce projet novateur. Le secteur priv\u00e9 a tr\u00e8s vite manifest\u00e9 un r\u00e9el int\u00e9r\u00eat pour ces opportunit\u00e9s d&rsquo;\u00e9changes avec l&rsquo;\u00e9conomie sociale. A ce jour, 120 initiatives, impliquant 500 entreprises, ont vu le jour. Quelles \u00e9taient les motivations de ces entreprises ? Qu\u2019ont-elles tir\u00e9 de l&rsquo;exp\u00e9rience? Dans cette brochure se trouvent leurs r\u00e9ponses et leurs t\u00e9moignages.<\/p>\n<p><strong><em>Brochure <\/em><\/strong><\/p>\n<p>Fondation Roi Baudouin<\/p>\n<p>2005-14p.<\/p>\n<p>Cote doc\u00a0: 8-00-FRB-E<\/p>\n<p><strong><em>Uniquement \u00e0 la location<\/em><\/strong><\/p>\n<span class=\"et_bloom_bottom_trigger\"><\/span>","protected":false},"excerpt":{"rendered":"<p>En 2002, le Ministre f\u00e9d\u00e9ral de l&rsquo;\u00c9conomie sociale a lanc\u00e9 le programme \u00ab\u00a0management ES-change\u00a0\u00bb, une initiative nouvelle qui vise \u00e0 soutenir l&rsquo;\u00e9conomie sociale gr\u00e2ce aux \u00e9changes avec le secteur priv\u00e9.<\/p>\n","protected":false},"featured_media":1830,"comment_status":"closed","ping_status":"closed","template":"","meta":{"_et_pb_use_builder":"","_et_pb_old_content":"","_et_gb_content_width":"","spay_email":""},"class_list":["post-1829","product","type-product","status-publish","has-post-thumbnail","hentry","product_cat-livres","product_tag-belgique","product_tag-economie-sociale","product_tag-secteur-prive"],"jetpack_sharing_enabled":true,"jetpack_likes_enabled":true,"_links":{"self":[{"href":"https:\/\/www.parthages.be\/eboutique\/wp-json\/wp\/v2\/product\/1829","targetHints":{"allow":["GET"]}}],"collection":[{"href":"https:\/\/www.parthages.be\/eboutique\/wp-json\/wp\/v2\/product"}],"about":[{"href":"https:\/\/www.parthages.be\/eboutique\/wp-json\/wp\/v2\/types\/product"}],"replies":[{"embeddable":true,"href":"https:\/\/www.parthages.be\/eboutique\/wp-json\/wp\/v2\/comments?post=1829"}],"wp:featuredmedia":[{"embeddable":true,"href":"https:\/\/www.parthages.be\/eboutique\/wp-json\/wp\/v2\/media\/1830"}],"wp:attachment":[{"href":"https:\/\/www.parthages.be\/eboutique\/wp-json\/wp\/v2\/media?parent=1829"}],"curies":[{"name":"wp","href":"https:\/\/api.w.org\/{rel}","templated":true}]}}

L&rsquo;économie sociale s&rsquo;ouvre aux compétences du privé et l&rsquo;inverse ?

<p>En 2002, le Ministre fédéral de l&rsquo;Économie sociale a lancé le programme « management ES-change », une initiative nouvelle qui vise à soutenir l&rsquo;économie sociale grâce aux échanges avec le secteur privé. C&rsquo;est à la Fondation Roi Baudouin qu&rsquo;a été confiée la gestion de ce projet novateur. Le secteur privé a très vite manifesté un réel intérêt pour ces opportunités d&rsquo;échanges avec l&rsquo;économie sociale. A ce jour, 120 initiatives, impliquant 500 entreprises, ont vu le jour. Quelles étaient les motivations de ces entreprises ? Qu’ont-elles tiré de l&rsquo;expérience? Dans cette brochure se trouvent leurs réponses et leurs témoignages.</p>
<p><strong><em>Brochure </em></strong></p>
<p>Fondation Roi Baudouin</p>
<p>2005-14p.</p>
<p>Cote doc : 8-00-FRB-E</p>
<p><strong><em>Uniquement à la location</em></strong></p>
<span class="et_bloom_bottom_trigger"></span>

<p>En 2002, le Ministre fédéral de l&rsquo;Économie sociale a lancé le programme « management ES-change », une initiative nouvelle qui vise à soutenir l&rsquo;économie sociale grâce aux échanges avec le secteur privé.</p>
