{"id":1833,"date":"2021-09-17T09:04:37","date_gmt":"2021-09-17T07:04:37","guid":{"rendered":"https:\/\/www.parthages.be\/eboutique\/?post_type=product&#038;p=1833"},"modified":"2021-09-17T09:04:38","modified_gmt":"2021-09-17T07:04:38","slug":"le-reclassement-social-des-handicapes","status":"publish","type":"product","link":"https:\/\/www.parthages.be\/eboutique\/produit\/le-reclassement-social-des-handicapes\/","title":{"rendered":"Le reclassement social des handicap\u00e9s"},"content":{"rendered":"<p>L&rsquo;auteur pr\u00e9sente le fonds national de reclassement social des handicap\u00e9s. Il analyse les textes ayant pr\u00e9c\u00e9d\u00e9 sa naissance, les diff\u00e9rentes l\u00e9gislations qui lui ont soit donn\u00e9 le jour soit l&rsquo;ont fait dispara\u00eetre, durant la p\u00e9riode 1946-1963, les missions du FNRSH, les t\u00e2ches, les organes, les effectifs, les aspects financiers, la situation actuelle ainsi que les relations qu&rsquo;entretient l&rsquo;organisme avec le Ministre dont il rel\u00e8ve, et d\u00e9partements et organismes en vue de l&rsquo;accomplissement de ses missions. En annexes, r\u00e9solution concernant l&rsquo;ann\u00e9e internationale des personnes handicap\u00e9es, des noms et adresses de centres de r\u00e9adaptation fonctionnelle, de services d&rsquo;orientation professionnelle, d&rsquo;organisations repr\u00e9sentatives, d&rsquo;ateliers prot\u00e9g\u00e9s et de bureaux provinciaux du FNRSH.<\/p>\n<p>FLAHAUT A.<\/p>\n<p>1980-236p.<\/p>\n<p>INSTITUT EMILE VANDERVELDE<\/p>\n<p>Cote doc\u00a0: 5-50-FLA-R<\/p>\n<p><strong><em>Uniquement \u00e0 la location<\/em><\/strong><\/p>\n<span class=\"et_bloom_bottom_trigger\"><\/span>","protected":false},"excerpt":{"rendered":"<p>L&rsquo;auteur pr\u00e9sente le fonds national de reclassement social des handicap\u00e9s.<\/p>\n","protected":false},"featured_media":1834,"comment_status":"closed","ping_status":"closed","template":"","meta":{"_et_pb_use_builder":"","_et_pb_old_content":"","_et_gb_content_width":"","spay_email":""},"class_list":["post-1833","product","type-product","status-publish","has-post-thumbnail","hentry","product_cat-livres","product_tag-belgique","product_tag-integration-professionnelle","product_tag-integration-sociale","product_tag-legislation","product_tag-personne-handicapee","product_tag-reinsertion-professionnelle","product_tag-sante","product_tag-travail"],"jetpack_sharing_enabled":true,"jetpack_likes_enabled":true,"_links":{"self":[{"href":"https:\/\/www.parthages.be\/eboutique\/wp-json\/wp\/v2\/product\/1833","targetHints":{"allow":["GET"]}}],"collection":[{"href":"https:\/\/www.parthages.be\/eboutique\/wp-json\/wp\/v2\/product"}],"about":[{"href":"https:\/\/www.parthages.be\/eboutique\/wp-json\/wp\/v2\/types\/product"}],"replies":[{"embeddable":true,"href":"https:\/\/www.parthages.be\/eboutique\/wp-json\/wp\/v2\/comments?post=1833"}],"wp:featuredmedia":[{"embeddable":true,"href":"https:\/\/www.parthages.be\/eboutique\/wp-json\/wp\/v2\/media\/1834"}],"wp:attachment":[{"href":"https:\/\/www.parthages.be\/eboutique\/wp-json\/wp\/v2\/media?parent=1833"}],"curies":[{"name":"wp","href":"https:\/\/api.w.org\/{rel}","templated":true}]}}

Le reclassement social des handicapés

<p>L&rsquo;auteur présente le fonds national de reclassement social des handicapés. Il analyse les textes ayant précédé sa naissance, les différentes législations qui lui ont soit donné le jour soit l&rsquo;ont fait disparaître, durant la période 1946-1963, les missions du FNRSH, les tâches, les organes, les effectifs, les aspects financiers, la situation actuelle ainsi que les relations qu&rsquo;entretient l&rsquo;organisme avec le Ministre dont il relève, et départements et organismes en vue de l&rsquo;accomplissement de ses missions. En annexes, résolution concernant l&rsquo;année internationale des personnes handicapées, des noms et adresses de centres de réadaptation fonctionnelle, de services d&rsquo;orientation professionnelle, d&rsquo;organisations représentatives, d&rsquo;ateliers protégés et de bureaux provinciaux du FNRSH.</p>
<p>FLAHAUT A.</p>
<p>1980-236p.</p>
<p>INSTITUT EMILE VANDERVELDE</p>
<p>Cote doc : 5-50-FLA-R</p>
<p><strong><em>Uniquement à la location</em></strong></p>
<span class="et_bloom_bottom_trigger"></span>

<p>L&rsquo;auteur présente le fonds national de reclassement social des handicapés.</p>
