{"id":1844,"date":"2021-09-17T09:23:16","date_gmt":"2021-09-17T07:23:16","guid":{"rendered":"https:\/\/www.parthages.be\/eboutique\/?post_type=product&#038;p=1844"},"modified":"2021-09-17T09:23:16","modified_gmt":"2021-09-17T07:23:16","slug":"les-educateurs-aujourdhui","status":"publish","type":"product","link":"https:\/\/www.parthages.be\/eboutique\/produit\/les-educateurs-aujourdhui\/","title":{"rendered":"Les \u00e9ducateurs aujourd&rsquo;hui"},"content":{"rendered":"<p>En organisant les premiers \u00c9tats g\u00e9n\u00e9raux des \u00e9ducateurs les 2 et 3 avril 1992 \u00e0 Toulouse, Lien social a \u00e9t\u00e9 \u00e0 l\u2019origine du plus grand rassemblement de la profession. Cet ouvrage collectif a pour ambition non seulement d\u2019\u00eatre le reflet de cet \u00e9v\u00e9nement, mais aussi de le prolonger par une s\u00e9rie de contributions nouvelles, offrant ainsi une radiographie exhaustive d\u2019une profession charni\u00e8re en compl\u00e8te transformation. Quel que soit son lieu d\u2019intervention, l\u2019\u00e9ducateur est toujours confront\u00e9 \u00e0 ce qu\u2019il est convenu d\u2019appeler \u201cles incasables, les hors normes, les exclus, les marginaux\u201d. Ce livre dresse donc, dans un premier temps, un \u00e9tat des lieux de cette fonction au carrefour du p\u00e9dagogique, du th\u00e9rapeutique et de l\u2019\u00e9ducatif. Il d\u00e9finit les \u00e9ducateurs comme des professionnels de la relation. Il montre \u00e9galement l\u2019importance de la formation, condition essentielle d\u2019une professionnalisation r\u00e9ussie. Les mutations des professions sociales font enfin l\u2019objet d\u2019analyses approfondies de Christian Bachmann, Jean-No\u00ebl Chopart et Jacques Ion. (Pr\u00e9sentation de l\u2019\u00e9diteur)<\/p>\n<p>MARTINET J.L.<\/p>\n<p>Dunod<\/p>\n<p>1999-207p.<\/p>\n<p>ISBN\u00a0: 2-10-004596-2<\/p>\n<p>Cote doc\u00a0: 5-40-MAR-E<\/p>\n<p><strong><em>Uniquement \u00e0 la location<\/em><\/strong><\/p>\n<span class=\"et_bloom_bottom_trigger\"><\/span>","protected":false},"excerpt":{"rendered":"<p>En organisant les premiers \u00c9tats g\u00e9n\u00e9raux des \u00e9ducateurs les 2 et 3 avril 1992 \u00e0 Toulouse, Lien social a \u00e9t\u00e9 \u00e0 l\u2019origine du plus grand rassemblement de la profession.<\/p>\n","protected":false},"featured_media":1845,"comment_status":"closed","ping_status":"closed","template":"","meta":{"_et_pb_use_builder":"","_et_pb_old_content":"","_et_gb_content_width":"","spay_email":""},"class_list":["post-1844","product","type-product","status-publish","has-post-thumbnail","hentry","product_cat-livres","product_tag-educateur","product_tag-formation","product_tag-personne-handicapee","product_tag-qualification-professionnelle","product_tag-relation","product_tag-travail-social"],"jetpack_sharing_enabled":true,"jetpack_likes_enabled":true,"_links":{"self":[{"href":"https:\/\/www.parthages.be\/eboutique\/wp-json\/wp\/v2\/product\/1844","targetHints":{"allow":["GET"]}}],"collection":[{"href":"https:\/\/www.parthages.be\/eboutique\/wp-json\/wp\/v2\/product"}],"about":[{"href":"https:\/\/www.parthages.be\/eboutique\/wp-json\/wp\/v2\/types\/product"}],"replies":[{"embeddable":true,"href":"https:\/\/www.parthages.be\/eboutique\/wp-json\/wp\/v2\/comments?post=1844"}],"wp:featuredmedia":[{"embeddable":true,"href":"https:\/\/www.parthages.be\/eboutique\/wp-json\/wp\/v2\/media\/1845"}],"wp:attachment":[{"href":"https:\/\/www.parthages.be\/eboutique\/wp-json\/wp\/v2\/media?parent=1844"}],"curies":[{"name":"wp","href":"https:\/\/api.w.org\/{rel}","templated":true}]}}