{"id":1853,"date":"2021-09-17T09:26:37","date_gmt":"2021-09-17T07:26:37","guid":{"rendered":"https:\/\/www.parthages.be\/eboutique\/?post_type=product&#038;p=1853"},"modified":"2021-09-17T09:26:37","modified_gmt":"2021-09-17T07:26:37","slug":"laide-du-fonds-social-europeen-aux-personnes-handicapees-t3","status":"publish","type":"product","link":"https:\/\/www.parthages.be\/eboutique\/produit\/laide-du-fonds-social-europeen-aux-personnes-handicapees-t3\/","title":{"rendered":"L&rsquo;aide du Fonds Social Europ\u00e9en aux personnes handicap\u00e9es. T3"},"content":{"rendered":"<p><strong>Troisi\u00e8me groupe: haute technologie<\/strong><\/p>\n<p><strong><em>Rapport<\/em><\/strong><\/p>\n<p>WALDMANN M.- BRABANT M.<\/p>\n<p>COMMISSION DES COMMUNAUTES EUROPEENNES<\/p>\n<p>1981-54p<\/p>\n<p>Cote doc\u00a0:\u00a05-50-CCE-A3<\/p>\n<p><strong><em>Uniquement \u00e0 la location<\/em><\/strong><\/p>\n<span class=\"et_bloom_bottom_trigger\"><\/span>","protected":false},"excerpt":{"rendered":"<p><strong>Troisi\u00e8me groupe: haute technologie<\/strong><\/p>\n","protected":false},"featured_media":1854,"comment_status":"closed","ping_status":"closed","template":"","meta":{"_et_pb_use_builder":"","_et_pb_old_content":"","_et_gb_content_width":"","spay_email":""},"class_list":["post-1853","product","type-product","status-publish","has-post-thumbnail","hentry","product_cat-livres","product_tag-aide","product_tag-cee","product_tag-emploi","product_tag-formation","product_tag-integration","product_tag-intervenant","product_tag-invalidite","product_tag-jeune","product_tag-organisme-public","product_tag-personne-handicapee","product_tag-readaptation","product_tag-reinsertion-professionnelle","product_tag-travail"],"jetpack_sharing_enabled":true,"jetpack_likes_enabled":true,"_links":{"self":[{"href":"https:\/\/www.parthages.be\/eboutique\/wp-json\/wp\/v2\/product\/1853","targetHints":{"allow":["GET"]}}],"collection":[{"href":"https:\/\/www.parthages.be\/eboutique\/wp-json\/wp\/v2\/product"}],"about":[{"href":"https:\/\/www.parthages.be\/eboutique\/wp-json\/wp\/v2\/types\/product"}],"replies":[{"embeddable":true,"href":"https:\/\/www.parthages.be\/eboutique\/wp-json\/wp\/v2\/comments?post=1853"}],"wp:featuredmedia":[{"embeddable":true,"href":"https:\/\/www.parthages.be\/eboutique\/wp-json\/wp\/v2\/media\/1854"}],"wp:attachment":[{"href":"https:\/\/www.parthages.be\/eboutique\/wp-json\/wp\/v2\/media?parent=1853"}],"curies":[{"name":"wp","href":"https:\/\/api.w.org\/{rel}","templated":true}]}}