{"id":1861,"date":"2021-09-17T09:31:01","date_gmt":"2021-09-17T07:31:01","guid":{"rendered":"https:\/\/www.parthages.be\/eboutique\/?post_type=product&#038;p=1861"},"modified":"2021-09-17T09:31:02","modified_gmt":"2021-09-17T07:31:02","slug":"former-les-equipes-educatives","status":"publish","type":"product","link":"https:\/\/www.parthages.be\/eboutique\/produit\/former-les-equipes-educatives\/","title":{"rendered":"Former les \u00e9quipes \u00e9ducatives"},"content":{"rendered":"<p>Le contenu de l&rsquo;\u00e9ducation sp\u00e9cialis\u00e9e se professionnalise de plus en plus autour de th\u00e8mes cl\u00e9s que sont : la prise en charge de la violence, le projet individuel, le projet institutionnel, la pr\u00e9vention sp\u00e9cialis\u00e9e, la parentalit\u00e9 &#8230; Ces th\u00e8mes f\u00e9d\u00e8rent le travail \u00e9ducatif en \u00e9quipe caract\u00e9ristique de l&rsquo;accompagnement des handicap\u00e9s et des personnes en difficult\u00e9 (jeunes et adultes). Cet ouvrage d\u00e9taille sous forme de vignettes comment\u00e9es les principaux axes de formation des \u00e9quipes \u00e9ducatives.<\/p>\n<p>SOMMAIRE :<br \/>\nL&rsquo;aide \u00e9ducative. D\u00e9finir le contrat de prise en charge (s\u00e9paration familiale et placement \u00e9ducatif). Conceptualiser la r\u00e9f\u00e9rence \u00e9ducative (mission et responsable). Interroger la posture \u00e9ducative. Mettre en \u0153uvre l&rsquo;\u00e9valuation \u00e9ducative. Assurer la communication \u00e9ducative &#8211; Bibliographie &#8211; Index. (Pr\u00e9sentation de l\u2019\u00e9diteur)<\/p>\n<p>PANAS J.C.<\/p>\n<p>Dunod<\/p>\n<p>2003-175p.<\/p>\n<p>ISBN:\u00a02-10-006953-5<\/p>\n<p>Cote doc: 5-40-PAN-F<\/p>\n<p><strong><em>Uniquement \u00e0 la location<\/em><\/strong><\/p>\n<span class=\"et_bloom_bottom_trigger\"><\/span>","protected":false},"excerpt":{"rendered":"<p>Le contenu de l&rsquo;\u00e9ducation sp\u00e9cialis\u00e9e se professionnalise de plus en plus autour de th\u00e8mes cl\u00e9s que sont : la prise en charge de la violence, le projet individuel, le projet institutionnel, la pr\u00e9vention sp\u00e9cialis\u00e9e, la parentalit\u00e9 &#8230;<\/p>\n","protected":false},"featured_media":1862,"comment_status":"closed","ping_status":"closed","template":"","meta":{"_et_pb_use_builder":"","_et_pb_old_content":"","_et_gb_content_width":"","spay_email":""},"class_list":["post-1861","product","type-product","status-publish","has-post-thumbnail","hentry","product_cat-livres","product_tag-communication","product_tag-educateur","product_tag-evaluation","product_tag-formation","product_tag-personne-handicapee","product_tag-prise-de-decision","product_tag-prise-en-charge","product_tag-role"],"jetpack_sharing_enabled":true,"jetpack_likes_enabled":true,"_links":{"self":[{"href":"https:\/\/www.parthages.be\/eboutique\/wp-json\/wp\/v2\/product\/1861","targetHints":{"allow":["GET"]}}],"collection":[{"href":"https:\/\/www.parthages.be\/eboutique\/wp-json\/wp\/v2\/product"}],"about":[{"href":"https:\/\/www.parthages.be\/eboutique\/wp-json\/wp\/v2\/types\/product"}],"replies":[{"embeddable":true,"href":"https:\/\/www.parthages.be\/eboutique\/wp-json\/wp\/v2\/comments?post=1861"}],"wp:featuredmedia":[{"embeddable":true,"href":"https:\/\/www.parthages.be\/eboutique\/wp-json\/wp\/v2\/media\/1862"}],"wp:attachment":[{"href":"https:\/\/www.parthages.be\/eboutique\/wp-json\/wp\/v2\/media?parent=1861"}],"curies":[{"name":"wp","href":"https:\/\/api.w.org\/{rel}","templated":true}]}}

Former les équipes éducatives

<p>Le contenu de l&rsquo;éducation spécialisée se professionnalise de plus en plus autour de thèmes clés que sont : la prise en charge de la violence, le projet individuel, le projet institutionnel, la prévention spécialisée, la parentalité &#8230; Ces thèmes fédèrent le travail éducatif en équipe caractéristique de l&rsquo;accompagnement des handicapés et des personnes en difficulté (jeunes et adultes). Cet ouvrage détaille sous forme de vignettes commentées les principaux axes de formation des équipes éducatives.</p>
<p>SOMMAIRE :<br />
L&rsquo;aide éducative. Définir le contrat de prise en charge (séparation familiale et placement éducatif). Conceptualiser la référence éducative (mission et responsable). Interroger la posture éducative. Mettre en œuvre l&rsquo;évaluation éducative. Assurer la communication éducative &#8211; Bibliographie &#8211; Index. (Présentation de l’éditeur)</p>
<p>PANAS J.C.</p>
<p>Dunod</p>
<p>2003-175p.</p>
<p>ISBN: 2-10-006953-5</p>
<p>Cote doc: 5-40-PAN-F</p>
<p><strong><em>Uniquement à la location</em></strong></p>
<span class="et_bloom_bottom_trigger"></span>

<p>Le contenu de l&rsquo;éducation spécialisée se professionnalise de plus en plus autour de thèmes clés que sont : la prise en charge de la violence, le projet individuel, le projet institutionnel, la prévention spécialisée, la parentalité &#8230;</p>
