{"id":1865,"date":"2021-09-17T09:34:29","date_gmt":"2021-09-17T07:34:29","guid":{"rendered":"https:\/\/www.parthages.be\/eboutique\/?post_type=product&#038;p=1865"},"modified":"2021-09-17T09:34:30","modified_gmt":"2021-09-17T07:34:30","slug":"representations-des-situations-de-handicaps-et-dinadaptations-chez-les-educateurs-specialises-assistants-de-service-social-et-les-enseignants-specialises-en-formation-t2","status":"publish","type":"product","link":"https:\/\/www.parthages.be\/eboutique\/produit\/representations-des-situations-de-handicaps-et-dinadaptations-chez-les-educateurs-specialises-assistants-de-service-social-et-les-enseignants-specialises-en-formation-t2\/","title":{"rendered":"Repr\u00e9sentations des situations de handicaps et d&rsquo;inadaptations chez les \u00e9ducateurs sp\u00e9cialis\u00e9s assistants de service social et les enseignants sp\u00e9cialis\u00e9s en formation T2"},"content":{"rendered":"<p><strong><em>Etude &#8211; <\/em><\/strong>Extrait de la pr\u00e9face du Professeur Selosse : \u00ab\u00a0&#8230;Partant d&rsquo;hypoth\u00e8ses clairement formul\u00e9es et ordonn\u00e9es dans une d\u00e9marche progressive qui associe diverses lectures afin de d\u00e9gager les forces dynamiques en pr\u00e9sence dans les interactions d&rsquo;enseignement, d&rsquo;\u00e9ducation et d&rsquo;assistance, la recherche conduite par J.S. Morvan r\u00e9v\u00e8le des param\u00e8tres communs chez les sujets qui s&rsquo;orientent vers les professions d\u2019instituteur sp\u00e9cialis\u00e9, d&rsquo;\u00e9ducateur sp\u00e9cialis\u00e9 et d&rsquo;assistant de service social&#8230;\u00a0\u00bb. (Pr\u00e9sentation de l\u2019\u00e9diteur)<\/p>\n<p>MORVAN J.S.<\/p>\n<p>Ctnerhi<\/p>\n<p>1988-208p<\/p>\n<p>ISBN: 2.87710.007.3<\/p>\n<p>Cote doc: 5-40-CTN-R\/2<\/p>\n<p><strong><em>Uniquement \u00e0 la location<\/em><\/strong><\/p>\n<span class=\"et_bloom_bottom_trigger\"><\/span>","protected":false},"excerpt":{"rendered":"<p><strong><em>Etude &#8211; <\/em><\/strong>Extrait de la pr\u00e9face du Professeur Selosse<\/p>\n","protected":false},"featured_media":1866,"comment_status":"closed","ping_status":"closed","template":"","meta":{"_et_pb_use_builder":"","_et_pb_old_content":"","_et_gb_content_width":"","spay_email":""},"class_list":["post-1865","product","type-product","status-publish","has-post-thumbnail","hentry","product_cat-livres","product_tag-assistant-social","product_tag-deficience-intellectuelle","product_tag-educateur","product_tag-enseignement-specialise","product_tag-formation-professionnelle","product_tag-france","product_tag-handicap","product_tag-personne-handicapee","product_tag-qualite","product_tag-role"],"jetpack_sharing_enabled":true,"jetpack_likes_enabled":true,"_links":{"self":[{"href":"https:\/\/www.parthages.be\/eboutique\/wp-json\/wp\/v2\/product\/1865","targetHints":{"allow":["GET"]}}],"collection":[{"href":"https:\/\/www.parthages.be\/eboutique\/wp-json\/wp\/v2\/product"}],"about":[{"href":"https:\/\/www.parthages.be\/eboutique\/wp-json\/wp\/v2\/types\/product"}],"replies":[{"embeddable":true,"href":"https:\/\/www.parthages.be\/eboutique\/wp-json\/wp\/v2\/comments?post=1865"}],"wp:featuredmedia":[{"embeddable":true,"href":"https:\/\/www.parthages.be\/eboutique\/wp-json\/wp\/v2\/media\/1866"}],"wp:attachment":[{"href":"https:\/\/www.parthages.be\/eboutique\/wp-json\/wp\/v2\/media?parent=1865"}],"curies":[{"name":"wp","href":"https:\/\/api.w.org\/{rel}","templated":true}]}}

Représentations des situations de handicaps et d&rsquo;inadaptations chez les éducateurs spécialisés assistants de service social et les enseignants spécialisés en formation T2

<p><strong><em>Etude &#8211; </em></strong>Extrait de la préface du Professeur Selosse : « &#8230;Partant d&rsquo;hypothèses clairement formulées et ordonnées dans une démarche progressive qui associe diverses lectures afin de dégager les forces dynamiques en présence dans les interactions d&rsquo;enseignement, d&rsquo;éducation et d&rsquo;assistance, la recherche conduite par J.S. Morvan révèle des paramètres communs chez les sujets qui s&rsquo;orientent vers les professions d’instituteur spécialisé, d&rsquo;éducateur spécialisé et d&rsquo;assistant de service social&#8230; ». (Présentation de l’éditeur)</p>
<p>MORVAN J.S.</p>
<p>Ctnerhi</p>
<p>1988-208p</p>
<p>ISBN: 2.87710.007.3</p>
<p>Cote doc: 5-40-CTN-R/2</p>
<p><strong><em>Uniquement à la location</em></strong></p>
<span class="et_bloom_bottom_trigger"></span>

<p><strong><em>Etude &#8211; </em></strong>Extrait de la préface du Professeur Selosse</p>
