{"id":1867,"date":"2021-09-17T09:35:47","date_gmt":"2021-09-17T07:35:47","guid":{"rendered":"https:\/\/www.parthages.be\/eboutique\/?post_type=product&#038;p=1867"},"modified":"2021-09-17T09:35:48","modified_gmt":"2021-09-17T07:35:48","slug":"enquete-sur-pratiques-et-les-attentes-des-groupes-dentraide-en-communaute-francaise-de-belgique","status":"publish","type":"product","link":"https:\/\/www.parthages.be\/eboutique\/produit\/enquete-sur-pratiques-et-les-attentes-des-groupes-dentraide-en-communaute-francaise-de-belgique\/","title":{"rendered":"Enqu\u00eate sur pratiques et les attentes des groupes d&rsquo;entraide en communaut\u00e9 fran\u00e7aise de Belgique"},"content":{"rendered":"<p><strong><em>Dossier &#8211; <\/em><\/strong>Les groupes d&rsquo;entraides sont des associations\u00a0 de personnes ayant des probl\u00e8mes similaires et qui, par l&rsquo;\u00e9coute, le soutien, l&rsquo;entraide et l&rsquo;action, tentent d&rsquo;y rem\u00e9dier.<\/p>\n<p>Entretiens r\u00e9alis\u00e9s aupr\u00e8s des groupes d&rsquo;entraide (canevas).<\/p>\n<p>Le monde int\u00e9rieur des groupes d&rsquo;entraide: Historique, perception du groupe, l&rsquo;individu dans le groupe, fonctionnement du groupe.<\/p>\n<p>Le monde ext\u00e9rieur et les groupes d&rsquo;entraide.<\/p>\n<p>Conlusion<\/p>\n<p>Annexes: groupes d&rsquo;entraides retenus, crit\u00e8res de s\u00e9lection des groupes, personnes contact des groupes d&rsquo;entraide rencontr\u00e9s<\/p>\n<p>MOREAU A.- FENAUX A.- POUCET T.- DRAPS M.<\/p>\n<p>Mutualit\u00e9s socialistes<\/p>\n<p>1995- 55p.<\/p>\n<p>Cote doc\u00a0: 5-20-SPS-E<\/p>\n<p><strong><em>Uniquement \u00e0 la location<\/em><\/strong><\/p>\n<span class=\"et_bloom_bottom_trigger\"><\/span>","protected":false},"excerpt":{"rendered":"<p><strong><em>Dossier &#8211; <\/em><\/strong>Les groupes d&rsquo;entraides sont des associations\u00a0 de personnes ayant des probl\u00e8mes similaires et qui, par l&rsquo;\u00e9coute, le soutien, l&rsquo;entraide et l&rsquo;action, tentent d&rsquo;y rem\u00e9dier.<\/p>\n","protected":false},"featured_media":1868,"comment_status":"closed","ping_status":"closed","template":"","meta":{"_et_pb_use_builder":"","_et_pb_old_content":"","_et_gb_content_width":"","spay_email":""},"class_list":["post-1867","product","type-product","status-publish","has-post-thumbnail","hentry","product_cat-livres","product_tag-aide","product_tag-bruxelles","product_tag-communaute-francaise","product_tag-communication","product_tag-dependance","product_tag-evenement-de-vie","product_tag-groupe-dentraide","product_tag-intervenant","product_tag-maladie","product_tag-personne-handicapee","product_tag-service","product_tag-structure","product_tag-trouble-du-comportement","product_tag-wallonie"],"jetpack_sharing_enabled":true,"jetpack_likes_enabled":true,"_links":{"self":[{"href":"https:\/\/www.parthages.be\/eboutique\/wp-json\/wp\/v2\/product\/1867","targetHints":{"allow":["GET"]}}],"collection":[{"href":"https:\/\/www.parthages.be\/eboutique\/wp-json\/wp\/v2\/product"}],"about":[{"href":"https:\/\/www.parthages.be\/eboutique\/wp-json\/wp\/v2\/types\/product"}],"replies":[{"embeddable":true,"href":"https:\/\/www.parthages.be\/eboutique\/wp-json\/wp\/v2\/comments?post=1867"}],"wp:featuredmedia":[{"embeddable":true,"href":"https:\/\/www.parthages.be\/eboutique\/wp-json\/wp\/v2\/media\/1868"}],"wp:attachment":[{"href":"https:\/\/www.parthages.be\/eboutique\/wp-json\/wp\/v2\/media?parent=1867"}],"curies":[{"name":"wp","href":"https:\/\/api.w.org\/{rel}","templated":true}]}}

Enquête sur pratiques et les attentes des groupes d&rsquo;entraide en communauté française de Belgique

<p><strong><em>Dossier &#8211; </em></strong>Les groupes d&rsquo;entraides sont des associations  de personnes ayant des problèmes similaires et qui, par l&rsquo;écoute, le soutien, l&rsquo;entraide et l&rsquo;action, tentent d&rsquo;y remédier.</p>
<p>Entretiens réalisés auprès des groupes d&rsquo;entraide (canevas).</p>
<p>Le monde intérieur des groupes d&rsquo;entraide: Historique, perception du groupe, l&rsquo;individu dans le groupe, fonctionnement du groupe.</p>
<p>Le monde extérieur et les groupes d&rsquo;entraide.</p>
<p>Conlusion</p>
<p>Annexes: groupes d&rsquo;entraides retenus, critères de sélection des groupes, personnes contact des groupes d&rsquo;entraide rencontrés</p>
<p>MOREAU A.- FENAUX A.- POUCET T.- DRAPS M.</p>
<p>Mutualités socialistes</p>
<p>1995- 55p.</p>
<p>Cote doc : 5-20-SPS-E</p>
<p><strong><em>Uniquement à la location</em></strong></p>
<span class="et_bloom_bottom_trigger"></span>

<p><strong><em>Dossier &#8211; </em></strong>Les groupes d&rsquo;entraides sont des associations  de personnes ayant des problèmes similaires et qui, par l&rsquo;écoute, le soutien, l&rsquo;entraide et l&rsquo;action, tentent d&rsquo;y remédier.</p>
