{"id":1873,"date":"2021-09-17T09:42:54","date_gmt":"2021-09-17T07:42:54","guid":{"rendered":"https:\/\/www.parthages.be\/eboutique\/?post_type=product&#038;p=1873"},"modified":"2021-09-17T09:42:55","modified_gmt":"2021-09-17T07:42:55","slug":"le-saphemo-a-auvelais-soutenir-les-personnes-handicapees-dans-lapprentissage-de-leur-autonomie","status":"publish","type":"product","link":"https:\/\/www.parthages.be\/eboutique\/produit\/le-saphemo-a-auvelais-soutenir-les-personnes-handicapees-dans-lapprentissage-de-leur-autonomie\/","title":{"rendered":"Le saph\u00e9mo \u00e0 Auvelais : soutenir les personnes handicap\u00e9es dans l&rsquo;apprentissage de leur autonomie"},"content":{"rendered":"<p><strong><em>Brochure &#8211; <\/em><\/strong>A l&rsquo;image de mettre fin \u00e0 la d\u00e9pendance des personnes handicap\u00e9es adultes au milieu institutionnel, l&rsquo;asbl Saph\u00e9mo reconnue comme service d&rsquo;accompagnement s&rsquo;attache \u00e0 sortir ces personnes de leur isolement par une action collective sur les diff\u00e9rents r\u00e9seaux sociaux. L&rsquo;accompagnement\u00a0 propos\u00e9 rev\u00eat diff\u00e9rentes formes selon les comp\u00e9tences, les capacit\u00e9s le v\u00e9cu, le statut social et familial de la personne handicap\u00e9e.<\/p>\n<p>HENSGENS P.<\/p>\n<p>2002-78p.<\/p>\n<p>Cote doc: 5-20-LAB-S<\/p>\n<p><strong><em>Uniquement \u00e0\u00a0 la location<\/em><\/strong><\/p>\n<span class=\"et_bloom_bottom_trigger\"><\/span>","protected":false},"excerpt":{"rendered":"<p><strong><em>Brochure &#8211; <\/em><\/strong>A l&rsquo;image de mettre fin \u00e0 la d\u00e9pendance des personnes handicap\u00e9es adultes au milieu institutionnel<\/p>\n","protected":false},"featured_media":0,"comment_status":"closed","ping_status":"closed","template":"","meta":{"_et_pb_use_builder":"","_et_pb_old_content":"","_et_gb_content_width":"","spay_email":""},"class_list":["post-1873","product","type-product","status-publish","hentry","product_cat-livres","product_tag-adulte","product_tag-autonomie","product_tag-deficience-intellectuelle","product_tag-paralysie","product_tag-personne-handicapee","product_tag-psychose","product_tag-service-daccompagnement","product_tag-statut-social","product_tag-wallonie"],"jetpack_sharing_enabled":true,"jetpack_likes_enabled":true,"_links":{"self":[{"href":"https:\/\/www.parthages.be\/eboutique\/wp-json\/wp\/v2\/product\/1873","targetHints":{"allow":["GET"]}}],"collection":[{"href":"https:\/\/www.parthages.be\/eboutique\/wp-json\/wp\/v2\/product"}],"about":[{"href":"https:\/\/www.parthages.be\/eboutique\/wp-json\/wp\/v2\/types\/product"}],"replies":[{"embeddable":true,"href":"https:\/\/www.parthages.be\/eboutique\/wp-json\/wp\/v2\/comments?post=1873"}],"wp:attachment":[{"href":"https:\/\/www.parthages.be\/eboutique\/wp-json\/wp\/v2\/media?parent=1873"}],"curies":[{"name":"wp","href":"https:\/\/api.w.org\/{rel}","templated":true}]}}

Le saphémo à Auvelais : soutenir les personnes handicapées dans l&rsquo;apprentissage de leur autonomie

<p><strong><em>Brochure &#8211; </em></strong>A l&rsquo;image de mettre fin à la dépendance des personnes handicapées adultes au milieu institutionnel, l&rsquo;asbl Saphémo reconnue comme service d&rsquo;accompagnement s&rsquo;attache à sortir ces personnes de leur isolement par une action collective sur les différents réseaux sociaux. L&rsquo;accompagnement  proposé revêt différentes formes selon les compétences, les capacités le vécu, le statut social et familial de la personne handicapée.</p>
<p>HENSGENS P.</p>
<p>2002-78p.</p>
<p>Cote doc: 5-20-LAB-S</p>
<p><strong><em>Uniquement à  la location</em></strong></p>
<span class="et_bloom_bottom_trigger"></span>

<p><strong><em>Brochure &#8211; </em></strong>A l&rsquo;image de mettre fin à la dépendance des personnes handicapées adultes au milieu institutionnel</p>
