{"id":1875,"date":"2021-09-17T09:43:48","date_gmt":"2021-09-17T07:43:48","guid":{"rendered":"https:\/\/www.parthages.be\/eboutique\/?post_type=product&#038;p=1875"},"modified":"2021-09-17T09:43:49","modified_gmt":"2021-09-17T07:43:49","slug":"laide-a-domicile-un-defi-permanent","status":"publish","type":"product","link":"https:\/\/www.parthages.be\/eboutique\/produit\/laide-a-domicile-un-defi-permanent\/","title":{"rendered":"L&rsquo;aide \u00e0 domicile : un d\u00e9fi permanent"},"content":{"rendered":"<p>Entreprise d\u2019\u00e9conomie sociale dynamique, l\u2019ASBL Aide \u00e0 Domicile en Milieu Rural est pr\u00e9sente sur le terrain de l\u2019aide \u00e0 domicile depuis 50 ans<\/p>\n<p>Elle d\u00e9ploie son activit\u00e9 sur les 5 provinces wallonnes et compte, \u00e0 ce jour, un millier de travailleurs et une diversit\u00e9 de m\u00e9tiers\u00a0: aides familiales, garde \u00e0 domicile, aides m\u00e9nag\u00e8res, assistants sociaux, employ\u00e9s administratifs, personnel de direction&#8230; (Pr\u00e9sentation de l\u2019\u00e9diteur)<\/p>\n<p>AIDE A DOMICILE EN MILIEU RURAL ASBL<\/p>\n<p>Luc Pire<\/p>\n<p>2001-82p.<\/p>\n<p>ISBN: 2-847415-072-X<\/p>\n<p>Cote doc: 5-20-ADM-A<\/p>\n<p><strong><em>Uniquement \u00e0\u00a0 la location<\/em><\/strong><\/p>\n<span class=\"et_bloom_bottom_trigger\"><\/span>","protected":false},"excerpt":{"rendered":"<p>Entreprise d\u2019\u00e9conomie sociale dynamique, l\u2019ASBL Aide \u00e0 Domicile en Milieu Rural est pr\u00e9sente sur le terrain de l\u2019aide \u00e0 domicile depuis 50 ans<\/p>\n","protected":false},"featured_media":1876,"comment_status":"closed","ping_status":"closed","template":"","meta":{"_et_pb_use_builder":"","_et_pb_old_content":"","_et_gb_content_width":"","spay_email":""},"class_list":["post-1875","product","type-product","status-publish","has-post-thumbnail","hentry","product_cat-livres","product_tag-aide-familiale","product_tag-financement","product_tag-formation","product_tag-historique","product_tag-milieu-rural","product_tag-personne-handicapee","product_tag-service-daide-a-domicile","product_tag-service-social"],"jetpack_sharing_enabled":true,"jetpack_likes_enabled":true,"_links":{"self":[{"href":"https:\/\/www.parthages.be\/eboutique\/wp-json\/wp\/v2\/product\/1875","targetHints":{"allow":["GET"]}}],"collection":[{"href":"https:\/\/www.parthages.be\/eboutique\/wp-json\/wp\/v2\/product"}],"about":[{"href":"https:\/\/www.parthages.be\/eboutique\/wp-json\/wp\/v2\/types\/product"}],"replies":[{"embeddable":true,"href":"https:\/\/www.parthages.be\/eboutique\/wp-json\/wp\/v2\/comments?post=1875"}],"wp:featuredmedia":[{"embeddable":true,"href":"https:\/\/www.parthages.be\/eboutique\/wp-json\/wp\/v2\/media\/1876"}],"wp:attachment":[{"href":"https:\/\/www.parthages.be\/eboutique\/wp-json\/wp\/v2\/media?parent=1875"}],"curies":[{"name":"wp","href":"https:\/\/api.w.org\/{rel}","templated":true}]}}