{"id":1879,"date":"2021-09-17T09:49:09","date_gmt":"2021-09-17T07:49:09","guid":{"rendered":"https:\/\/www.parthages.be\/eboutique\/?post_type=product&#038;p=1879"},"modified":"2022-03-23T17:29:09","modified_gmt":"2022-03-23T16:29:09","slug":"les-handicapes-de-la-prime-enfance-aspects-economiques-sociaux-et-medicaux-la-deficience-a-la-reinsertion-recherches-sur-les-handicaps-et-les-personnes-handicapees-reinsertion","status":"publish","type":"product","link":"https:\/\/www.parthages.be\/eboutique\/produit\/les-handicapes-de-la-prime-enfance-aspects-economiques-sociaux-et-medicaux-la-deficience-a-la-reinsertion-recherches-sur-les-handicaps-et-les-personnes-handicapees-reinsertion\/","title":{"rendered":"Les handicap\u00e9s de la prime enfance : aspects \u00e9conomiques sociaux et m\u00e9dicaux la d\u00e9ficience \u00e0  la r\u00e9insertion : recherches sur les handicaps et les personnes handicap\u00e9es r\u00e9insertion"},"content":{"rendered":"<p>Cet ouvrage a pour objectif d&rsquo;analyser les diff\u00e9rentes fili\u00e8res de soins et d&rsquo;\u00e9ducation d&rsquo;enfants et d&rsquo;adolescents handicap\u00e9s en France. Les in\u00e9galit\u00e9s de traitement des fili\u00e8res de soins, le budget social destin\u00e9 aux handicap\u00e9s et l&rsquo;h\u00e9bergement et les d\u00e9penses de protection sociale. L&rsquo;ouvrage pr\u00e9sente une bibliographie \u00e9toff\u00e9e et le texte est accompagn\u00e9 de tableaux et de graphiques statistiques. Les auteurs sont deux chercheurs \u00e0 l&rsquo;INSERM.<\/p>\n<p>(Pr\u00e9sentation de l\u2019\u00e9diteur)<\/p>\n<p>TRIOMPHE A.- TOMKIEWICZ S.<\/p>\n<p>Presses Universitaires de France<\/p>\n<p>1985- 213p.<\/p>\n<p>ISBN\u00a0: 2-13-038924-4<\/p>\n<p>Cote doc\u00a0: 5-10-TRI-H<\/p>\n<p><strong><em>Uniquement \u00e0 la location<\/em><\/strong><\/p>\n<span class=\"et_bloom_bottom_trigger\"><\/span>","protected":false},"excerpt":{"rendered":"<p>Cet ouvrage a pour objectif d&rsquo;analyser les diff\u00e9rentes fili\u00e8res de soins et d&rsquo;\u00e9ducation d&rsquo;enfants et d&rsquo;adolescents handicap\u00e9s en France.<\/p>\n","protected":false},"featured_media":1880,"comment_status":"closed","ping_status":"closed","template":"","meta":{"_et_pb_use_builder":"","_et_pb_old_content":"","_et_gb_content_width":"","spay_email":""},"class_list":["post-1879","product","type-product","status-publish","has-post-thumbnail","hentry","product_cat-livres","product_tag-accueil","product_tag-budget","product_tag-deficience-intellectuelle","product_tag-deficience-motrice","product_tag-enfant","product_tag-exclusion","product_tag-famille","product_tag-france","product_tag-handicap","product_tag-personne-handicapee","product_tag-personnel-de-sante","product_tag-prise-en-charge","product_tag-securite-sociale","product_tag-soins"],"jetpack_sharing_enabled":true,"jetpack_likes_enabled":true,"_links":{"self":[{"href":"https:\/\/www.parthages.be\/eboutique\/wp-json\/wp\/v2\/product\/1879","targetHints":{"allow":["GET"]}}],"collection":[{"href":"https:\/\/www.parthages.be\/eboutique\/wp-json\/wp\/v2\/product"}],"about":[{"href":"https:\/\/www.parthages.be\/eboutique\/wp-json\/wp\/v2\/types\/product"}],"replies":[{"embeddable":true,"href":"https:\/\/www.parthages.be\/eboutique\/wp-json\/wp\/v2\/comments?post=1879"}],"wp:featuredmedia":[{"embeddable":true,"href":"https:\/\/www.parthages.be\/eboutique\/wp-json\/wp\/v2\/media\/1880"}],"wp:attachment":[{"href":"https:\/\/www.parthages.be\/eboutique\/wp-json\/wp\/v2\/media?parent=1879"}],"curies":[{"name":"wp","href":"https:\/\/api.w.org\/{rel}","templated":true}]}}