{"id":1888,"date":"2021-09-17T10:00:34","date_gmt":"2021-09-17T08:00:34","guid":{"rendered":"https:\/\/www.parthages.be\/eboutique\/?post_type=product&#038;p=1888"},"modified":"2021-09-17T10:00:35","modified_gmt":"2021-09-17T08:00:35","slug":"du-mur-a-louvert-un-nouvel-age-pour-les-educateurs","status":"publish","type":"product","link":"https:\/\/www.parthages.be\/eboutique\/produit\/du-mur-a-louvert-un-nouvel-age-pour-les-educateurs\/","title":{"rendered":"Du mur \u00e0 l&rsquo;ouvert : un nouvel \u00e2ge pour les \u00e9ducateurs?"},"content":{"rendered":"<p>Cet ouvrage est la synth\u00e8se de deux \u00e9tudes men\u00e9es par le Fonds social ISAJH entre 1996 et 2000, avec l&rsquo;aide du Fonds social europ\u00e9en.<\/p>\n<p>La premi\u00e8re \u00e9tait centr\u00e9e sur les transformations du m\u00e9tier d&rsquo;\u00e9ducateur et la fatigue professionnelle (usure, \u00ab\u00a0burn out\u00a0\u00bb, perte de sens,&#8230;), la seconde sur les besoins en comp\u00e9tences et en formation continu\u00e9e sur les \u00e9ducateurs et leurs coll\u00e8gues intervenants psychosociaux (AS, psychologues, pu\u00e9ricultrices,&#8230;) actifs dans les m\u00eames institutions.<\/p>\n<p>Cette synth\u00e8se donne largement la parole aux acteurs de terrains et nous conduit des premiers d\u00e9cloisonnements de la fin des ann\u00e9es 1960 au professionnalisme polyvalent de l&rsquo;intervenant social en milieu ouvert, en passant par l&rsquo;\u00e9ducateur r\u00e9f\u00e9rent en milieu r\u00e9sidentiel. (Pr\u00e9sentation de l\u2019\u00e9diteur)<\/p>\n<p>DE BACKER B.<\/p>\n<p>Luc Pire<\/p>\n<p>2001- 184p.<\/p>\n<p>ISBN\u00a0: 2-847415-040-1<\/p>\n<p>Cote doc\u00a0: 5-10-DEB-D<\/p>\n<p><strong><em>Uniquement \u00e0 la location<\/em><\/strong><\/p>\n<span class=\"et_bloom_bottom_trigger\"><\/span>","protected":false},"excerpt":{"rendered":"<p>Cet ouvrage est la synth\u00e8se de deux \u00e9tudes men\u00e9es par le Fonds social ISAJH entre 1996 et 2000, avec l&rsquo;aide du Fonds social europ\u00e9en.<\/p>\n","protected":false},"featured_media":1889,"comment_status":"closed","ping_status":"closed","template":"","meta":{"_et_pb_use_builder":"","_et_pb_old_content":"","_et_gb_content_width":"","spay_email":""},"class_list":["post-1888","product","type-product","status-publish","has-post-thumbnail","hentry","product_cat-livres","product_tag-centre-daccueil","product_tag-educateur","product_tag-education","product_tag-institution","product_tag-personne-handicapee","product_tag-personnel","product_tag-politique"],"jetpack_sharing_enabled":true,"jetpack_likes_enabled":true,"_links":{"self":[{"href":"https:\/\/www.parthages.be\/eboutique\/wp-json\/wp\/v2\/product\/1888","targetHints":{"allow":["GET"]}}],"collection":[{"href":"https:\/\/www.parthages.be\/eboutique\/wp-json\/wp\/v2\/product"}],"about":[{"href":"https:\/\/www.parthages.be\/eboutique\/wp-json\/wp\/v2\/types\/product"}],"replies":[{"embeddable":true,"href":"https:\/\/www.parthages.be\/eboutique\/wp-json\/wp\/v2\/comments?post=1888"}],"wp:featuredmedia":[{"embeddable":true,"href":"https:\/\/www.parthages.be\/eboutique\/wp-json\/wp\/v2\/media\/1889"}],"wp:attachment":[{"href":"https:\/\/www.parthages.be\/eboutique\/wp-json\/wp\/v2\/media?parent=1888"}],"curies":[{"name":"wp","href":"https:\/\/api.w.org\/{rel}","templated":true}]}}

Du mur à l&rsquo;ouvert : un nouvel âge pour les éducateurs?

<p>Cet ouvrage est la synthèse de deux études menées par le Fonds social ISAJH entre 1996 et 2000, avec l&rsquo;aide du Fonds social européen.</p>
<p>La première était centrée sur les transformations du métier d&rsquo;éducateur et la fatigue professionnelle (usure, « burn out », perte de sens,&#8230;), la seconde sur les besoins en compétences et en formation continuée sur les éducateurs et leurs collègues intervenants psychosociaux (AS, psychologues, puéricultrices,&#8230;) actifs dans les mêmes institutions.</p>
<p>Cette synthèse donne largement la parole aux acteurs de terrains et nous conduit des premiers décloisonnements de la fin des années 1960 au professionnalisme polyvalent de l&rsquo;intervenant social en milieu ouvert, en passant par l&rsquo;éducateur référent en milieu résidentiel. (Présentation de l’éditeur)</p>
<p>DE BACKER B.</p>
<p>Luc Pire</p>
<p>2001- 184p.</p>
<p>ISBN : 2-847415-040-1</p>
<p>Cote doc : 5-10-DEB-D</p>
<p><strong><em>Uniquement à la location</em></strong></p>
<span class="et_bloom_bottom_trigger"></span>

<p>Cet ouvrage est la synthèse de deux études menées par le Fonds social ISAJH entre 1996 et 2000, avec l&rsquo;aide du Fonds social européen.</p>
