{"id":1894,"date":"2021-09-17T10:10:10","date_gmt":"2021-09-17T08:10:10","guid":{"rendered":"https:\/\/www.parthages.be\/eboutique\/?post_type=product&#038;p=1894"},"modified":"2021-09-17T10:10:11","modified_gmt":"2021-09-17T08:10:11","slug":"laccueil-et-lhebergement-des-personnes-handicapees-en-region-wallonne","status":"publish","type":"product","link":"https:\/\/www.parthages.be\/eboutique\/produit\/laccueil-et-lhebergement-des-personnes-handicapees-en-region-wallonne\/","title":{"rendered":"L&rsquo;accueil et l&rsquo;h\u00e9bergement des personnes handicap\u00e9es en r\u00e9gion wallonne"},"content":{"rendered":"<p>La cour des comptes a r\u00e9alis\u00e9 un \u00e9tat des lieux des services d&rsquo;accueil et d&rsquo;h\u00e9bergement agr\u00e9\u00e9s et subventionn\u00e9s par l&rsquo;AWIPH. Apr\u00e8s une pr\u00e9sentation des missions et du type de population prise en charge par les diff\u00e9rents services r\u00e9sidentiels et d&rsquo;accueil de jour agr\u00e9\u00e9s par l&rsquo;AWIPH, le chapitre 1 trace l&rsquo;\u00e9volution de la structure du secteur au cours de ces 5\u00a0 derni\u00e8res ann\u00e9es et dresse un premier bilan des cr\u00e9ations et des transformations des services apr\u00e8s deux ann\u00e9es de fonctionnement du nouvel arr\u00eat\u00e9 de subventionnement du 9 octobre 1997. Le deuxi\u00e8me chapitre est consacr\u00e9 \u00e0 la probl\u00e9matique de la priorit\u00e9 des acc\u00e8s aux services subsidi\u00e9s des personnes lourdement handicap\u00e9es et \u00e0 l&rsquo;\u00e9pineux probl\u00e8me de la liste d&rsquo;attente. L&rsquo;importance de la population jeune de type caract\u00e9riel prise en charge par les services agr\u00e9\u00e9s constitue le th\u00e8me principal du troisi\u00e8me chapitre. Le chapitre 4 expose les r\u00e9sultats des analyses comparatives des deux syst\u00e8mes successifs de subventionnement, en mettant en \u00e9vidence les am\u00e9liorations intervenues mais aussi les failles du syst\u00e8me actuel, tandis que le chapitre 5 tente de cerner le co\u00fbt de l&rsquo;accueil et de l&rsquo;h\u00e9bergement des personnes handicap\u00e9es pour les finances publiques wallonnes.<\/p>\n<p>COUR DES COMPTES<\/p>\n<p>2000 -145p.<\/p>\n<p>Cote doc: 5-50-CC-A<\/p>\n<p><strong><em>Uniquement \u00e0 la location<\/em><\/strong><\/p>\n<span class=\"et_bloom_bottom_trigger\"><\/span>","protected":false},"excerpt":{"rendered":"<p>La cour des comptes a r\u00e9alis\u00e9 un \u00e9tat des lieux des services d&rsquo;accueil et d&rsquo;h\u00e9bergement agr\u00e9\u00e9s et subventionn\u00e9s par l&rsquo;AWIPH.<\/p>\n","protected":false},"featured_media":1895,"comment_status":"closed","ping_status":"closed","template":"","meta":{"_et_pb_use_builder":"","_et_pb_old_content":"","_et_gb_content_width":"","spay_email":""},"class_list":["post-1894","product","type-product","status-publish","has-post-thumbnail","hentry","product_cat-livres","product_tag-adulte","product_tag-analyse-comparative","product_tag-analyse-de-situation","product_tag-cout","product_tag-enfant","product_tag-handicap","product_tag-hebergement","product_tag-intervenant","product_tag-legislation","product_tag-personne-handicapee","product_tag-statistique","product_tag-wallonie"],"jetpack_sharing_enabled":true,"jetpack_likes_enabled":true,"_links":{"self":[{"href":"https:\/\/www.parthages.be\/eboutique\/wp-json\/wp\/v2\/product\/1894","targetHints":{"allow":["GET"]}}],"collection":[{"href":"https:\/\/www.parthages.be\/eboutique\/wp-json\/wp\/v2\/product"}],"about":[{"href":"https:\/\/www.parthages.be\/eboutique\/wp-json\/wp\/v2\/types\/product"}],"replies":[{"embeddable":true,"href":"https:\/\/www.parthages.be\/eboutique\/wp-json\/wp\/v2\/comments?post=1894"}],"wp:featuredmedia":[{"embeddable":true,"href":"https:\/\/www.parthages.be\/eboutique\/wp-json\/wp\/v2\/media\/1895"}],"wp:attachment":[{"href":"https:\/\/www.parthages.be\/eboutique\/wp-json\/wp\/v2\/media?parent=1894"}],"curies":[{"name":"wp","href":"https:\/\/api.w.org\/{rel}","templated":true}]}}

L&rsquo;accueil et l&rsquo;hébergement des personnes handicapées en région wallonne

<p>La cour des comptes a réalisé un état des lieux des services d&rsquo;accueil et d&rsquo;hébergement agréés et subventionnés par l&rsquo;AWIPH. Après une présentation des missions et du type de population prise en charge par les différents services résidentiels et d&rsquo;accueil de jour agréés par l&rsquo;AWIPH, le chapitre 1 trace l&rsquo;évolution de la structure du secteur au cours de ces 5  dernières années et dresse un premier bilan des créations et des transformations des services après deux années de fonctionnement du nouvel arrêté de subventionnement du 9 octobre 1997. Le deuxième chapitre est consacré à la problématique de la priorité des accès aux services subsidiés des personnes lourdement handicapées et à l&rsquo;épineux problème de la liste d&rsquo;attente. L&rsquo;importance de la population jeune de type caractériel prise en charge par les services agréés constitue le thème principal du troisième chapitre. Le chapitre 4 expose les résultats des analyses comparatives des deux systèmes successifs de subventionnement, en mettant en évidence les améliorations intervenues mais aussi les failles du système actuel, tandis que le chapitre 5 tente de cerner le coût de l&rsquo;accueil et de l&rsquo;hébergement des personnes handicapées pour les finances publiques wallonnes.</p>
<p>COUR DES COMPTES</p>
<p>2000 -145p.</p>
<p>Cote doc: 5-50-CC-A</p>
<p><strong><em>Uniquement à la location</em></strong></p>
<span class="et_bloom_bottom_trigger"></span>

<p>La cour des comptes a réalisé un état des lieux des services d&rsquo;accueil et d&rsquo;hébergement agréés et subventionnés par l&rsquo;AWIPH.</p>
